CREATE DATABASE  IF NOT EXISTS `GOLSurvey` /*!40100 DEFAULT CHARACTER SET latin1 */;
USE `GOLSurvey`;
--
-- Host: localhost    Database: GOLSurvey
-- ------------------------------------------------------


--
-- Table structure for table `IRC_paperTypes`
--

CREATE TABLE `IRC_paperTypes` (
  `ID` int(11) NOT NULL AUTO_INCREMENT,
  `IRC_papers_id` int(11) NOT NULL,
  `reviewer` int(11) NOT NULL,
  `types` text CHARACTER SET utf8,
  `outOfScope` tinyint(1) NOT NULL DEFAULT '0',
  PRIMARY KEY (`ID`),
  KEY `fk_reviewer_idx` (`reviewer`),
  KEY `fk_IRC_papers_idx` (`IRC_papers_id`),
  CONSTRAINT `fk_IRC_papers_2` FOREIGN KEY (`IRC_papers_id`) REFERENCES `IRC_papers` (`ID`) ON DELETE NO ACTION ON UPDATE NO ACTION,
  CONSTRAINT `fk_reviewer` FOREIGN KEY (`reviewer`) REFERENCES `reviewers` (`ID`) ON DELETE NO ACTION ON UPDATE NO ACTION
) ENGINE=InnoDB AUTO_INCREMENT=422 DEFAULT CHARSET=latin1;

--
-- Dumping data for table `IRC_paperTypes`
--

INSERT INTO `IRC_paperTypes` VALUES (4,3,2,'proposals, illustrativeExample',0),(5,1,1,'proposals, formalizations, implementations, extensions, illustrativeExample, evalScalability',0),(7,2,1,'',1),(8,3,1,'proposals, extensions, illustrativeExample',0),(9,4,1,'',1),(10,5,1,'proposals, illustrativeExample, evalCaseStudy, applications',0),(11,6,1,'metaStudy, illustrativeExample',0),(12,7,1,'proposals, metaStudy, integrations',0),(13,1,3,'proposals, formalizations, implementations, illustrativeExample, evalScalability',0),(14,2,3,'',1),(15,3,3,'proposals, illustrativeExample',0),(16,4,3,'',1),(17,5,3,'proposals, evalCaseStudy, applications',0),(18,6,3,'metaStudy, illustrativeExample',0),(19,7,3,'proposals, metaStudy, integrations, illustrativeExample',0),(20,8,3,'proposals, formalizations, evalCaseStudy',0),(21,9,3,'proposals, formalizations, integrations, illustrativeExample',0),(22,10,3,'extensions, illustrativeExample',1),(23,11,3,'proposals, extensions, evalCE, evalScalability, applications',0),(24,12,3,'proposals, formalizations, implementations, integrations, evalCaseStudy',0),(25,13,3,'implementations',1),(26,14,3,'proposals, metaStudy, extensions, evalCaseStudy',0),(27,15,3,'proposals, extensions, illustrativeExample',0),(28,16,3,'proposals, evalCaseStudy, applications',0),(29,17,3,'proposals, formalizations, integrations, illustrativeExample',0),(30,18,3,'',1),(31,19,3,'proposals, formalizations, metaStudy, implementations, evalCaseStudy',1),(32,20,3,'proposals, formalizations, implementations, integrations, evalCaseStudy, evalScalability',0),(33,21,3,'',1),(34,22,3,'proposals, formalizations, extensions, evalCaseStudy',0),(35,23,3,'proposals, implementations, integrations, evalCaseStudy, evalScalability',0),(36,24,3,'proposals, formalizations, implementations, evalCaseStudy',1),(37,25,3,'proposals, formalizations, implementations, extensions, evalCaseStudy',0),(38,26,3,'proposals, formalizations, implementations, extensions, illustrativeExample, evalScalability',0),(39,27,3,'evalCaseStudy',0),(40,28,3,'proposals, evalCaseStudy',0),(41,29,3,'proposals, formalizations, extensions, illustrativeExample',0),(42,30,3,'proposals, implementations, extensions, evalCaseStudy',0),(43,1,2,'proposals, formalizations, implementations, illustrativeExample, evalScalability',0),(44,2,2,'',1),(45,4,2,'',1),(46,5,2,'proposals, illustrativeExample',0),(47,6,2,'metaStudy, illustrativeExample',0),(48,16,8,'proposals, evalCaseStudy, applications',0),(49,17,8,'proposals, formalizations, integrations, illustrativeExample',0),(50,18,8,'',1),(51,19,8,'',1),(52,20,8,'',1),(53,21,8,'',1),(54,22,8,'proposals, formalizations, extensions, evalCaseStudy',0),(55,23,8,'proposals, implementations, extensions, illustrativeExample, evalCaseStudy',0),(56,24,8,'',1),(57,25,8,'proposals, formalizations, extensions, illustrativeExample',0),(58,26,8,'proposals, implementations, integrations, extensions, illustrativeExample, evalScalability',0),(59,27,8,'evalCaseStudy',0),(60,28,8,'proposals, extensions, illustrativeExample',0),(61,29,8,'proposals, formalizations, extensions, illustrativeExample',0),(62,30,8,'proposals, implementations, extensions, evalCaseStudy',0),(63,1,8,'proposals, formalizations, implementations, extensions, illustrativeExample, evalScalability',0),(64,2,8,'',1),(65,3,8,'proposals, extensions, illustrativeExample',0),(66,4,8,'formalizations',1),(67,5,8,'proposals, illustrativeExample, evalCaseStudy, applications',0),(68,6,8,'metaStudy, illustrativeExample',0),(69,7,8,'proposals, metaStudy, integrations',0),(70,8,8,'proposals, formalizations, illustrativeExample, evalCaseStudy',0),(71,9,8,'proposals, formalizations, illustrativeExample',1),(72,10,8,'',1),(73,11,8,'proposals, extensions, illustrativeExample, evalCE',0),(74,12,8,'proposals, formalizations, integrations, evalCaseStudy',0),(75,13,8,'',1),(76,14,8,'proposals, extensions, illustrativeExample, evalCaseStudy',0),(77,15,8,'proposals, extensions, illustrativeExample, applications',0),(78,1,12,'proposals, formalizations, implementations',0),(79,2,12,'',1),(80,3,12,'proposals, formalizations, illustrativeExample',0),(81,7,2,'proposals, metaStudy, integrations',0),(82,4,12,'',1),(83,5,12,'proposals, illustrativeExample, evalCaseStudy',0),(84,6,12,'metaStudy, illustrativeExample',0),(85,7,12,'proposals, metaStudy, integrations',0),(86,8,2,'proposals, formalizations, extensions, illustrativeExample, evalCaseStudy',0),(87,8,12,'proposals, formalizations, extensions, illustrativeExample, evalCaseStudy',0),(88,9,12,'proposals, formalizations, integrations, illustrativeExample, applications',0),(89,10,12,'',1),(90,11,12,'proposals, extensions, illustrativeExample, evalCE, evalSurvey, evalScalability',0),(91,12,12,'proposals, formalizations, implementations, integrations, illustrativeExample, evalCaseStudy',0),(92,13,12,'',1),(93,9,2,'proposals, formalizations, integrations, illustrativeExample, applications',0),(129,10,2,'',1),(130,11,2,'proposals, extensions, illustrativeExample, evalSurvey, evalScalability',0),(131,12,2,'proposals, formalizations, implementations, integrations, extensions, illustrativeExample, evalCaseStudy',0),(132,13,2,'',1),(133,14,2,'proposals, extensions, illustrativeExample, evalCaseStudy, evalScalability',0),(135,15,2,'proposals, extensions, illustrativeExample, applications',0),(139,16,2,'proposals, illustrativeExample, evalCaseStudy, applications',0),(141,17,2,'proposals, formalizations, integrations, illustrativeExample',0),(142,18,2,'',1),(143,19,2,'',1),(147,20,2,'proposals, formalizations, implementations, integrations, illustrativeExample, evalScalability',0),(148,21,2,'',1),(149,22,2,'proposals, formalizations, extensions, illustrativeExample, evalScalability',0),(150,23,2,'proposals, implementations, integrations, extensions, evalCaseStudy, evalScalability',0),(151,24,2,'proposals, formalizations, implementations, illustrativeExample, evalCaseStudy',1),(168,8,1,'proposals, formalizations, extensions, illustrativeExample, evalCaseStudy',0),(169,9,1,'',1),(170,10,1,'',1),(171,11,1,'proposals, extensions, illustrativeExample, evalCE',0),(172,12,1,'proposals, formalizations, implementations, integrations, evalCaseStudy, evalScalability',0),(173,13,1,'',1),(174,14,1,'proposals, extensions, illustrativeExample, evalCaseStudy',0),(175,15,1,'proposals, extensions, illustrativeExample, applications',0),(176,16,1,'proposals, evalCaseStudy, applications',0),(177,17,1,'proposals, formalizations, integrations, illustrativeExample',0),(178,18,1,'',1),(179,19,1,'',1),(180,25,2,'proposals, formalizations, implementations, extensions, illustrativeExample',0),(181,26,2,'proposals, formalizations, implementations, integrations, extensions, illustrativeExample, evalScalability',0),(182,27,2,'evalCaseStudy',0),(183,28,2,'proposals, formalizations, implementations, illustrativeExample, evalCaseStudy',0),(184,29,2,'proposals, formalizations, extensions, illustrativeExample',0),(185,30,2,'proposals, implementations, extensions, illustrativeExample, evalCaseStudy, evalScalability',0),(186,20,1,'proposals, formalizations, integrations, illustrativeExample, evalCaseStudy, evalScalability, applications',1),(187,21,1,'',1),(188,22,1,'proposals, formalizations, extensions, evalCaseStudy',0),(189,23,1,'proposals, implementations, integrations, extensions, illustrativeExample, evalCaseStudy',0),(190,24,1,'',1),(191,25,1,'proposals, formalizations, implementations, extensions, illustrativeExample, evalCaseStudy',0),(192,26,1,'proposals, formalizations, implementations, integrations, extensions, illustrativeExample, evalScalability',0),(193,27,1,'evalCaseStudy',0),(194,28,1,'proposals, illustrativeExample, evalCaseStudy',1),(195,29,1,'proposals, formalizations, extensions, illustrativeExample',0),(196,30,1,'proposals, implementations, extensions, evalCaseStudy',0),(197,14,12,'proposals, extensions, illustrativeExample, evalCaseStudy, evalScalability',0),(198,15,12,'proposals, extensions, illustrativeExample, applications',0),(199,16,12,'proposals, illustrativeExample, evalCaseStudy, applications',0),(200,17,12,'proposals, formalizations, integrations, illustrativeExample',0),(201,18,12,'',1),(202,19,12,'',1),(203,20,12,'proposals, formalizations, implementations, integrations, illustrativeExample, evalScalability',0),(204,22,12,'proposals, formalizations, extensions, illustrativeExample, evalCaseStudy, evalScalability',0),(205,23,12,'proposals, implementations, integrations, extensions, evalCaseStudy, evalScalability',0),(206,24,12,'',1),(207,25,12,'proposals, formalizations, implementations, extensions, illustrativeExample, evalCaseStudy',0),(208,26,12,'proposals, formalizations, implementations, integrations, extensions, illustrativeExample, evalScalability',0),(209,27,12,'evalCaseStudy',0),(210,28,12,'proposals, formalizations, implementations, illustrativeExample, evalCaseStudy',0),(211,29,12,'proposals, formalizations, extensions, illustrativeExample',0),(212,30,12,'proposals, implementations, extensions, illustrativeExample, evalCaseStudy, evalScalability',0),(240,1,4,'proposals, formalizations, implementations, illustrativeExample, evalScalability',0),(241,3,4,'proposals, illustrativeExample',0),(242,4,4,'',1),(243,5,4,'proposals, evalCaseStudy, applications',0),(244,6,4,'metaStudy, illustrativeExample',0),(245,10,4,'',1),(246,13,4,'',1),(247,19,4,'',1),(248,21,4,'',1),(249,24,4,'',1),(250,20,4,'proposals, formalizations, implementations, integrations, evalCaseStudy, evalScalability',0),(251,2,4,'',1),(252,7,4,'proposals, metaStudy, integrations, illustrativeExample',0),(253,8,4,'proposals, formalizations, evalCaseStudy',0),(254,9,4,'proposals, formalizations, integrations, illustrativeExample',0),(255,11,4,'proposals, extensions, evalCE, evalScalability, applications',0),(256,12,4,'proposals, formalizations, implementations, integrations, evalCaseStudy',0),(257,14,4,'proposals, metaStudy, extensions, evalCaseStudy',0),(258,15,4,'proposals, extensions, illustrativeExample',0),(259,16,4,'proposals, evalCaseStudy, applications',0),(260,17,4,'proposals, formalizations, integrations, illustrativeExample',0),(261,18,4,'',1),(262,22,4,'proposals, formalizations, extensions, evalCaseStudy',0),(263,23,4,'proposals, implementations, integrations, evalCaseStudy, evalScalability',0),(264,25,4,'proposals, formalizations, implementations, extensions, evalCaseStudy',0),(265,26,4,'proposals, formalizations, implementations, extensions, illustrativeExample, evalScalability',0),(266,27,4,'evalCaseStudy',0),(267,28,4,'proposals, evalCaseStudy',0),(268,29,4,'proposals, formalizations, extensions, illustrativeExample',0),(269,30,4,'proposals, implementations, extensions, evalCaseStudy',0),(270,21,12,'',1),(272,31,2,'proposals, formalizations, integrations, extensions',0),(273,32,2,'proposals, formalizations, implementations, extensions, evalCaseStudy, evalScalability',0),(274,33,2,'proposals, formalizations, implementations, evalCaseStudy',0),(275,34,2,'proposals, formalizations, extensions',0),(276,35,2,'proposals, integrations, evalCaseStudy',0),(277,31,1,'proposals, formalizations, integrations',0),(278,32,1,'proposals, formalizations, implementations, evalCaseStudy, evalScalability',0),(279,33,1,'proposals, implementations, evalCaseStudy',0),(280,36,2,'proposals, formalizations, extensions, evalCaseStudy',0),(281,37,2,'proposals, formalizations, implementations, extensions',0),(282,38,2,'proposals, integrations, extensions, evalCaseStudy',0),(283,39,2,'proposals, implementations, integrations, extensions, evalCaseStudy',0),(284,34,1,'proposals, formalizations, integrations',0),(285,35,1,'proposals, integrations, evalCaseStudy',0),(286,36,1,'proposals, formalizations, extensions, evalCaseStudy',0),(287,37,1,'proposals, extensions, evalCaseStudy',0),(288,40,2,'proposals, formalizations, implementations, integrations, extensions, evalCaseStudy',0),(289,41,2,'proposals, implementations, extensions, evalCaseStudy',0),(290,42,2,'proposals, formalizations, extensions, evalCaseStudy',0),(291,31,12,'proposals, integrations, evalCaseStudy',0),(292,43,2,'proposals, implementations, extensions, evalCaseStudy, evalScalability',0),(293,44,2,'proposals, formalizations, implementations, extensions',0),(294,45,2,'proposals, formalizations, implementations, extensions, evalCaseStudy, evalScalability',0),(295,46,2,'proposals, formalizations, implementations, integrations, extensions',0),(296,47,2,'proposals, formalizations, integrations, extensions, evalCaseStudy',0),(297,53,2,'',1),(298,54,2,NULL,1),(299,51,2,'proposals, implementations, applications',0),(300,48,2,'proposals, integrations, extensions',0),(301,49,2,'proposals, formalizations, extensions',0),(302,50,2,'proposals, formalizations, implementations, extensions, evalScalability',0),(303,52,2,'proposals, formalizations, extensions, evalBenchmark',0),(304,55,2,'proposals, formalizations, implementations, extensions, evalCaseStudy, evalScalability',0),(305,31,7,'proposals, integrations, evalCaseStudy',0),(306,32,7,'proposals, formalizations, implementations, evalCaseStudy, evalScalability',0),(307,33,7,'proposals, formalizations, implementations, evalCaseStudy',0),(308,34,7,'proposals, formalizations, extensions',0),(309,35,7,'proposals, integrations, evalCaseStudy',0),(310,36,7,'proposals, formalizations, extensions, evalCaseStudy',0),(311,50,7,'proposals, formalizations, implementations, evalCaseStudy, evalScalability',0),(312,37,7,'proposals, extensions, evalCaseStudy',0),(313,38,7,'proposals, integrations, extensions, evalCaseStudy',0),(314,39,7,'proposals, implementations, integrations, extensions, evalCaseStudy',0),(315,40,7,'proposals, implementations',0),(316,41,7,'proposals, implementations, extensions, evalCaseStudy',0),(317,42,7,'proposals, formalizations, extensions, evalCaseStudy',0),(318,43,7,'proposals, formalizations, implementations, extensions, evalCaseStudy, evalScalability',0),(319,48,7,'proposals, integrations',0),(320,44,7,'proposals, formalizations, implementations, extensions',0),(321,45,7,'proposals, formalizations, implementations, extensions, evalCaseStudy, evalScalability',0),(322,46,7,'proposals, formalizations, implementations, integrations, extensions',0),(323,47,7,'proposals, formalizations, integrations, evalCaseStudy',0),(324,49,7,'proposals, formalizations, extensions',0),(325,51,7,'proposals, implementations, applications',0),(326,52,7,'proposals, formalizations, extensions, evalBenchmark, applications',0),(327,53,7,'proposals, formalizations, extensions, evalBenchmark, evalCaseStudy',1),(328,54,7,'',1),(329,55,7,'proposals, formalizations, implementations, extensions, evalCaseStudy',0),(330,31,3,'proposals, formalizations, integrations',0),(331,32,3,'proposals, formalizations, implementations, extensions, evalCaseStudy, evalScalability',0),(332,33,3,'proposals, formalizations, implementations, evalCaseStudy',0),(333,34,3,'proposals, formalizations, extensions',0),(334,35,3,'proposals, integrations, evalCaseStudy',0),(335,36,3,'proposals, formalizations, extensions, evalCaseStudy',0),(336,37,3,'proposals, formalizations, implementations, extensions',0),(337,38,3,'proposals, integrations, extensions, evalCaseStudy',0),(338,39,3,'proposals, implementations, extensions, evalCaseStudy',0),(339,40,3,'proposals, implementations, extensions, evalCaseStudy',0),(340,41,3,'proposals, implementations',0),(341,42,3,'proposals, formalizations, extensions, evalCaseStudy',0),(342,43,3,'proposals, formalizations, implementations, extensions, evalCaseStudy, evalScalability',0),(343,44,3,'proposals, formalizations, implementations, extensions',0),(344,45,3,'proposals, formalizations, implementations, extensions, evalCaseStudy, evalScalability',0),(345,46,3,'proposals, formalizations, implementations, integrations, extensions',0),(346,31,4,'proposals, formalizations, integrations, extensions',0),(347,47,3,'proposals, formalizations, integrations, extensions, evalCaseStudy',0),(348,48,3,'proposals, integrations',0),(349,49,3,'proposals, formalizations, extensions',0),(350,50,3,'proposals, formalizations, implementations, extensions',0),(351,51,3,'proposals, applications',0),(352,52,3,'proposals, formalizations, extensions',0),(353,53,3,'proposals, formalizations, extensions',1),(354,54,3,'',1),(355,55,3,'proposals, formalizations, implementations, extensions, evalCaseStudy, evalScalability',0),(356,32,4,'proposals, formalizations, evalCaseStudy, evalScalability',0),(357,33,4,'proposals, implementations, evalCaseStudy',0),(358,34,4,'proposals, formalizations, extensions',0),(359,35,4,'proposals, integrations, evalCaseStudy',0),(360,36,4,'proposals, formalizations, extensions, evalCaseStudy',0),(361,32,12,'proposals, formalizations, evalCaseStudy, evalScalability',0),(362,37,4,'proposals, implementations, extensions',0),(363,38,4,'proposals, implementations, integrations, extensions, evalCaseStudy',0),(364,39,4,'proposals, implementations, extensions, evalCaseStudy',0),(365,40,4,'proposals, implementations',0),(366,41,4,'proposals, implementations, extensions, evalCaseStudy',0),(367,42,4,'proposals, formalizations, extensions, evalCaseStudy',0),(368,43,4,'proposals, formalizations, implementations, extensions, evalCaseStudy, evalScalability',0),(369,44,4,'proposals, formalizations, implementations, extensions',1),(370,45,4,'proposals, formalizations, implementations, extensions, evalCaseStudy, evalScalability',0),(371,33,12,'proposals, formalizations, implementations, evalCaseStudy',0),(372,46,4,'proposals, formalizations, implementations, integrations, extensions',0),(373,47,4,'proposals, formalizations, integrations, extensions, evalCaseStudy',0),(374,48,4,'proposals, integrations',0),(375,49,4,'proposals, formalizations, extensions',0),(376,50,4,'proposals, formalizations, implementations, evalCaseStudy, evalScalability',0),(377,38,1,'proposals, implementations, integrations, extensions, evalCaseStudy',0),(378,39,1,'proposals, implementations, integrations, extensions, evalCaseStudy',0),(379,40,1,'proposals, formalizations, implementations, integrations, extensions, evalCaseStudy',0),(380,41,1,'proposals, implementations, extensions',0),(381,42,1,'proposals, formalizations, extensions, evalCaseStudy',0),(382,43,1,'proposals, formalizations, implementations, extensions, evalCaseStudy, evalScalability',0),(383,51,4,'proposals, implementations, applications',0),(384,44,1,'proposals, formalizations, implementations, extensions',0),(385,45,1,'proposals, formalizations, implementations, extensions, evalCaseStudy, evalScalability',0),(386,46,1,'proposals, formalizations, implementations, integrations, extensions',0),(387,47,1,'proposals, formalizations, integrations, evalCaseStudy',0),(388,48,1,'proposals, integrations',0),(389,52,4,'proposals, formalizations, extensions, evalBenchmark',0),(390,49,1,'proposals, formalizations, extensions',0),(391,50,1,'proposals, formalizations, implementations, extensions, evalScalability',0),(392,53,4,'proposals, formalizations, extensions',0),(393,54,4,NULL,1),(394,51,1,'proposals, applications',0),(395,52,1,'proposals, formalizations, extensions, evalBenchmark, applications',0),(396,53,1,'proposals, formalizations, extensions',0),(397,54,1,'',1),(398,55,1,'proposals, formalizations, implementations, extensions, evalCaseStudy, evalScalability',0),(399,55,4,'proposals, formalizations, implementations, extensions, evalCaseStudy, evalScalability',0),(400,34,12,'proposals, formalizations, integrations, extensions',0),(401,35,12,'proposals, integrations, evalCaseStudy',0),(402,36,12,'proposals, formalizations, extensions, evalCaseStudy',0),(403,37,12,'proposals, implementations, extensions',0),(404,38,12,'proposals, integrations, extensions, evalCaseStudy',0),(405,39,12,'proposals, implementations, integrations, extensions, evalCaseStudy',0),(406,40,12,'proposals, implementations, extensions, evalCaseStudy',0),(407,41,12,'proposals, implementations, extensions, evalCaseStudy',0),(408,42,12,'proposals, formalizations, extensions, evalCaseStudy',0),(409,43,12,'proposals, implementations, extensions, evalCaseStudy, evalScalability',0),(410,44,12,'proposals, formalizations, implementations, extensions',0),(411,45,12,'proposals, formalizations, implementations, extensions, evalCaseStudy, evalScalability',0),(412,46,12,'proposals, formalizations, implementations, integrations, extensions',0),(413,47,12,'proposals, formalizations, integrations, extensions, evalCaseStudy',0),(414,48,12,'proposals, integrations, extensions',0),(415,49,12,'proposals, formalizations, extensions',0),(416,50,12,'proposals, formalizations, implementations, extensions',0),(417,51,12,'proposals, implementations, applications',0),(418,52,12,'proposals, formalizations, extensions, evalBenchmark',0),(419,55,12,'proposals, formalizations, implementations, extensions, evalCaseStudy, evalScalability',0),(420,53,12,'',1),(421,54,12,'',1);

--
-- Table structure for table `IRC_papers`
--

CREATE TABLE `IRC_papers` (
  `ID` int(11) NOT NULL AUTO_INCREMENT,
  `title` varchar(150) CHARACTER SET utf8 NOT NULL,
  `year` varchar(45) CHARACTER SET utf8 NOT NULL,
  `venue` varchar(45) CHARACTER SET utf8 NOT NULL,
  PRIMARY KEY (`ID`)
) ENGINE=InnoDB AUTO_INCREMENT=56 DEFAULT CHARSET=latin1;

--
-- Dumping data for table `IRC_papers`
--

INSERT INTO `IRC_papers` VALUES (1,'On Goal-based Variability Acquisition and Analysis','2006','Requirements Engineering'),(2,'Fundamental Legal Conceptions as Applied in Judicial Reasoning','1917','Faculty Scholarship Series'),(3,'Towards Modeling and Reasoning Support for Early-Phase Requirements Engineering','1997','Requirements Engineering'),(4,'Four Dark Corners of Requirements Engineering','1997','ACM Transactions on Software Engineering Meth'),(5,'The Use of Goals to Surface Requirements for Evolving Systems','1998','International Conference on Software Engineer'),(6,'Requirements engineering in the year 00: a research perspective','2000','International Conference on Software Engineer'),(7,'Goal-oriented requirements engineering: A unifying framework','2002','REJ'),(8,'Agent-based tactics for goal-oriented requirements elaboration','2002','International Conference on Software Engineer'),(9,'Structuring Business Objectives: a Business Process Modeling Perspective','2003','BPM'),(10,'A framework for the definition of metrics for actor-dependency models','2004','Requirements Engineering'),(11,'A modularization proposal for goal-oriented analysis of data warehouses using i-star','2011','Conceptual Modeling-ER'),(12,'Modelling security and trust with secure tropos','2006','Integrating Security and Software Engineering'),(13,'J-PRiM: A Java Tool for a Process Reengineering i* Methodology','2006','Requirements Engineering'),(14,'A goal oriented approach for modeling and analyzing security trade-offs','2007','Conceptual Modeling-ER'),(15,'Analyzing Knowledge Transfer Effectiveness â€“ An Agent-Oriented Modeling Approach','2007','HICSS'),(16,'Using Goal-Oriented Requirements Engineering for Improving  the Quality of ISO/IEC 15504 based Compliance Assessment Frameworks','2008','Requirements Engineering'),(17,'From goal-oriented requirements to {Event}-{B} specifications','2009','Nasa Formal Method Symposium'),(18,'Copyright Licenses Reasoning an {OWL-DL} Ontology','2009','Law, Ontologies and the Semantic Web - Channe'),(19,'Engineering law-compliant requirements. The N`omos framework','2010','Thesis'),(20,'Modeling and Reasoning about Service-Oriented Applications via Goals and Commitments','2010','CAiSE'),(21,'Norm (philosophy)','2005','Wikipedia'),(22,'A probabilistic framework for goal-oriented risk analysis','2012','Requirements Engineering'),(23,'Exploring the impact of software requirements on system-wide goals: a method using satisfaction arguments and i* goal modelling','2012','REJ'),(24,'Formal analysis of privacy requirements specifications for  multi-tier applications','2013','Requirements Engineering'),(25,'Detecting Insider Threats: A Trust-Aware Framework','2013','Availability, Reliability and Security (Confe'),(26,'From Requirements to Statecharts via Design Refinement','2014','SAC'),(27,'Models for strategic planning: Applying TBIM to the Montreux Jazz Festival case study','2015','Research Challenges in Information Systems (R'),(28,'A Qualitative, Interactive Evaluation Procedure for Goal- and Agent-Oriented Models','2009','CAiSE'),(29,'Security Requirements Engineering via Commitments','2011','STAST'),(30,'Secure Tropos: A Security-Oriented Extension of the Tropos methodology','2007','IJSEKE'),(31,'Integration of Aspects with i* Models','2006','AOIS'),(32,'Modeling Design Patterns with Description Logics: A Case Study','2011','CAiSE'),(33,'Organizational Patterns for Security and Dependability: from design to application','2011','IJSSE'),(34,'Formal Refinement Patterns for Goal-Driven Requirements Elaboration','1996','ACM SIGSOFT Software Engineering Notes'),(35,'Evaluating Modeling Languages: An Example from the Requirements Domain','2014','ER'),(36,'Organizational Patterns for Early Requirements Analysis','2003','CAiSE'),(37,'Secure − i: Engineering Secure Software Systems through Social Analysis','2009','IJSI'),(38,'Generating requirements from systems models using patterns: a case study','2005','REJ'),(39,'Security requirements engineering: the SI* modeling language and the secure tropos methodology','2010','Advances in Intelligent Information Systems'),(40,'Reconciling requirement-driven data warehouses with data sources via multidimensional normal forms','2007','Data & Knowledge Engineering'),(41,'Goal-oriented security threat mitigation patterns: a case of credit card theft mitigation','2009','Conference on Pattern Languages of Programs'),(42,'From Trust to Dependability through Risk Analysis','2007','Conference on Availability, Reliability and S'),(43,'Adaptive socio-technical systems: a requirements-based approach','2013','REJ'),(44,'Reasoning about confidentiality at requirements engineering time','2005','FSE'),(45,'Agile Requirements Evolution via Paraconsistent Reasoning','2012','CAiSE'),(46,'Modeling Social and Individual Trust in Requirements Engineering Methodologies','2005','Trust Management'),(47,'Handling Obstacles in Goal-Oriented Requirements Engineering','2000','IEEE Transactions on Software Engineering'),(48,'Systematic Integration Between Requirements and Architecture','2005','Software Engineering for Multi-Agent Systems '),(49,'Representing and using nonfunctional requirements: A process-oriented approach','1992','IEEE Transactions on Software Engineering'),(50,'Reasoning with Goal Models','2002','ER'),(51,'Trust in Cyber-societies','2001','Modelling trust for system design using the i'),(52,'Understanding ``Why\' in software process modelling, analysis, and design','1994','International Conference on Software Engineer'),(53,'A Social Organization Perspective on Software Architectures','2001',' Int. Workshop From Software Requirements to '),(54,'{GRAIL}/{KAOS}: An environment for goal-driven requirements engineering','1998','ICSE'),(55,'Supporting Requirements Analysis in Tropos : a Planning-Based Approach','2009','Agent Computing and Multi-Agent Systems');

--
-- Table structure for table `IRC_papers_has_topics`
--

CREATE TABLE `IRC_papers_has_topics` (
  `IRC_paper_id` int(11) NOT NULL,
  `topic_id` int(11) NOT NULL,
  `reviewer_id` int(11) NOT NULL,
  PRIMARY KEY (`IRC_paper_id`,`topic_id`,`reviewer_id`),
  KEY `fk_topics_idx` (`topic_id`),
  KEY `fk_reviewers_idx` (`reviewer_id`),
  CONSTRAINT `fk_IRC_papers` FOREIGN KEY (`IRC_paper_id`) REFERENCES `IRC_papers` (`ID`) ON DELETE NO ACTION ON UPDATE NO ACTION,
  CONSTRAINT `fk_reviewers` FOREIGN KEY (`reviewer_id`) REFERENCES `reviewers` (`ID`) ON DELETE NO ACTION ON UPDATE NO ACTION,
  CONSTRAINT `fk_topics` FOREIGN KEY (`topic_id`) REFERENCES `topics` (`ID`) ON DELETE NO ACTION ON UPDATE NO ACTION
) ENGINE=InnoDB DEFAULT CHARSET=latin1;

--
-- Dumping data for table `IRC_papers_has_topics`
--

INSERT INTO `IRC_papers_has_topics` VALUES (1,2,2),(1,2,3),(1,2,4),(1,2,12),(2,2,12),(3,2,2),(3,2,3),(3,2,4),(6,2,2),(6,2,3),(6,2,4),(6,2,12),(7,2,2),(7,2,3),(7,2,4),(7,2,12),(8,2,1),(8,2,2),(8,2,3),(8,2,4),(8,2,8),(8,2,12),(10,2,8),(12,2,2),(12,2,3),(12,2,4),(12,2,12),(14,2,1),(14,2,2),(14,2,3),(14,2,4),(14,2,8),(14,2,12),(15,2,2),(15,2,3),(15,2,4),(15,2,12),(16,2,3),(16,2,4),(17,2,2),(17,2,3),(17,2,4),(17,2,12),(20,2,1),(20,2,2),(20,2,3),(20,2,4),(20,2,8),(20,2,12),(22,2,1),(22,2,2),(22,2,3),(22,2,4),(22,2,8),(22,2,12),(23,2,1),(23,2,2),(23,2,3),(23,2,4),(23,2,8),(23,2,12),(24,2,2),(24,2,3),(25,2,1),(25,2,2),(25,2,3),(25,2,4),(25,2,8),(25,2,12),(26,2,1),(26,2,3),(26,2,4),(26,2,8),(27,2,3),(27,2,4),(28,2,1),(28,2,2),(28,2,3),(28,2,4),(28,2,8),(28,2,12),(29,2,3),(29,2,4),(30,2,2),(30,2,3),(30,2,4),(30,2,12),(31,2,1),(31,2,3),(32,2,1),(32,2,2),(32,2,3),(32,2,4),(32,2,7),(32,2,12),(33,2,2),(33,2,3),(33,2,7),(33,2,12),(34,2,1),(34,2,3),(34,2,4),(34,2,12),(35,2,1),(35,2,2),(35,2,3),(35,2,4),(35,2,12),(36,2,1),(36,2,2),(36,2,3),(36,2,4),(36,2,7),(36,2,12),(37,2,1),(37,2,2),(37,2,3),(37,2,4),(37,2,7),(37,2,12),(40,2,1),(40,2,2),(41,2,2),(41,2,4),(41,2,12),(42,2,1),(42,2,2),(42,2,3),(42,2,4),(42,2,7),(42,2,12),(43,2,1),(43,2,2),(43,2,3),(43,2,4),(43,2,7),(43,2,12),(44,2,1),(44,2,2),(44,2,3),(44,2,4),(44,2,7),(44,2,12),(45,2,1),(45,2,2),(45,2,3),(45,2,4),(45,2,7),(45,2,12),(46,2,1),(46,2,2),(46,2,3),(46,2,4),(46,2,7),(46,2,12),(47,2,1),(47,2,2),(47,2,3),(47,2,4),(47,2,7),(47,2,12),(49,2,1),(49,2,3),(49,2,4),(49,2,12),(50,2,1),(50,2,2),(50,2,3),(50,2,4),(50,2,7),(50,2,12),(51,2,1),(51,2,2),(51,2,3),(51,2,4),(51,2,7),(51,2,12),(55,2,1),(55,2,2),(55,2,3),(55,2,4),(55,2,7),(55,2,12),(1,3,1),(1,3,3),(1,3,4),(1,3,8),(3,3,1),(3,3,2),(3,3,3),(3,3,4),(3,3,8),(3,3,12),(5,3,1),(5,3,8),(6,3,1),(6,3,3),(6,3,4),(6,3,8),(7,3,1),(7,3,2),(7,3,3),(7,3,4),(7,3,8),(7,3,12),(12,3,1),(12,3,2),(12,3,3),(12,3,4),(12,3,8),(14,3,1),(14,3,8),(17,3,1),(17,3,8),(20,3,1),(20,3,3),(20,3,4),(25,3,1),(25,3,2),(25,3,3),(25,3,4),(25,3,8),(25,3,12),(26,3,1),(26,3,8),(28,3,1),(28,3,2),(28,3,3),(28,3,4),(28,3,8),(28,3,12),(30,3,1),(30,3,8),(31,3,1),(31,3,2),(31,3,3),(31,3,4),(31,3,7),(31,3,12),(35,3,4),(35,3,7),(36,3,1),(36,3,2),(36,3,3),(36,3,4),(36,3,7),(36,3,12),(37,3,1),(37,3,2),(37,3,3),(37,3,7),(38,3,3),(38,3,7),(39,3,1),(39,3,2),(39,3,3),(39,3,4),(39,3,7),(39,3,12),(40,3,1),(40,3,2),(44,3,1),(44,3,2),(44,3,7),(44,3,12),(45,3,1),(45,3,2),(45,3,3),(45,3,12),(46,3,2),(46,3,4),(47,3,2),(47,3,3),(47,3,4),(47,3,12),(48,3,1),(48,3,3),(48,3,4),(48,3,7),(50,3,1),(50,3,2),(50,3,3),(50,3,12),(51,3,2),(51,3,4),(51,3,7),(51,3,12),(52,3,1),(52,3,7),(53,3,1),(53,3,3),(53,3,4),(55,3,1),(55,3,2),(55,3,3),(55,3,12),(1,10,12),(3,10,2),(3,10,3),(3,10,4),(5,10,3),(5,10,4),(6,10,1),(6,10,2),(6,10,3),(6,10,4),(6,10,8),(6,10,12),(7,10,3),(7,10,4),(8,10,1),(8,10,2),(8,10,3),(8,10,4),(8,10,8),(8,10,12),(12,10,3),(12,10,4),(12,10,12),(14,10,2),(14,10,3),(14,10,4),(14,10,12),(15,10,1),(15,10,3),(15,10,4),(15,10,8),(20,10,2),(20,10,3),(20,10,4),(20,10,8),(20,10,12),(25,10,3),(25,10,4),(27,10,3),(27,10,4),(28,10,1),(28,10,3),(28,10,4),(28,10,8),(29,10,3),(29,10,4),(30,10,1),(30,10,2),(30,10,3),(30,10,4),(30,10,8),(30,10,12),(31,10,1),(31,10,2),(31,10,3),(31,10,4),(31,10,7),(31,10,12),(32,10,1),(32,10,2),(32,10,3),(32,10,4),(32,10,7),(32,10,12),(33,10,1),(33,10,2),(33,10,3),(33,10,4),(33,10,7),(33,10,12),(34,10,1),(34,10,2),(34,10,3),(34,10,4),(34,10,7),(34,10,12),(35,10,1),(35,10,2),(35,10,3),(35,10,4),(35,10,7),(35,10,12),(36,10,1),(36,10,2),(36,10,3),(36,10,4),(36,10,7),(36,10,12),(37,10,2),(37,10,3),(37,10,4),(37,10,12),(38,10,2),(38,10,3),(38,10,7),(38,10,12),(39,10,1),(39,10,2),(39,10,3),(39,10,4),(39,10,7),(39,10,12),(40,10,1),(40,10,2),(40,10,3),(40,10,12),(41,10,2),(41,10,4),(41,10,7),(41,10,12),(42,10,1),(42,10,2),(42,10,3),(42,10,7),(43,10,2),(43,10,3),(43,10,7),(43,10,12),(44,10,1),(44,10,2),(44,10,3),(44,10,4),(44,10,7),(44,10,12),(46,10,1),(46,10,2),(46,10,3),(46,10,4),(46,10,7),(46,10,12),(47,10,1),(47,10,2),(47,10,3),(47,10,4),(47,10,7),(47,10,12),(48,10,1),(48,10,2),(48,10,3),(48,10,4),(48,10,7),(48,10,12),(49,10,1),(49,10,2),(49,10,7),(49,10,12),(51,10,1),(51,10,2),(51,10,3),(51,10,4),(51,10,7),(51,10,12),(52,10,1),(52,10,2),(52,10,3),(52,10,4),(52,10,7),(52,10,12),(53,10,3),(55,10,1),(55,10,2),(55,10,3),(55,10,7),(55,10,12),(6,11,3),(6,11,4),(12,11,1),(12,11,2),(12,11,3),(12,11,4),(12,11,8),(12,11,12),(14,11,1),(14,11,2),(14,11,3),(14,11,4),(14,11,8),(14,11,12),(22,11,1),(22,11,8),(25,11,1),(25,11,2),(25,11,3),(25,11,4),(25,11,8),(25,11,12),(29,11,1),(29,11,2),(29,11,3),(29,11,4),(29,11,8),(29,11,12),(30,11,1),(30,11,2),(30,11,3),(30,11,4),(30,11,8),(30,11,12),(32,11,1),(32,11,2),(32,11,3),(32,11,4),(32,11,7),(32,11,12),(33,11,1),(33,11,2),(33,11,3),(33,11,4),(33,11,7),(33,11,12),(34,11,1),(34,11,3),(34,11,4),(34,11,7),(34,11,12),(37,11,1),(37,11,2),(37,11,3),(37,11,4),(37,11,7),(37,11,12),(39,11,1),(39,11,2),(39,11,3),(39,11,4),(39,11,7),(39,11,12),(41,11,1),(41,11,2),(41,11,3),(41,11,4),(41,11,7),(41,11,12),(42,11,1),(42,11,2),(42,11,3),(42,11,4),(42,11,7),(42,11,12),(44,11,1),(44,11,2),(44,11,3),(44,11,4),(44,11,7),(44,11,12),(46,11,1),(46,11,2),(46,11,3),(46,11,4),(46,11,7),(46,11,12),(47,11,2),(47,11,3),(47,11,4),(47,11,12),(49,11,2),(49,11,7),(51,11,1),(51,11,2),(51,11,3),(51,11,4),(51,11,7),(51,11,12),(1,17,2),(3,17,1),(3,17,2),(3,17,8),(6,17,1),(6,17,2),(6,17,3),(6,17,4),(6,17,8),(6,17,12),(7,17,3),(7,17,4),(28,17,2),(28,17,12),(31,17,2),(31,17,4),(31,17,7),(31,17,12),(35,17,1),(35,17,2),(35,17,4),(35,17,7),(36,17,2),(36,17,4),(36,17,7),(36,17,12),(37,17,2),(37,17,3),(37,17,4),(37,17,12),(41,17,1),(41,17,2),(41,17,3),(41,17,4),(41,17,7),(41,17,12),(48,17,1),(48,17,2),(48,17,4),(48,17,12),(49,17,1),(49,17,2),(49,17,3),(49,17,4),(49,17,7),(49,17,12),(51,17,1),(51,17,2),(51,17,3),(51,17,4),(51,17,7),(51,17,12),(52,17,2),(52,17,3),(52,17,4),(52,17,12),(53,17,1),(53,17,4),(1,18,1),(1,18,2),(1,18,8),(1,18,12),(3,18,1),(3,18,2),(3,18,8),(3,18,12),(4,18,8),(5,18,1),(5,18,2),(5,18,3),(5,18,4),(5,18,8),(5,18,12),(6,18,1),(6,18,2),(6,18,3),(6,18,4),(6,18,8),(6,18,12),(7,18,1),(7,18,2),(7,18,3),(7,18,4),(7,18,8),(7,18,12),(8,18,1),(8,18,2),(8,18,3),(8,18,4),(8,18,8),(8,18,12),(10,18,8),(11,18,1),(11,18,2),(11,18,8),(11,18,12),(12,18,1),(12,18,2),(12,18,8),(12,18,12),(13,18,3),(13,18,12),(14,18,1),(14,18,2),(14,18,3),(14,18,4),(14,18,8),(14,18,12),(16,18,2),(16,18,12),(17,18,1),(17,18,2),(17,18,3),(17,18,4),(17,18,8),(17,18,12),(19,18,3),(20,18,1),(20,18,2),(20,18,12),(22,18,1),(22,18,2),(22,18,3),(22,18,4),(22,18,8),(22,18,12),(23,18,1),(23,18,2),(23,18,3),(23,18,4),(23,18,8),(23,18,12),(24,18,2),(25,18,1),(25,18,2),(25,18,8),(25,18,12),(26,18,1),(26,18,2),(26,18,3),(26,18,4),(26,18,8),(26,18,12),(28,18,1),(28,18,2),(28,18,8),(28,18,12),(29,18,1),(29,18,2),(29,18,3),(29,18,4),(29,18,8),(29,18,12),(30,18,1),(30,18,2),(30,18,3),(30,18,4),(30,18,8),(30,18,12),(31,18,1),(31,18,2),(31,18,3),(31,18,4),(31,18,7),(31,18,12),(32,18,4),(32,18,12),(33,18,1),(33,18,2),(33,18,3),(33,18,4),(33,18,7),(33,18,12),(34,18,1),(34,18,2),(34,18,3),(34,18,4),(34,18,7),(34,18,12),(35,18,1),(35,18,2),(35,18,3),(35,18,4),(35,18,7),(35,18,12),(36,18,1),(36,18,2),(36,18,3),(36,18,4),(36,18,7),(36,18,12),(37,18,1),(37,18,2),(37,18,3),(37,18,4),(37,18,7),(37,18,12),(38,18,1),(38,18,2),(38,18,3),(38,18,4),(38,18,7),(38,18,12),(39,18,1),(39,18,2),(39,18,3),(39,18,4),(39,18,7),(39,18,12),(40,18,1),(40,18,2),(40,18,3),(40,18,4),(40,18,7),(40,18,12),(41,18,1),(41,18,2),(41,18,3),(41,18,4),(41,18,7),(41,18,12),(42,18,1),(42,18,2),(42,18,3),(42,18,4),(42,18,7),(42,18,12),(43,18,1),(43,18,2),(43,18,3),(43,18,4),(43,18,7),(43,18,12),(44,18,1),(44,18,2),(44,18,3),(44,18,4),(44,18,7),(44,18,12),(45,18,1),(45,18,2),(45,18,3),(45,18,4),(45,18,7),(45,18,12),(46,18,1),(46,18,2),(46,18,3),(46,18,4),(46,18,7),(46,18,12),(47,18,1),(47,18,2),(47,18,3),(47,18,4),(47,18,7),(47,18,12),(48,18,1),(48,18,2),(48,18,3),(48,18,4),(48,18,7),(48,18,12),(49,18,1),(49,18,2),(49,18,3),(49,18,4),(49,18,7),(49,18,12),(50,18,1),(50,18,2),(50,18,3),(50,18,4),(50,18,7),(50,18,12),(51,18,1),(51,18,2),(51,18,3),(51,18,4),(51,18,7),(51,18,12),(52,18,1),(52,18,2),(52,18,3),(52,18,4),(52,18,7),(52,18,12),(53,18,1),(53,18,3),(53,18,4),(55,18,1),(55,18,2),(55,18,3),(55,18,4),(55,18,7),(55,18,12),(9,20,2),(9,20,3),(9,20,4),(9,20,8),(9,20,12),(11,20,3),(11,20,4),(16,20,2),(16,20,3),(16,20,4),(16,20,12),(20,20,1),(20,20,2),(20,20,3),(20,20,4),(20,20,12),(27,20,1),(27,20,2),(27,20,3),(27,20,4),(27,20,8),(27,20,12),(40,20,1),(40,20,2),(40,20,3),(40,20,12),(53,20,1),(53,20,4),(26,21,1),(26,21,8),(31,21,1),(31,21,2),(31,21,3),(31,21,4),(39,21,3),(39,21,4),(40,21,1),(40,21,2),(40,21,3),(40,21,4),(40,21,7),(40,21,12),(16,23,1),(16,23,2),(16,23,3),(16,23,4),(16,23,8),(16,23,12),(19,23,3),(19,23,12),(24,23,2),(39,23,3),(39,23,4),(1,25,1),(1,25,2),(1,25,3),(1,25,4),(1,25,8),(1,25,12),(43,25,1),(43,25,2),(43,25,3),(43,25,4),(43,25,7),(43,25,12),(45,25,1),(45,25,2),(45,25,3),(45,25,12),(6,27,2),(6,27,3),(6,27,4),(6,27,12),(12,27,1),(12,27,2),(12,27,8),(20,27,1),(22,27,1),(22,27,8),(24,27,2),(24,27,3),(29,27,1),(29,27,8),(33,27,2),(33,27,12),(34,27,1),(34,27,2),(34,27,3),(34,27,4),(34,27,7),(34,27,12),(35,27,3),(35,27,12),(37,27,2),(37,27,3),(42,27,2),(42,27,3),(45,27,1),(45,27,2),(45,27,4),(45,27,7),(46,27,1),(46,27,2),(46,27,3),(46,27,4),(46,27,7),(46,27,12),(47,27,2),(47,27,3),(47,27,4),(47,27,12),(49,27,1),(49,27,3),(49,27,4),(49,27,12),(50,27,1),(50,27,2),(50,27,3),(50,27,4),(50,27,7),(50,27,12),(31,29,1),(31,29,2),(31,29,3),(31,29,4),(31,29,7),(31,29,12);

--
-- Table structure for table `IRC_references`
--

CREATE TABLE `IRC_references` (
  `ID` int(11) NOT NULL AUTO_INCREMENT,
  `IRC_paper_id` int(11) NOT NULL,
  `tags` text CHARACTER SET utf8,
  `reference` text CHARACTER SET utf8 NOT NULL,
  `reviewer_id` int(11) NOT NULL,
  PRIMARY KEY (`ID`),
  KEY `fk_IRC_papers_idx` (`IRC_paper_id`),
  KEY `fk_reviewer_1_idx` (`reviewer_id`),
  CONSTRAINT `fk_IRC_papers_1` FOREIGN KEY (`IRC_paper_id`) REFERENCES `IRC_papers` (`ID`) ON DELETE NO ACTION ON UPDATE NO ACTION,
  CONSTRAINT `fk_reviewer_1` FOREIGN KEY (`reviewer_id`) REFERENCES `reviewers` (`ID`) ON DELETE NO ACTION ON UPDATE NO ACTION
) ENGINE=InnoDB AUTO_INCREMENT=10562 DEFAULT CHARSET=latin1;

--
-- Dumping data for table `IRC_references`
--

INSERT INTO `IRC_references` VALUES (1597,10,'','1',8),(1598,10,'','2',8),(1599,10,'','3',8),(1600,10,'','4',8),(1612,13,'','1',8),(1613,13,'','2',8),(1614,13,'','3',8),(1615,13,'','4',8),(1616,13,'','5',8),(2090,10,'comparesWith, applies','1',3),(2091,10,'applies','2',3),(2092,10,'comparesWith','3',3),(2110,13,'references','1',3),(2111,13,'references','2',3),(2112,13,'references','3',3),(2113,13,'applies','4',3),(2114,13,'references','5',3),(2909,4,'references','9',8),(3182,1,'comparesWith','1',2),(3183,1,'references','4',2),(3184,1,'references','7',2),(3185,1,'references','8',2),(3186,1,'applies','13',2),(3187,1,'references','17',2),(3188,1,'references','20',2),(3189,1,'references','22',2),(3190,1,'comparesWith','23',2),(3191,1,'comparesWith','26',2),(3192,1,'comparesWith','27',2),(3193,1,'comparesWith','31',2),(3490,3,'references','8',2),(3491,3,'comparesWith','12',2),(3492,3,'extends','14',2),(3493,3,'references','35',2),(3494,3,'references','36',2),(3495,3,'references','37',2),(3496,3,'applies','38',2),(3497,3,'references','40',2),(3498,3,'','41',2),(3499,3,'','42',2),(3500,3,'','17',2),(3501,3,'','16',2),(3516,3,'applies','8',12),(3517,3,'comparesWith','12',12),(3518,3,'references','14',12),(3519,3,'references','17',12),(3520,3,'references','16',12),(3521,3,'extends','20',12),(3522,3,'references','35',12),(3523,3,'formalizes','36',12),(3524,3,'references','37',12),(3525,3,'references','39',12),(3526,3,'references','38',12),(3527,3,'applies','40',12),(3528,3,'','41',12),(3529,3,'','42',12),(3634,5,'extends','5',2),(3635,5,'integratesWith, extends','6',2),(3636,5,'integratesWith, extends','7',2),(3637,5,'references','11',2),(3638,5,'references','13',2),(3639,5,'comparesWith','29',2),(3640,5,'extends','4',2),(3641,5,'comparesWith','25',2),(4087,15,'references','12',1),(4995,1,'comparesWith','1',1),(4996,1,'references','4',1),(4997,1,'references','7',1),(4998,1,'references','8',1),(4999,1,'applies','13',1),(5000,1,'references','17',1),(5001,1,'references','20',1),(5002,1,'references','22',1),(5003,1,'comparesWith','23',1),(5004,1,'comparesWith','26',1),(5005,1,'comparesWith','27',1),(5006,1,'comparesWith','31',1),(5246,11,'comparesWith','1',1),(5247,11,'comparesWith','2',1),(5248,11,'comparesWith','1',8),(5249,11,'comparesWith','2',8),(5298,14,'references','1',8),(5299,14,'references','2',8),(5300,14,'comparesWith','3',8),(5301,14,'references','5',8),(5302,14,'comparesWith','6',8),(5303,14,'comparesWith','8',8),(5304,14,'comparesWith','10',8),(5305,14,'comparesWith','16',8),(5306,14,'comparesWith','17',8),(5307,14,'comparesWith','18',8),(5308,14,'references','28',8),(5309,14,'comparesWith','31',8),(5338,14,'references','1',1),(5339,14,'references','2',1),(5340,14,'comparesWith','3',1),(5341,14,'references','5',1),(5342,14,'comparesWith','6',1),(5343,14,'comparesWith','8',1),(5344,14,'comparesWith','10',1),(5345,14,'comparesWith','16',1),(5346,14,'comparesWith','17',1),(5347,14,'comparesWith','18',1),(5348,14,'references','28',1),(5349,14,'comparesWith','31',1),(5351,15,'references','12',8),(5685,1,'comparesWith','1',3),(5686,1,'comparesWith','4',3),(5687,1,'comparesWith','7',3),(5688,1,'references','8',3),(5689,1,'applies','13',3),(5690,1,'references','17',3),(5691,1,'references','22',3),(5692,1,'comparesWith','23',3),(5693,1,'comparesWith','26',3),(5694,1,'comparesWith','27',3),(5695,1,'comparesWith','31',3),(5696,1,'references','20',3),(5697,3,'applies','8',3),(5698,3,'comparesWith','12',3),(5699,3,'references','14',3),(5700,3,'comparesWith','35',3),(5701,3,'extends','36',3),(5702,3,'references','37',3),(5703,3,'references','38',3),(5704,3,'references','40',3),(5705,3,'references','41',3),(5706,3,'applies','42',3),(5707,3,'references','16',3),(5708,3,'references','17',3),(5760,1,'comparesWith','1',4),(5761,1,'comparesWith','4',4),(5762,1,'comparesWith','7',4),(5763,1,'references','8',4),(5764,1,'applies','13',4),(5765,1,'references','17',4),(5766,1,'references','20',4),(5767,1,'references','22',4),(5768,1,'comparesWith','23',4),(5769,1,'comparesWith','26',4),(5770,1,'comparesWith','27',4),(5771,1,'comparesWith','31',4),(5772,3,'applies','8',4),(5773,3,'comparesWith','12',4),(5774,3,'references','14',4),(5775,3,'references','16',4),(5776,3,'references','17',4),(5777,3,'comparesWith','35',4),(5778,3,'extends','36',4),(5779,3,'references','37',4),(5780,3,'references','38',4),(5781,3,'references','40',4),(5782,3,'references','41',4),(5783,3,'applies','42',4),(5816,5,'extends','4',3),(5817,5,'references','5',3),(5818,5,'integratesWith, extends','6',3),(5819,5,'references','11',3),(5820,5,'references','13',3),(5821,5,'comparesWith','29',3),(5822,5,'comparesWith','25',3),(5823,5,'extends','4',4),(5824,5,'references','5',4),(5825,5,'integratesWith, extends','6',4),(5826,5,'references','13',4),(5827,5,'comparesWith','25',4),(5828,5,'comparesWith','29',4),(5829,5,'references','11',4),(5869,6,'references','19',3),(5870,6,'references','20',3),(5871,6,'references','21',3),(5872,6,'references','59',3),(5873,6,'references','60',3),(5874,6,'references','61',3),(5875,6,'references','62',3),(5876,6,'references','78',3),(5877,6,'references','80',3),(5878,6,'references','110',3),(5879,6,'references','111',3),(5880,6,'references','83',3),(5881,6,'references','93',3),(5882,6,'references','19',4),(5883,6,'references','20',4),(5884,6,'references','21',4),(5885,6,'references','59',4),(5886,6,'references','60',4),(5887,6,'references','61',4),(5888,6,'references','62',4),(5889,6,'references','78',4),(5890,6,'references','93',4),(5891,6,'references','110',4),(5892,6,'references','111',4),(5893,6,'references','80',4),(5894,6,'references','83',4),(6119,8,'references','2',3),(6120,8,'references','3',3),(6121,8,'references','4',3),(6122,8,'extends','5',3),(6123,8,'applies','6',3),(6124,8,'extends','17',3),(6125,8,'references','18',3),(6126,8,'references','19',3),(6127,8,'extends','20',3),(6128,8,'references','21',3),(6129,8,'references','25',3),(6130,8,'references','27',3),(6131,8,'references','13',3),(6147,9,'comparesWith','35',3),(6148,9,'comparesWith','35',4),(6151,11,'references','1',4),(6152,11,'comparesWith','2',4),(6153,11,'references','1',3),(6154,11,'comparesWith','2',3),(6258,14,'references','1',4),(6259,14,'references','2',4),(6260,14,'comparesWith','3',4),(6261,14,'comparesWith','5',4),(6262,14,'comparesWith','6',4),(6263,14,'extends','8',4),(6264,14,'extends','10',4),(6265,14,'comparesWith','16',4),(6266,14,'comparesWith','17',4),(6267,14,'comparesWith','18',4),(6268,14,'','28',4),(6269,14,'','31',4),(6270,14,'references','1',3),(6271,14,'references','2',3),(6272,14,'comparesWith','3',3),(6273,14,'comparesWith','5',3),(6274,14,'comparesWith','6',3),(6275,14,'extends','8',3),(6276,14,'extends','10',3),(6277,14,'comparesWith','16',3),(6278,14,'comparesWith','17',3),(6279,14,'comparesWith','18',3),(6280,14,'references','28',3),(6281,14,'references','31',3),(6283,15,'references','12',4),(6284,15,'references','12',3),(6465,1,'comparesWith','1',8),(6466,1,'references','4',8),(6467,1,'references','7',8),(6468,1,'references','8',8),(6469,1,'applies','13',8),(6470,1,'references','17',8),(6471,1,'comparesWith','23',8),(6472,1,'comparesWith','26',8),(6473,1,'comparesWith','27',8),(6474,1,'comparesWith','31',8),(6475,1,'references','20',8),(6476,1,'references','22',8),(6594,9,'integratesWith, comparesWith','6',2),(6595,9,'comparesWith','10',2),(6596,9,'comparesWith','11',2),(6597,9,'integratesWith, comparesWith','12',2),(6598,9,'integratesWith, extends','14',2),(6599,9,'references','23',2),(6600,9,'integratesWith, comparesWith','24',2),(6601,9,'integratesWith, comparesWith','25',2),(6602,9,'references','35',2),(6603,6,'comparesWith','19',2),(6604,6,'references','20',2),(6605,6,'applies','21',2),(6606,6,'references','59',2),(6607,6,'references','60',2),(6608,6,'references','62',2),(6609,6,'references','65',2),(6610,6,'comparesWith','79',2),(6611,6,'comparesWith','80',2),(6612,6,'comparesWith','93',2),(6613,6,'references','110',2),(6614,6,'references','111',2),(6615,6,'comparesWith','83',2),(6616,6,'comparesWith','19',12),(6617,6,'references','20',12),(6618,6,'applies','21',12),(6619,6,'references','59',12),(6620,6,'references','61',12),(6621,6,'references','62',12),(6622,6,'references','65',12),(6623,6,'comparesWith','79',12),(6624,6,'comparesWith','80',12),(6625,6,'comparesWith','83',12),(6626,6,'comparesWith','93',12),(6627,6,'references','110',12),(6628,6,'references','111',12),(6629,6,'references','60',12),(6630,7,'references','1',2),(6631,7,'formalizes, integratesWith, comparesWith','2',2),(6632,7,'formalizes, integratesWith, comparesWith','4',2),(6633,7,'references','5',2),(6634,7,'formalizes, integratesWith, comparesWith','8',2),(6635,7,'comparesWith','11',2),(6636,7,'references','15',2),(6637,7,'comparesWith','16',2),(6638,7,'formalizes, integratesWith, comparesWith','17',2),(6639,7,'comparesWith','19',2),(6640,7,'comparesWith','21',2),(6641,7,'formalizes, integratesWith, comparesWith','22',2),(6642,7,'references','27',2),(6643,7,'references','28',2),(6644,7,'comparesWith','32',2),(6645,7,'references','36',2),(6646,7,'references','37',2),(6647,7,'formalizes, integratesWith, references','24',2),(6648,7,'references','6',2),(6649,7,'references','7',2),(6650,7,'references','38',2),(6651,7,'references','39',2),(6652,7,'references','40',2),(6653,7,'references','1',12),(6654,7,'formalizes, integratesWith, comparesWith','2',12),(6655,7,'formalizes, integratesWith, comparesWith','4',12),(6656,7,'references','5',12),(6657,7,'references','6',12),(6658,7,'references','7',12),(6659,7,'formalizes, integratesWith, comparesWith','8',12),(6660,7,'comparesWith','11',12),(6661,7,'references','15',12),(6662,7,'comparesWith','16',12),(6663,7,'formalizes, integratesWith, comparesWith','17',12),(6664,7,'comparesWith','19',12),(6665,7,'comparesWith','21',12),(6666,7,'formalizes, integratesWith, comparesWith','22',12),(6667,7,'formalizes, integratesWith, comparesWith','24',12),(6668,7,'comparesWith','27',12),(6669,7,'applies','28',12),(6670,7,'comparesWith','32',12),(6671,7,'references','36',12),(6672,7,'references','37',12),(6673,7,'references','38',12),(6674,7,'references','39',12),(6675,7,'references','40',12),(6676,8,'references','2',2),(6677,8,'references','3',2),(6678,8,'extends','5',2),(6679,8,'applies','6',2),(6680,8,'references','13',2),(6681,8,'extends','17',2),(6682,8,'references','18',2),(6683,8,'references','19',2),(6684,8,'extends','20',2),(6685,8,'references','21',2),(6686,8,'references','25',2),(6687,8,'references','27',2),(6688,8,'references','4',2),(6689,8,'references','2',12),(6690,8,'references','3',12),(6691,8,'references','4',12),(6692,8,'extends','5',12),(6693,8,'applies','6',12),(6694,8,'extends','17',12),(6695,8,'references','18',12),(6696,8,'references','19',12),(6697,8,'extends','20',12),(6698,8,'references','21',12),(6699,8,'references','25',12),(6700,8,'references','27',12),(6701,8,'references','13',12),(6702,9,'integratesWith, comparesWith','6',12),(6703,9,'comparesWith','10',12),(6704,9,'comparesWith','11',12),(6705,9,'integratesWith, comparesWith','12',12),(6706,9,'integratesWith, extends','14',12),(6707,9,'references','23',12),(6708,9,'integratesWith, comparesWith','24',12),(6709,9,'integratesWith, comparesWith','25',12),(6710,9,'references','35',12),(6711,11,'extends','1',2),(6712,11,'comparesWith','2',2),(6713,11,'extends','7',2),(6714,11,'extends','6',2),(6731,12,'comparesWith','6',2),(6732,12,'comparesWith','7',2),(6733,12,'integratesWith','11',2),(6734,12,'integratesWith','12',2),(6735,12,'integratesWith','13',2),(6736,12,'applies','14',2),(6737,12,'integratesWith','15',2),(6738,12,'applies','16',2),(6739,12,'comparesWith','20',2),(6740,12,'integratesWith','23',2),(6741,12,'integratesWith','24',2),(6742,12,'comparesWith','29',2),(6743,14,'references','1',12),(6744,14,'references','2',12),(6745,14,'comparesWith','3',12),(6746,14,'applies','5',12),(6747,14,'comparesWith','6',12),(6748,14,'extends','7',12),(6749,14,'extends','8',12),(6750,14,'applies','10',12),(6751,14,'comparesWith','16',12),(6752,14,'comparesWith','17',12),(6753,14,'comparesWith','18',12),(6754,14,'references','31',12),(6755,14,'references','1',2),(6756,14,'references','2',2),(6757,14,'comparesWith','3',2),(6758,14,'applies','5',2),(6759,14,'comparesWith','6',2),(6760,14,'extends','7',2),(6761,14,'extends','8',2),(6762,14,'applies','10',2),(6763,14,'comparesWith','16',2),(6764,14,'comparesWith','17',2),(6765,14,'comparesWith','18',2),(6766,14,'references','31',2),(6767,15,'references','12',12),(6768,15,'references','12',2),(6769,7,'references','20',3),(6770,7,'references','17',3),(6771,7,'references','8',3),(6772,7,'references','22',3),(6773,7,'references','2',3),(6774,7,'references','24',3),(6775,7,'references','4',3),(6776,7,'references','1',3),(6777,7,'references','11',3),(6778,7,'references','15',3),(6779,7,'references','16',3),(6780,7,'references','19',3),(6781,7,'references','21',3),(6782,7,'references','27',3),(6783,7,'applies','28',3),(6784,7,'references','32',3),(6785,7,'references','37',3),(6786,7,'references','3',3),(6787,7,'references','5',3),(6788,7,'references','6',3),(6789,7,'references','7',3),(6790,7,'references','38',3),(6791,7,'references','39',3),(6792,7,'references','40',3),(6793,7,'references','13',3),(6794,7,'references','14',3),(6795,7,'references','36',3),(6810,3,'comparesWith','12',8),(6811,3,'references','14',8),(6812,3,'applies','8',8),(6813,3,'references','16',8),(6814,3,'references','17',8),(6815,3,'comparesWith','35',8),(6816,3,'extends','36',8),(6817,3,'references','37',8),(6818,3,'references','38',8),(6819,3,'formalizes','39',8),(6820,3,'references','40',8),(6821,3,'references','41',8),(6822,3,'applies','42',8),(6823,3,'references','41',1),(6824,3,'references','38',1),(6825,3,'formalizes','39',1),(6826,3,'references','16',1),(6827,3,'references','14',1),(6828,3,'references','17',1),(6829,3,'comparesWith','12',1),(6830,3,'applies','8',1),(6831,3,'comparesWith','35',1),(6832,3,'extends','36',1),(6833,3,'references','37',1),(6834,3,'references','40',1),(6835,3,'applies','42',1),(6836,5,'references','5',8),(6837,5,'references','6',8),(6838,5,'comparesWith','7',8),(6839,5,'references','13',8),(6840,5,'comparesWith','29',8),(6841,5,'references','4',8),(6842,5,'comparesWith','11',8),(6843,5,'comparesWith','25',8),(6852,6,'references','10',8),(6853,6,'references','19',8),(6854,6,'references','20',8),(6855,6,'references','21',8),(6856,6,'applies','59',8),(6857,6,'applies','60',8),(6858,6,'comparesWith','61',8),(6859,6,'references','62',8),(6860,6,'references','65',8),(6861,6,'references','78',8),(6862,6,'references','80',8),(6863,6,'references','83',8),(6864,6,'references','93',8),(6865,6,'references','109',8),(6866,6,'references','110',8),(6867,6,'references','111',8),(6884,7,'comparesWith','1',8),(6885,7,'integratesWith, comparesWith','2',8),(6886,7,'integratesWith, comparesWith','4',8),(6887,7,'integratesWith, comparesWith','11',8),(6888,7,'integratesWith, comparesWith','16',8),(6889,7,'integratesWith, comparesWith','19',8),(6890,7,'integratesWith, comparesWith','20',8),(6891,7,'integratesWith, comparesWith','21',8),(6892,7,'comparesWith','27',8),(6893,7,'comparesWith','32',8),(6894,7,'references','37',8),(6895,7,'references','38',8),(6896,7,'integratesWith, comparesWith','5',8),(6897,7,'references','6',8),(6898,7,'references','7',8),(6899,7,'integratesWith, comparesWith','8',8),(6900,7,'references','12',8),(6901,7,'references','13',8),(6902,7,'references','14',8),(6903,7,'references','15',8),(6904,7,'integratesWith, comparesWith','17',8),(6905,7,'integratesWith, comparesWith','22',8),(6906,7,'references','23',8),(6907,7,'integratesWith, comparesWith','24',8),(6908,7,'integratesWith, comparesWith','26',8),(6909,7,'applies','28',8),(6910,7,'comparesWith','1',1),(6911,7,'integratesWith, comparesWith','2',1),(6912,7,'integratesWith, comparesWith','4',1),(6913,7,'integratesWith, comparesWith','5',1),(6914,7,'references','6',1),(6915,7,'references','7',1),(6916,7,'integratesWith, comparesWith','8',1),(6917,7,'integratesWith, comparesWith','11',1),(6918,7,'references','12',1),(6919,7,'references','13',1),(6920,7,'references','14',1),(6921,7,'references','15',1),(6922,7,'integratesWith, comparesWith','16',1),(6923,7,'integratesWith, comparesWith','17',1),(6924,7,'integratesWith, comparesWith','19',1),(6925,7,'integratesWith, comparesWith','20',1),(6926,7,'integratesWith, comparesWith','21',1),(6927,7,'integratesWith, comparesWith','22',1),(6928,7,'references','23',1),(6929,7,'integratesWith, comparesWith','24',1),(6930,7,'integratesWith, comparesWith','26',1),(6931,7,'comparesWith','27',1),(6932,7,'applies','28',1),(6933,7,'comparesWith','32',1),(6934,7,'references','37',1),(6935,7,'references','38',1),(6936,8,'references','2',8),(6937,8,'comparesWith','5',8),(6938,8,'references','13',8),(6939,8,'references','17',8),(6940,8,'references','18',8),(6941,8,'references','20',8),(6942,8,'references','21',8),(6943,8,'references','25',8),(6944,8,'references','27',8),(6945,8,'references','2',1),(6946,8,'references','31',8),(6947,8,'references','3',1),(6948,8,'references','3',8),(6949,8,'references','4',1),(6950,8,'references','4',8),(6951,8,'comparesWith','5',1),(6952,8,'comparesWith, applies','6',8),(6953,8,'comparesWith, applies','6',1),(6954,8,'applies','10',8),(6955,8,'applies','10',1),(6956,8,'references','19',8),(6957,8,'references','13',1),(6958,8,'references','28',8),(6959,8,'references','17',1),(6960,8,'references','30',8),(6961,8,'references','18',1),(6962,8,'references','19',1),(6963,8,'references','20',1),(6964,8,'references','21',1),(6965,8,'references','25',1),(6966,8,'references','27',1),(6967,8,'references','28',1),(6968,8,'references','30',1),(6969,8,'references','31',1),(6970,9,'references, applies','10',8),(6971,9,'references, applies','24',8),(6972,9,'references, applies','25',8),(6973,12,'extends, comparesWith','6',8),(6974,12,'extends','7',8),(6975,12,'extends','11',8),(6976,12,'extends','12',8),(6977,12,'extends','13',8),(6978,12,'references','14',8),(6979,12,'extends','15',8),(6980,12,'comparesWith','16',8),(6981,12,'references','20',8),(6982,12,'extends','23',8),(6983,12,'extends','24',8),(6984,12,'references','29',8),(7049,8,'extends','20 ',4),(7050,8,'references','21',4),(7051,8,'extends','5',4),(7052,8,'references','13',4),(7053,8,'references','2',4),(7054,8,'references','3',4),(7055,8,'references','25',4),(7056,8,'extends','17',4),(7057,8,'references','27',4),(7058,8,'references','18',4),(7059,8,'comparesWith','6',4),(7060,8,'references','4',4),(7061,8,'references','19',4),(7062,12,'extends','6',4),(7063,12,'integratesWith','11',4),(7064,12,'integratesWith','12',4),(7065,12,'integratesWith','13',4),(7066,12,'integratesWith','15',4),(7067,12,'applies','16',4),(7068,12,'comparesWith','20',4),(7069,12,'comparesWith','29',4),(7070,12,'integratesWith','7',4),(7071,12,'references','14',4),(7072,12,'','23',4),(7073,12,'','24',4),(7074,12,'extends','6',3),(7075,12,'integratesWith','7',3),(7076,12,'integratesWith','11',3),(7077,12,'integratesWith','12',3),(7078,12,'integratesWith','13',3),(7079,12,'references','14',3),(7080,12,'integratesWith','15',3),(7081,12,'applies','16',3),(7082,12,'comparesWith','20',3),(7083,12,'integratesWith','23',3),(7084,12,'integratesWith','24',3),(7085,12,'comparesWith','29',3),(7122,12,'comparesWith','6',12),(7123,12,'comparesWith','7',12),(7124,12,'integratesWith','11',12),(7125,12,'integratesWith','12',12),(7126,12,'integratesWith','13',12),(7127,12,'applies','14',12),(7128,12,'integratesWith','15',12),(7129,12,'applies','16',12),(7130,12,'comparesWith','20',12),(7131,12,'integratesWith','23',12),(7132,12,'integratesWith','24',12),(7133,12,'comparesWith','29',12),(7134,11,'extends','1',12),(7135,11,'comparesWith','2',12),(7136,11,'extends','6',12),(7137,11,'extends','7',12),(7138,5,'extends','4',12),(7139,5,'extends','5',12),(7140,5,'integratesWith, extends','6',12),(7141,5,'integratesWith, extends','7',12),(7142,5,'references','11',12),(7143,5,'references','13',12),(7144,5,'comparesWith','25',12),(7145,5,'comparesWith','29',12),(7146,5,'references','4',1),(7147,5,'references','5',1),(7148,5,'integratesWith, references','6',1),(7149,5,'comparesWith','11',1),(7150,5,'references','13',1),(7151,5,'comparesWith','25',1),(7152,5,'comparesWith','29',1),(7153,7,'references','1',4),(7154,7,'references','2',4),(7155,7,'references','3',4),(7156,7,'references','4',4),(7157,7,'references','5',4),(7158,7,'references','6',4),(7159,7,'references','7',4),(7160,7,'references','8',4),(7161,7,'references','15',4),(7162,7,'references','11',4),(7163,7,'references','12',4),(7164,7,'references','13',4),(7165,7,'references','14',4),(7166,7,'references','16',4),(7167,7,'references','17',4),(7168,7,'references','19',4),(7169,7,'references','20',4),(7170,7,'references','21',4),(7171,7,'references','22',4),(7172,7,'references','27',4),(7173,7,'references','28',4),(7174,7,'references','36',4),(7175,7,'references','32',4),(7176,7,'references','37',4),(7177,7,'references','38',4),(7178,7,'references','39',4),(7179,7,'references','24',4),(7180,7,'references','40',4),(7181,6,'references','10',1),(7182,6,'references','19',1),(7183,6,'references','20',1),(7184,6,'references','21',1),(7185,6,'references','59',1),(7186,6,'applies','60',1),(7187,6,'comparesWith','61',1),(7188,6,'references','62',1),(7189,6,'references','65',1),(7190,6,'references','78',1),(7191,6,'references','80',1),(7192,6,'references','83',1),(7193,6,'references','93',1),(7194,6,'references','109',1),(7195,6,'references','110',1),(7196,6,'references','111',1),(7197,12,'extends, comparesWith','6',1),(7198,12,'extends','7',1),(7199,12,'extends','11',1),(7200,12,'extends','12',1),(7201,12,'extends','13',1),(7202,12,'references','14',1),(7203,12,'extends','15',1),(7204,12,'applies','16',1),(7205,12,'references','20',1),(7206,12,'extends','23',1),(7207,12,'extends','24',1),(7208,12,'references','29',1),(7221,1,'comparesWith','1',12),(7222,1,'references','4',12),(7223,1,'references','7',12),(7224,1,'references','8',12),(7225,1,'applies','13',12),(7226,1,'references','17',12),(7227,1,'references','20',12),(7228,1,'comparesWith','23',12),(7229,1,'comparesWith','26',12),(7230,1,'comparesWith','31',12),(7231,1,'references','22',12),(7232,1,'comparesWith','27',12),(7898,45,'references','5',3),(7899,45,'references','6',3),(7900,45,'extends','7',3),(7901,45,'extends','9',3),(7902,45,'references','17',3),(7903,45,'references','18',3),(7904,45,'references','21',3),(8251,42,'extends','1',12),(8252,42,'extends','2',12),(8253,42,'extends','14',12),(8254,42,'extends','15',12),(8255,42,'extends','16',12),(8256,42,'references','22',12),(8290,46,'integratesWith','1',12),(8291,46,'integratesWith, extends','5',12),(8292,46,'references','13',12),(8293,46,'references','19',12),(8319,51,'references','6',12),(8320,51,'references','7',12),(8321,51,'references','11',12),(8322,51,'references','12',12),(8323,51,'references','13',12),(8324,51,'references','24',12),(8325,51,'references','25',12),(8326,51,'references','26',12),(8327,51,'references','27',12),(8494,32,'applies','10',12),(8495,32,'applies','11',12),(8496,32,'references','22',12),(8497,32,'references','23',12),(8498,32,'applies','10',4),(8499,32,'applies','11',4),(8500,32,'references','22',4),(8501,32,'references','23',4),(8567,40,'references','5',2),(8568,40,'references','32',2),(8569,40,'extends','36',2),(8570,40,'references','5',1),(8571,40,'extends','36',1),(8572,40,'references','32',1),(8614,37,'references','10',12),(8615,37,'references','13',12),(8616,37,'references','14',12),(8617,37,'applies','15',12),(8618,37,'references','17',12),(8619,37,'references','20',12),(8620,37,'applies','22',12),(8621,37,'references','23',12),(8622,37,'references','24',12),(8623,37,'applies','27',12),(8624,37,'references','33',12),(8625,37,'extends','34',12),(8626,37,'references','35',12),(8627,37,'references','36',12),(8628,37,'references','40',12),(8629,37,'references','41',12),(8630,37,'references','45',12),(8631,37,'references','55',12),(8632,37,'references','56',12),(8633,37,'references','57',12),(8634,37,'references','58',12),(8635,37,'extends','59',12),(8636,37,'applies','60',12),(8637,37,'references','61',12),(8638,37,'references','62',12),(8639,37,'references','2',12),(8640,37,'references','6',12),(8641,37,'references','2',4),(8642,37,'references','6',4),(8643,37,'applies','15',4),(8644,37,'references','17',4),(8645,37,'references','20',4),(8646,37,'applies','22',4),(8647,37,'applies','27',4),(8648,37,'references','45',4),(8649,37,'references','10',4),(8650,37,'references','13',4),(8651,37,'references','14',4),(8652,37,'references','23',4),(8653,37,'references','24',4),(8654,37,'references','33',4),(8655,37,'extends','34',4),(8656,37,'references','35',4),(8657,37,'references','36',4),(8658,37,'references','40',4),(8659,37,'references','41',4),(8660,37,'references','55',4),(8661,37,'references','56',4),(8662,37,'references','57',4),(8663,37,'references','58',4),(8664,37,'references','59',4),(8665,37,'applies','60',4),(8666,37,'references','61',4),(8667,37,'references','62',4),(8680,38,'references','1',3),(8681,38,'extends','2',3),(8682,38,'extends','4',3),(8683,38,'references','6',3),(8684,38,'references','9',3),(8685,38,'references','10',3),(8686,38,'references','12',3),(8687,38,'references','15',3),(8688,38,'references','16',3),(8689,38,'references','17',3),(8690,38,'references','18',3),(8691,38,'references','19',3),(8692,38,'references','20',3),(8693,33,'references','6',7),(8694,33,'references','10',7),(8695,33,'references','13',7),(8696,33,'references','17',7),(8697,33,'references, implements','18',7),(8698,33,'references','20',7),(8699,33,'references','27',7),(8700,33,'references, implements','3',7),(8701,33,'extends','4',7),(8702,33,'extends','21',7),(8715,50,'references','2',2),(8716,50,'references','4',2),(8717,50,'references','2',1),(8718,50,'references','4',1),(8719,55,'references','1',1),(8720,55,'extends','3',1),(8721,55,'extends','4',1),(8722,55,'references','5',1),(8723,55,'references','1',2),(8724,55,'extends','3',2),(8725,55,'extends','4',2),(8726,55,'references','5',2),(8733,42,'extends','2',4),(8734,42,'extends','16',4),(8735,42,'extends','1',4),(8736,42,'extends','14',4),(8737,42,'extends','15',4),(8738,42,'references','22',4),(8813,52,'references','4',4),(8814,52,'references','19',4),(8815,52,'extends','24',4),(8816,52,'extends','25',4),(8817,52,'references','4',12),(8818,52,'references','19',12),(8819,52,'extends','24',12),(8820,52,'extends','25',12),(8821,48,'references','7',7),(8822,48,'references','14',7),(8823,48,'references','15',7),(8824,48,'references','5',7),(8825,48,'references','6',7),(8826,48,'references','13',7),(8827,48,'references','25',7),(8828,48,'references','28',7),(8829,48,'references','5',3),(8830,48,'references','6',3),(8831,48,'references','7',3),(8832,48,'references','12',3),(8833,48,'references','13',3),(8834,48,'references','14',3),(8835,48,'references','15',3),(8836,48,'references','25',3),(8837,48,'references','28',3),(8838,53,'extends, references','1',7),(8839,53,'references','21',7),(8878,35,'references','2',12),(8879,35,'references','4',12),(8880,35,'references','6',12),(8881,35,'references','7',12),(8882,35,'references','8',12),(8883,35,'references','9',12),(8884,35,'references','12',12),(8885,35,'references','13',12),(8886,35,'references','14',12),(8887,35,'applies','15',12),(8888,35,'evaluates, applies','16',12),(8889,35,'references','17',12),(8890,35,'references','18',12),(8891,35,'references','19',12),(8892,35,'references','20',12),(8893,35,'references','21',12),(8894,35,'integratesWith','23',12),(8895,35,'references','11',12),(8896,37,'references','23',7),(8897,37,'references','24',7),(8898,37,'references','2',7),(8899,37,'references','6',7),(8900,37,'references','17',7),(8901,37,'references','55',7),(8902,37,'references','56',7),(8903,37,'references','57',7),(8904,37,'applies','22',7),(8905,37,'applies','27',7),(8906,37,'references','45',7),(8907,37,'references','10',7),(8908,37,'references','13',7),(8909,37,'references','20',7),(8910,37,'references','61',7),(8911,37,'references','2',1),(8912,37,'references','6',1),(8913,37,'references','10',1),(8914,37,'references','13',1),(8915,37,'references','17',1),(8916,37,'references','20',1),(8917,37,'applies','22',1),(8918,37,'references','23',1),(8919,37,'applies','27',1),(8920,37,'references','35',1),(8921,37,'references','55',1),(8922,37,'references','56',1),(8923,37,'references','57',1),(8924,37,'references','61',1),(8925,37,'references','24',1),(8926,37,'references','45',1),(8983,40,'references','5',12),(8984,40,'references','32',12),(8985,40,'extends','36',12),(8986,40,'references','5',3),(8987,40,'references','32',3),(8988,40,'extends','36',3),(8991,50,'references','2',12),(8992,50,'references','4',12),(8993,50,'references','3',12),(8994,50,'references','2',3),(8995,50,'references','3',3),(8996,50,'references','4',3),(8997,55,'extends','1',12),(8998,55,'extends, implements','3',12),(8999,55,'extends','4',12),(9000,55,'references','5',12),(9001,55,'extends','1',3),(9002,55,'extends, implements','3',3),(9003,55,'extends','4',3),(9004,55,'references','5',3),(9005,32,'formalizes, extends','10',2),(9006,32,'formalizes, extends','11',2),(9007,32,'references','22',2),(9008,32,'references','23',2),(9009,32,'formalizes, extends','10',3),(9010,32,'formalizes, extends','11',3),(9011,32,'references','22',3),(9012,32,'references','23',3),(9013,37,'references','6',3),(9014,37,'references','10',3),(9015,37,'references','13',3),(9016,37,'references','14',3),(9017,37,'applies','15',3),(9018,37,'references','17',3),(9019,37,'references','20',3),(9020,37,'applies','22',3),(9021,37,'references','23',3),(9022,37,'references','24',3),(9023,37,'applies','27',3),(9024,37,'references','33',3),(9025,37,'extends','34',3),(9026,37,'references','35',3),(9027,37,'references','36',3),(9028,37,'references','38',3),(9029,37,'references','45',3),(9030,37,'references','55',3),(9031,37,'references','56',3),(9032,37,'references','57',3),(9033,37,'references','58',3),(9034,37,'extends','59',3),(9035,37,'applies','60',3),(9036,37,'references','61',3),(9037,37,'references','62',3),(9038,37,'references','40',3),(9039,37,'references','10',2),(9040,37,'references','13',2),(9041,37,'references','14',2),(9042,37,'applies','15',2),(9043,37,'references','17',2),(9044,37,'references','20',2),(9045,37,'applies','22',2),(9046,37,'references','23',2),(9047,37,'references','24',2),(9048,37,'applies','27',2),(9049,37,'references','33',2),(9050,37,'extends','34',2),(9051,37,'references','35',2),(9052,37,'references','36',2),(9053,37,'references','40',2),(9054,37,'references','45',2),(9055,37,'references','55',2),(9056,37,'references','56',2),(9057,37,'references','57',2),(9058,37,'references','58',2),(9059,37,'extends','59',2),(9060,37,'applies','60',2),(9061,37,'references','61',2),(9062,37,'references','62',2),(9063,37,'references','6',2),(9064,37,'references','38',2),(9065,42,'extends','1',2),(9066,42,'extends','2',2),(9067,42,'applies','14',2),(9068,42,'applies','15',2),(9069,42,'extends','16',2),(9070,42,'references','22',2),(9071,42,'extends','1',3),(9072,42,'extends','2',3),(9073,42,'applies','14',3),(9074,42,'applies','15',3),(9075,42,'extends','16',3),(9076,42,'references','22',3),(9090,47,'references','3',3),(9091,47,'references','15',3),(9092,47,'integratesWith','16',3),(9093,47,'integratesWith','17',3),(9094,47,'applies','18',3),(9095,47,'integratesWith','47',3),(9096,47,'extends','48',3),(9097,47,'references','49',3),(9098,47,'references','50',3),(9099,47,'references','59',3),(9100,47,'references','64',3),(9101,47,'references','65',3),(9102,47,'references','85',3),(9106,52,'references','4',3),(9107,52,'references','19',3),(9108,52,'extends','24',3),(9118,34,'references','2',4),(9119,34,'references','8',4),(9120,34,'extends, applies','9',4),(9121,34,'applies','26',4),(9122,34,'references','31',4),(9123,34,'references','33',4),(9124,34,'references','2',3),(9125,34,'references','8',3),(9126,34,'extends, applies','9',3),(9127,34,'applies','26',3),(9128,34,'references','31',3),(9129,34,'references','33',3),(9153,39,'extends','10',4),(9154,39,'references','14',4),(9155,39,'references','17',4),(9156,39,'references','20',4),(9157,39,'references','30',4),(9158,39,'references','31',4),(9159,39,'references','36',4),(9160,39,'references','51',4),(9161,39,'references','52',4),(9162,39,'references','53',4),(9163,39,'applies','5',4),(9164,39,'references','6',4),(9165,39,'applies','12',4),(9166,39,'applies','15',4),(9167,39,'extends','21',4),(9168,39,'extends','22',4),(9169,39,'references','23',4),(9170,39,'integratesWith','27',4),(9171,39,'implements','32',4),(9172,39,'integratesWith','33',4),(9173,39,'references','34',4),(9174,39,'references','35',4),(9175,39,'references','40',4),(9176,39,'applies','5',3),(9177,39,'references','6',3),(9178,39,'extends','10',3),(9179,39,'applies','12',3),(9180,39,'references','14',3),(9181,39,'extends','15',3),(9182,39,'references','17',3),(9183,39,'references','20',3),(9184,39,'extends','21',3),(9185,39,'extends','22',3),(9186,39,'references','23',3),(9187,39,'extends','27',3),(9188,39,'references','30',3),(9189,39,'references','31',3),(9190,39,'implements','32',3),(9191,39,'extends','33',3),(9192,39,'references','34',3),(9193,39,'references','35',3),(9194,39,'references','36',3),(9195,39,'references','40',3),(9196,39,'references','51',3),(9197,39,'references','52',3),(9198,39,'references','53',3),(9205,44,'extends','19',4),(9206,44,'references','20',4),(9207,44,'references','21',4),(9208,44,'extends, applies','22',4),(9209,44,'references','23',4),(9210,44,'references','24',4),(9211,44,'extends','19',3),(9212,44,'references','20',3),(9213,44,'references','21',3),(9214,44,'extends, applies','22',3),(9215,44,'references','23',3),(9216,44,'references','24',3),(9217,49,'extends','12',4),(9218,49,'extends','13',4),(9219,49,'extends','12',3),(9220,49,'extends','13',3),(9267,41,'references','7',3),(9268,41,'applies','9',3),(9269,41,'references','10',3),(9270,41,'references','19',3),(9271,41,'references','20',3),(9272,41,'references','27',3),(9273,41,'references','38',3),(9274,41,'references','40',3),(9275,41,'references','42',3),(9276,41,'references','46',3),(9287,46,'references','1',1),(9288,46,'extends','5',1),(9289,46,'references','13',1),(9290,46,'references','19',1),(9291,46,'references','1',3),(9292,46,'extends','5',3),(9293,46,'references','13',3),(9294,46,'references','19',3),(9311,51,'references','7',3),(9312,51,'references','11',3),(9313,51,'references','12',3),(9314,51,'references','13',3),(9315,51,'references','24',3),(9316,51,'references','25',3),(9317,51,'references','26',3),(9318,51,'references','27',3),(9319,42,'extends, references','1',7),(9320,42,'references','2',7),(9321,42,'extends, references','16',7),(9322,42,'references','14',7),(9323,42,'references','15',7),(9324,42,'extends','2',1),(9325,42,'references','14',1),(9326,42,'extends','16',1),(9327,42,'extends','1',1),(9328,42,'references','15',1),(9376,31,'extends','1',4),(9377,31,'extends','2',4),(9378,31,'references','11',4),(9379,31,'references','8',4),(9380,31,'references','10',4),(9381,31,'references','13',4),(9382,31,'references','20',4),(9383,31,'references','23',4),(9384,31,'references','26',4),(9385,31,'references','27',4),(9386,31,'applies','22',4),(9387,31,'integratesWith, extends','25',4),(9430,41,'references','7',4),(9431,41,'extends','9',4),(9432,41,'references','10',4),(9433,41,'references','19',4),(9434,41,'references','20',4),(9435,41,'references','40',4),(9436,41,'references','46',4),(9437,41,'references','27',4),(9438,41,'applies','38',4),(9439,41,'','42',4),(9440,41,'references','7',2),(9441,41,'extends','9',2),(9442,41,'references','10',2),(9443,41,'references','19',2),(9444,41,'references','20',2),(9445,41,'references','27',2),(9446,41,'applies','38',2),(9447,41,'references','40',2),(9448,41,'references','46',2),(9449,41,'references','42',2),(9462,46,'integratesWith','1',2),(9463,46,'integratesWith, extends','5',2),(9464,46,'references','13',2),(9465,46,'references','19',2),(9466,46,'integratesWith','1',4),(9467,46,'references','19',4),(9468,46,'integratesWith, extends','5',4),(9469,46,'references','13',4),(9470,51,'references','6',2),(9471,51,'references','7',2),(9472,51,'references','11',2),(9473,51,'references','12',2),(9474,51,'references','13',2),(9475,51,'references','24',2),(9476,51,'references','25',2),(9477,51,'references','26',2),(9478,51,'references','27',2),(9479,51,'references','6',4),(9480,51,'references','7',4),(9481,51,'references','11',4),(9482,51,'references','12',4),(9483,51,'references','24',4),(9484,51,'references','25',4),(9485,51,'references','26',4),(9486,51,'references','27',4),(9487,51,'references','13',4),(9491,52,'references','4',1),(9492,52,'extends','24',1),(9493,52,'extends','25',1),(9494,33,'applies','3',12),(9495,33,'applies','4',12),(9496,33,'references','6',12),(9497,33,'references','10',12),(9498,33,'references','13',12),(9499,33,'applies','17',12),(9500,33,'applies','18',12),(9501,33,'references','20',12),(9502,33,'references','27',12),(9503,33,'applies','21',12),(9514,38,'references','1',12),(9515,38,'references','2',12),(9516,38,'extends','4',12),(9517,38,'references','5',12),(9518,38,'applies','6',12),(9519,38,'references','7',12),(9520,38,'references','10',12),(9521,38,'references','12',12),(9522,38,'references','15',12),(9523,38,'references','16',12),(9524,38,'references','17',12),(9525,38,'references','18',12),(9526,38,'references','19',12),(9527,38,'references','20',12),(9528,38,'references','1',2),(9529,38,'references','2',2),(9530,38,'extends','4',2),(9531,38,'references','5',2),(9532,38,'applies','6',2),(9533,38,'references','7',2),(9534,38,'references','10',2),(9535,38,'references','12',2),(9536,38,'references','15',2),(9537,38,'references','16',2),(9538,38,'references','17',2),(9539,38,'references','18',2),(9540,38,'references','19',2),(9541,38,'references','20',2),(9577,43,'references','1',12),(9578,43,'applies','2',12),(9579,43,'references','3',12),(9580,43,'references','4',12),(9581,43,'extends','7',12),(9582,43,'extends','8',12),(9583,43,'references','9',12),(9584,43,'references','16',12),(9585,43,'references','18',12),(9586,43,'references','27',12),(9587,43,'extends','28',12),(9588,43,'extends','37',12),(9589,43,'references','41',12),(9590,43,'references','42',12),(9591,43,'references','45',12),(9592,43,'references','32',12),(9593,43,'references','46',12),(9594,43,'references','47',12),(9595,43,'references','48',12),(9596,43,'references','15',12),(9597,43,'references','5',12),(9598,43,'references','1',2),(9599,43,'applies','2',2),(9600,43,'references','3',2),(9601,43,'references','4',2),(9602,43,'references','5',2),(9603,43,'extends','7',2),(9604,43,'extends','8',2),(9605,43,'references','9',2),(9606,43,'references','16',2),(9607,43,'references','18',2),(9608,43,'references','27',2),(9609,43,'extends','28',2),(9610,43,'extends','37',2),(9611,43,'references','41',2),(9612,43,'references','42',2),(9613,43,'references','32',2),(9614,43,'references','46',2),(9615,43,'references','47',2),(9616,43,'references','48',2),(9617,43,'references','15',2),(9618,48,'integratesWith, extends','5',12),(9619,48,'integratesWith, extends','6',12),(9620,48,'references','7',12),(9621,48,'integratesWith','13',12),(9622,48,'references','14',12),(9623,48,'references','15',12),(9624,48,'integratesWith','25',12),(9625,48,'references','28',12),(9626,48,'references','29',12),(9627,48,'integratesWith','12',12),(9628,48,'','2',12),(9629,48,'','3',12),(9630,48,'integratesWith, extends','5',2),(9631,48,'integratesWith, extends','6',2),(9632,48,'references','7',2),(9633,48,'integratesWith','13',2),(9634,48,'references','14',2),(9635,48,'references','15',2),(9636,48,'integratesWith','25',2),(9637,48,'references','28',2),(9638,48,'references','29',2),(9639,48,'integratesWith','12',2),(9650,39,'applies','5',12),(9651,39,'references','6',12),(9652,39,'extends','10',12),(9653,39,'references','12',12),(9654,39,'references','14',12),(9655,39,'references','17',12),(9656,39,'references','20',12),(9657,39,'integratesWith, extends','21',12),(9658,39,'integratesWith, extends','22',12),(9659,39,'integratesWith, extends','27',12),(9660,39,'references','30',12),(9661,39,'references','31',12),(9662,39,'applies','32',12),(9663,39,'integratesWith, extends','33',12),(9664,39,'references','34',12),(9665,39,'references','35',12),(9666,39,'references','36',12),(9667,39,'references','40',12),(9668,39,'references','51',12),(9669,39,'references','52',12),(9670,39,'references','53',12),(9671,39,'extends','10',1),(9672,39,'references','17',1),(9673,39,'references','20',1),(9674,39,'integratesWith, extends','27',1),(9675,39,'applies','32',1),(9676,39,'references','36',1),(9677,39,'references','52',1),(9678,39,'applies','5',1),(9679,39,'references','6',1),(9680,39,'references','12',1),(9681,39,'references','14',1),(9682,39,'integratesWith, extends','21',1),(9683,39,'integratesWith, extends','22',1),(9684,39,'references','30',1),(9685,39,'references','31',1),(9686,39,'integratesWith, extends','33',1),(9687,39,'references','34',1),(9688,39,'references','35',1),(9689,39,'references','40',1),(9690,39,'references','51',1),(9691,39,'references','53',1),(9692,44,'extends','19',1),(9693,44,'references','20',1),(9694,44,'references','21',1),(9695,44,'references','23',1),(9696,44,'references','22',1),(9697,44,'references','24',1),(9698,44,'extends','19',12),(9699,44,'references','20',12),(9700,44,'references','21',12),(9701,44,'references','22',12),(9702,44,'references','23',12),(9703,44,'references','24',12),(9704,49,'extends','12',1),(9705,49,'extends','12',12),(9712,34,'references','2',2),(9713,34,'references','8',2),(9714,34,'extends','9',2),(9715,34,'extends','26',2),(9716,34,'references','31',2),(9717,34,'references','33',2),(9760,43,'extends','1',1),(9761,43,'references','2',1),(9762,43,'references','3',1),(9763,43,'references','4',1),(9764,43,'extends','8',1),(9765,43,'references','18',1),(9766,43,'references','27',1),(9767,43,'references','37',1),(9768,43,'references','42',1),(9769,43,'references','45',1),(9770,43,'references','28',1),(9771,43,'references','32',1),(9772,43,'extends','1',4),(9773,43,'extends','8',4),(9774,43,'references','2',4),(9775,43,'references','3',4),(9776,43,'references','4',4),(9777,43,'references','18',4),(9778,43,'references','27',4),(9779,43,'references','28',4),(9780,43,'references','42',4),(9781,43,'references','45',4),(9782,43,'references','32',4),(9783,43,'references','37',4),(9796,31,'applies','1',2),(9797,31,'extends','2',2),(9798,31,'references','8',2),(9799,31,'references','10',2),(9800,31,'references','11',2),(9801,31,'references','13',2),(9802,31,'references','20',2),(9803,31,'applies','22',2),(9804,31,'references','23',2),(9805,31,'integratesWith, extends','25',2),(9806,31,'references','26',2),(9807,31,'references','27',2),(9820,31,'applies','1',3),(9821,31,'references','2',3),(9822,31,'references','8',3),(9823,31,'references','10',3),(9824,31,'references','11',3),(9825,31,'references','13',3),(9826,31,'references','20',3),(9827,31,'applies','22',3),(9828,31,'references','23',3),(9829,31,'references','25',3),(9830,31,'references','26',3),(9831,31,'references','27',3),(9842,31,'applies','1',1),(9843,31,'references','2',1),(9844,31,'references','8',1),(9845,31,'references','10',1),(9846,31,'references','13',1),(9847,31,'references','20',1),(9848,31,'references','23',1),(9849,31,'references','26',1),(9850,31,'references','27',1),(9851,31,'references','11',1),(9852,31,'applies','22',1),(9853,31,'references','25',1),(9854,33,'applies','3',3),(9855,33,'extends','4',3),(9856,33,'references','6',3),(9857,33,'references','10',3),(9858,33,'references','13',3),(9859,33,'references','17',3),(9860,33,'applies','18',3),(9861,33,'references','20',3),(9862,33,'extends','21',3),(9863,33,'references','27',3),(9864,33,'references','6',4),(9865,33,'references','10',4),(9866,33,'references','13',4),(9867,33,'applies','17',4),(9868,33,'references','18',4),(9869,33,'references','27',4),(9870,33,'applies','3',4),(9871,33,'references','6',1),(9872,33,'references','10',1),(9873,33,'references','13',1),(9874,33,'applies','17',1),(9875,33,'references','27',1),(9876,33,'references','18',1),(9877,33,'applies','3',1),(9878,34,'references','2',12),(9879,34,'references','8',12),(9880,34,'formalizes, extends','9',12),(9881,34,'references','26',12),(9882,34,'references','31',12),(9888,33,'applies','3',2),(9889,33,'applies','4',2),(9890,33,'references','6',2),(9891,33,'references','10',2),(9892,33,'references','13',2),(9893,33,'applies','17',2),(9894,33,'applies','18',2),(9895,33,'references','20',2),(9896,33,'applies','21',2),(9897,33,'references','27',2),(9898,34,'references','2',7),(9899,34,'references','8',7),(9900,34,'extends','9',7),(9901,34,'extends','26',7),(9902,34,'references','31',7),(9903,34,'references','33',7),(9904,34,'references','2',1),(9905,34,'references','8',1),(9906,34,'formalizes, extends','9',1),(9907,34,'references','26',1),(9908,34,'references','31',1),(9940,35,'references','2',2),(9941,35,'applies','4',2),(9942,35,'references','6',2),(9943,35,'references','7',2),(9944,35,'references','8',2),(9945,35,'references','9',2),(9946,35,'references','12',2),(9947,35,'references','13',2),(9948,35,'references','14',2),(9949,35,'applies','15',2),(9950,35,'evaluates','16',2),(9951,35,'references','17',2),(9952,35,'references','18',2),(9953,35,'references','19',2),(9954,35,'references','20',2),(9955,35,'references','21',2),(9956,35,'integratesWith','23',2),(9957,35,'references','11',2),(9975,35,'references','2',1),(9976,35,'references','9',1),(9977,35,'references','12',1),(9978,35,'references','13',1),(9979,35,'references','14',1),(9980,35,'applies','15',1),(9981,35,'evaluates','16',1),(9982,35,'references','18',1),(9983,35,'references','20',1),(9984,35,'references','21',1),(9985,35,'applies','4',1),(9986,35,'references','6',1),(9987,35,'references','7',1),(9988,35,'references','8',1),(9989,35,'references','17',1),(9990,35,'references','19',1),(9991,35,'integratesWith','23',1),(9992,35,'references','11',1),(10013,35,'references','2',3),(10014,35,'references','4',3),(10015,35,'references','6',3),(10016,35,'references','7',3),(10017,35,'references','8',3),(10018,35,'references','9',3),(10019,35,'references','11',3),(10020,35,'references','12',3),(10021,35,'references','13',3),(10022,35,'references','14',3),(10023,35,'applies','15',3),(10024,35,'integratesWith, evaluates, applies','16',3),(10025,35,'references','17',3),(10026,35,'references','18',3),(10027,35,'references','19',3),(10028,35,'references','20',3),(10029,35,'references','21',3),(10030,35,'integratesWith','23',3),(10068,36,'references','1',1),(10069,36,'extends','3',1),(10070,36,'references','5',1),(10071,36,'applies','8',1),(10072,36,'applies','11',1),(10073,36,'references','4',1),(10074,36,'references','12',1),(10075,36,'references','14',1),(10076,36,'references','1',3),(10077,36,'references','15',1),(10078,36,'extends','3',3),(10079,36,'references','4',3),(10080,36,'references','5',3),(10081,36,'applies','8',3),(10082,36,'applies','11',3),(10083,36,'references','12',3),(10084,36,'references','14',3),(10085,36,'references','15',3),(10086,36,'references','1',2),(10087,36,'references','3',2),(10088,36,'references','4',2),(10089,36,'references','5',2),(10090,36,'applies','8',2),(10091,36,'references','11',2),(10092,36,'references','12',2),(10093,36,'references','14',2),(10094,36,'references','15',2),(10095,36,'references','1',4),(10096,36,'references','3',4),(10097,36,'references','4',4),(10098,36,'references','5',4),(10099,36,'applies','8',4),(10100,36,'references','15',4),(10101,36,'references','11',4),(10102,36,'references','12',4),(10103,36,'references','14',4),(10111,38,'references','1',1),(10112,38,'applies','6',1),(10113,38,'references','12',1),(10114,38,'references','15',1),(10115,38,'references','16',1),(10116,38,'references','17',1),(10117,38,'references','18',1),(10118,38,'references','19',1),(10119,38,'references','2',1),(10120,38,'references','10',1),(10121,38,'references','1',4),(10122,38,'references','2',4),(10123,38,'applies','6',4),(10124,38,'references','10',4),(10125,38,'references','12',4),(10126,38,'references','15',4),(10127,38,'references','16',4),(10128,38,'references','17',4),(10129,38,'references','18',4),(10130,38,'references','19',4),(10131,38,'references','1',7),(10132,38,'extends','2',7),(10133,38,'references','6',7),(10134,38,'references','9',7),(10135,38,'references','12',7),(10136,38,'references','16',7),(10137,38,'references','17',7),(10138,38,'references','18',7),(10139,38,'extends','4',7),(10140,38,'references','10',7),(10141,38,'references','15',7),(10142,38,'references','19',7),(10143,41,'references','7',1),(10144,41,'references','10',1),(10145,41,'references','19',1),(10146,41,'references','38',1),(10147,41,'references','40',1),(10148,41,'applies','9',1),(10149,41,'references','20',1),(10150,41,'','27',1),(10151,41,'references','42',1),(10152,41,'references','46',1),(10168,43,'references','1',3),(10169,43,'applies','2',3),(10170,43,'references','3',3),(10171,43,'references','4',3),(10172,43,'applies','8',3),(10173,43,'references','9',3),(10174,43,'evaluates','16',3),(10175,43,'references','18',3),(10176,43,'references','27',3),(10177,43,'references','28',3),(10178,43,'references','32',3),(10179,43,'references','37',3),(10180,43,'references','41',3),(10181,43,'references','42',3),(10182,43,'references','46',3),(10183,43,'references','47',3),(10184,43,'references','1',7),(10185,43,'applies','2',7),(10186,43,'references','3',7),(10187,43,'references','4',7),(10188,43,'references','18',7),(10189,43,'references','27',7),(10190,43,'references','32',7),(10191,43,'references','42',7),(10192,43,'applies','8',7),(10193,43,'references','9',7),(10194,43,'evaluates','16',7),(10195,43,'references','28',7),(10196,43,'references','37',7),(10197,43,'references','41',7),(10198,43,'references','46',7),(10199,43,'references','47',7),(10200,47,'references','3',2),(10201,47,'references','15',2),(10202,47,'integratesWith, extends','16',2),(10203,47,'integratesWith, extends','17',2),(10204,47,'applies','18',2),(10205,47,'integratesWith, extends','47',2),(10206,47,'extends','48',2),(10207,47,'references','49',2),(10208,47,'references','50',2),(10209,47,'references','64',2),(10210,47,'references','65',2),(10211,47,'references','85',2),(10212,47,'references','59',2),(10237,47,'references','3',7),(10238,47,'references','15',7),(10239,47,'references','49',7),(10240,47,'references','76',7),(10241,47,'integratesWith, extends','16',7),(10242,47,'references','65',7),(10243,47,'integratesWith, extends','17',7),(10244,47,'references','24',7),(10245,47,'references','50',7),(10246,47,'integratesWith, extends','47',7),(10247,47,'references','18',7),(10248,47,'extends','48',7),(10249,47,'references','85',7),(10257,45,'references','5',12),(10258,45,'references','6',12),(10259,45,'extends','7',12),(10260,45,'extends','9',12),(10261,45,'references','17',12),(10262,45,'references','18',12),(10263,45,'references','21',12),(10264,45,'references','5',2),(10265,45,'references','6',2),(10266,45,'extends','7',2),(10267,45,'extends','9',2),(10268,45,'references','17',2),(10269,45,'references','18',2),(10270,45,'references','21',2),(10271,45,'references','5',1),(10272,45,'references','6',1),(10273,45,'extends','9',1),(10274,45,'references','17',1),(10275,45,'references','21',1),(10276,45,'references','7',1),(10277,45,'references','18',1),(10285,47,'references','3',1),(10286,47,'references','15',1),(10287,47,'integratesWith, extends','16',1),(10288,47,'integratesWith, extends','17',1),(10289,47,'applies','18',1),(10290,47,'integratesWith, extends','47',1),(10291,47,'extends','48',1),(10292,47,'references','49',1),(10293,47,'references','24',1),(10294,47,'references','50',1),(10295,47,'references','85',1),(10296,47,'references','3',12),(10297,47,'references','15',12),(10298,47,'integratesWith, extends','16',12),(10299,47,'integratesWith, extends','17',12),(10300,47,'references','18',12),(10301,47,'integratesWith, extends','47',12),(10302,47,'extends','48',12),(10303,47,'extends','49',12),(10304,47,'references','50',12),(10305,47,'references','64',12),(10306,47,'references','65',12),(10307,47,'references','85',12),(10308,47,'references','76',12),(10309,47,'references','3',4),(10310,47,'references','15',4),(10311,47,'integratesWith','16',4),(10312,47,'integratesWith','17',4),(10313,47,'references','18',4),(10314,47,'integratesWith','47',4),(10315,47,'extends','48',4),(10316,47,'extends','49',4),(10317,47,'references','64',4),(10318,47,'references','65',4),(10319,47,'references','76',4),(10320,47,'references','85',4),(10321,47,'references','50',4),(10322,52,'references','4',7),(10323,52,'extends, references','24',7),(10324,52,'extends, references','25',7),(10325,52,'references','4',2),(10326,52,'references','19',2),(10327,52,'extends','24',2),(10328,51,'references','13',1),(10329,51,'references','7',1),(10330,51,'references','11',1),(10331,51,'references','12',1),(10332,51,'references','24',1),(10333,51,'references','25',1),(10334,51,'references','26',1),(10335,51,'references','27',1),(10340,32,'references','11',1),(10341,32,'references','10',1),(10342,32,'references','17',1),(10343,32,'references','22',1),(10344,32,'references','10',7),(10345,32,'references','11',7),(10346,32,'references','17',7),(10347,32,'references','22',7),(10348,35,'references','2',7),(10349,35,'references','6',7),(10350,35,'references','18',7),(10351,35,'references','23',7),(10352,35,'applies','4',7),(10353,35,'references','9',7),(10354,35,'references','12',7),(10355,35,'references','13',7),(10356,35,'references','14',7),(10357,35,'applies','15',7),(10358,35,'evaluates','16',7),(10359,35,'references','20',7),(10360,35,'references','21',7),(10361,35,'references','7',7),(10362,35,'references','8',7),(10363,35,'references','11',7),(10364,35,'references','19',7),(10365,35,'references','2',4),(10366,35,'applies','4',4),(10367,35,'references','7',4),(10368,35,'references','8',4),(10369,35,'references','9',4),(10370,35,'references','11',4),(10371,35,'references','12',4),(10372,35,'references','13',4),(10373,35,'references','14',4),(10374,35,'applies','15',4),(10375,35,'evaluates','16',4),(10376,35,'references','18',4),(10377,35,'references','19',4),(10378,35,'references','20',4),(10379,35,'references','21',4),(10380,35,'references','23',4),(10381,35,'references','6',4),(10382,40,'references','5',7),(10383,40,'applies','32',7),(10384,40,'applies','36',7),(10385,40,'references','5',4),(10386,40,'applies','32',4),(10387,40,'applies','36',4),(10388,45,'references','5',7),(10389,45,'references','6',7),(10390,45,'extends','9',7),(10391,45,'references','18',7),(10392,45,'references','21',7),(10393,45,'extends','7',7),(10394,45,'references','17',7),(10395,45,'references','5',4),(10396,45,'evaluates, references','6',4),(10397,45,'extends','7',4),(10398,45,'extends','9',4),(10399,45,'references','17',4),(10400,45,'references','18',4),(10401,45,'references','21',4),(10404,50,'references','2',4),(10405,50,'references','4',4),(10406,50,'references','2',7),(10407,50,'references','4',7),(10408,55,'extends','1',4),(10409,55,'references','5',4),(10410,55,'extends','1',7),(10411,55,'references','5',7),(10412,31,'applies','2',12),(10413,31,'references','8',12),(10414,31,'references','10',12),(10415,31,'references','13',12),(10416,31,'references','20',12),(10417,31,'references','23',12),(10418,31,'references','25',12),(10419,31,'references','26',12),(10420,31,'references','27',12),(10421,31,'applies','22',12),(10422,31,'applies','2',7),(10423,31,'references','8',7),(10424,31,'references','10',7),(10425,31,'references','13',7),(10426,31,'references','20',7),(10427,31,'references','26',7),(10428,31,'references','27',7),(10429,31,'applies','22',7),(10430,31,'references','23',7),(10431,31,'references','25',7),(10432,36,'references','1',7),(10433,36,'references','3',7),(10434,36,'references','5',7),(10435,36,'applies','8',7),(10436,36,'applies','11',7),(10437,36,'references','14',7),(10438,36,'references','15',7),(10439,36,'references','4',7),(10440,36,'references','12',7),(10441,36,'references','1',12),(10442,36,'references','3',12),(10443,36,'references','4',12),(10444,36,'references','5',12),(10445,36,'applies','8',12),(10446,36,'applies','11',12),(10447,36,'references','12',12),(10448,36,'references','14',12),(10449,36,'references','15',12),(10450,41,'references','7',12),(10451,41,'extends','9',12),(10452,41,'references','10',12),(10453,41,'references','19',12),(10454,41,'references','20',12),(10455,41,'references','27',12),(10456,41,'applies','38',12),(10457,41,'references','40',12),(10458,41,'references','42',12),(10459,41,'references','46',12),(10460,41,'references','10',7),(10461,41,'references','46',7),(10462,41,'applies','38',7),(10463,41,'references','40',7),(10464,41,'references','7',7),(10465,41,'extends','9',7),(10466,41,'references','19',7),(10467,41,'references','20',7),(10468,41,'references','27',7),(10469,41,'references','42',7),(10470,41,'references','46',7),(10471,46,'integratesWith','1',7),(10472,46,'integratesWith, extends','5',7),(10473,46,'references','13',7),(10474,46,'references','19',7),(10475,51,'references','12',7),(10476,51,'references','13',7),(10477,51,'references','24',7),(10478,51,'references','26',7),(10479,51,'','25',7),(10480,51,'references','7',7),(10481,51,'references','11',7),(10482,51,'references','27',7),(10483,39,'applies','5',2),(10484,39,'references','6',2),(10485,39,'references','10',2),(10486,39,'references','12',2),(10487,39,'references','14',2),(10488,39,'references','17',2),(10489,39,'references','20',2),(10490,39,'integratesWith, extends','21',2),(10491,39,'integratesWith, extends','22',2),(10492,39,'integratesWith','27',2),(10493,39,'references','30',2),(10494,39,'references','31',2),(10495,39,'applies','32',2),(10496,39,'integratesWith','33',2),(10497,39,'references','34',2),(10498,39,'references','35',2),(10499,39,'references','36',2),(10500,39,'references','40',2),(10501,39,'references','51',2),(10502,39,'references','52',2),(10503,39,'references','53',2),(10504,39,'references','15',2),(10505,39,'references','23',2),(10506,39,'references','10',7),(10507,39,'references','17',7),(10508,39,'references','20',7),(10509,39,'references','52',7),(10510,39,'applies','5',7),(10511,39,'references','6',7),(10512,39,'references','40',7),(10513,39,'references','15',7),(10514,39,'references','23',7),(10515,39,'references','34',7),(10516,39,'references','36',7),(10517,39,'integratesWith, extends','21',7),(10518,39,'integratesWith, extends','22',7),(10519,39,'references','12',7),(10520,39,'references','14',7),(10521,39,'integratesWith','27',7),(10522,39,'references','30',7),(10523,39,'integratesWith','33',7),(10524,39,'references','31',7),(10525,39,'references','30',7),(10526,39,'references','32',7),(10527,39,'references','35',7),(10528,39,'references','51',7),(10529,39,'references','53',7),(10530,44,'extends','19',7),(10531,44,'references','20',7),(10532,44,'references','21',7),(10533,44,'references','23',7),(10534,44,'references','22',7),(10535,44,'references','24',7),(10536,44,'extends','19',2),(10537,44,'references','20',2),(10538,44,'references','21',2),(10539,44,'references','22',2),(10540,44,'references','23',2),(10541,44,'references','24',2),(10542,49,'extends','12',7),(10543,49,'extends','12',2),(10544,48,'integratesWith','5',1),(10545,48,'integratesWith','6',1),(10546,48,'references','14',1),(10547,48,'references','7',1),(10548,48,'references','15',1),(10549,48,'applies','25',1),(10550,48,'integratesWith','5',4),(10551,48,'integratesWith','6',4),(10552,48,'references','7',4),(10553,48,'references','14',4),(10554,48,'references','15',4),(10555,48,'applies','25',4),(10556,53,'references','1',1),(10557,53,'extends','17',1),(10558,53,'applies','2',1),(10559,53,'references','1',4),(10560,53,'applies','2',4),(10561,53,'extends','17',4);

--
-- Temporary table structure for view `IRC_referencesAllIncluded`
--

/*!50001 DROP VIEW IF EXISTS `IRC_referencesAllIncluded`*/;
/*!50001 CREATE TABLE `IRC_referencesAllIncluded` (
  `IRC_paper_id` tinyint NOT NULL,
  `reference` tinyint NOT NULL
) ENGINE=MyISAM */;

--
-- Table structure for table `affiliations`
--

CREATE TABLE `affiliations` (
  `ID` int(11) NOT NULL AUTO_INCREMENT,
  `name` varchar(100) CHARACTER SET utf8 NOT NULL,
  `state` varchar(45) CHARACTER SET utf8 DEFAULT NULL,
  PRIMARY KEY (`ID`)
) ENGINE=InnoDB AUTO_INCREMENT=424 DEFAULT CHARSET=latin1;

--
-- Dumping data for table `affiliations`
--

INSERT INTO `affiliations` VALUES (2,'missingAffiliation',NULL),(62,'missingAffiliati','AF'),(63,'Universite catholique de Louvain','BE'),(64,'University of Toronto','CA'),(65,'University of Texas at Dallas','US'),(66,'City University of Hong Kong','HK'),(67,'Universsity of Toronto','CA'),(68,'University of Trento','IT'),(69,'okyo Institute of Technology','JP'),(70,'Shinshu University','JP'),(71,'Universitat Politècnica de Catalunya','ES'),(72,'City University London','GB'),(73,'Université Paris-1 Sorbonne','FR'),(74,'Université catholique de Louvain','BE'),(75,' Aachen University of Technology','DE'),(76,'Aachen University of Technology','DE'),(77,'University of New South Wales','AU'),(78,'University of Ottowa','CA'),(79,'Carleton University','CA'),(80,'Ottawa Health Research Institute','CA'),(81,'BiZZdesign','NL'),(82,'Novay','NL'),(83,'University of Twente ','NL'),(84,'Lancaster University','AF'),(85,'Loughborough University','AF'),(86,'Consultant','US'),(87,'Monmouth University','US'),(88,'Old Dominion University','US'),(89,'PUC-Rio','BR'),(90,'The Open University','GB'),(91,'Technical University of Catalonia','ES'),(92,'FBK-irst','IT'),(93,'Mustafa Kemal University','TR'),(94,'University of Modena and Reggio Emilia','AF'),(95,'University of Namur','BE'),(96,'Vrije Universiteit','NL'),(97,'Tsinghua University','CN'),(98,'University of Louvain','BE'),(99,'UniversitÈ catholique de Louvain','BE'),(100,'University College London','GB'),(101,'Universidade Nova de Lisboa','PT'),(102,'Siemens Corporate Research','US'),(103,'Technische Universität München','DE'),(104,'Michigan State University','US'),(105,'York University','CA'),(106,'Universitat Politecnica de Catalunya','ES'),(107,' University of New South Wales','AU'),(108,'La Trobe University, Melbourne','AU'),(109,'Politecnico di Milano','IT'),(110,'Cefriel','IT'),(111,'Politecnico di Milano and Cefriel','AF'),(112,'Vienna University of Economics','AT'),(113,'BA','AT'),(114,'Universit`a dell’Insubria','IT'),(115,'Vienna University of Economics and BA','AT'),(116,'The University of Tokyo','JP'),(117,'Nihon Unisys','JP'),(118,'University of the Aegean','GR'),(119,'University of Manchester','GB'),(120,'Ecole Polytechnique Fédérale de Lausanne','CH'),(121,'Bournemouth University,','GB'),(122,'National ICT Australia','AU'),(123,'Fed. Univ. of Espirito Santo','BR'),(124,'CETIC Research Center','AF'),(125,'Universidade Federal de Pernambuco','BR'),(126,'Universidade Federal do Rio Grande do Norte','BR'),(127,'Universidade Federal da Paraíba','BR'),(128,'Federal University of Espírito Santo','BR'),(129,'Universiteit Utrecht','NL'),(130,'University of Nebraska at Omaha','US'),(131,'University of Victoria','CA'),(132,'Deloitte Consulting','BE'),(133,'Ghent University','BE'),(134,'University of Reading','GB'),(135,'UCL','GB'),(136,'Oxford Brookes University','GB'),(137,'The University of Texas at Dallas','US'),(138,'INRIA','FR'),(139,'UniversiteÌ catholique de Louvain','BE'),(140,'PontifiÌcia Universidade CatoÌlica do Rio d','BR'),(141,'University of Bologna','IT'),(142,'Fondazione Bruno Kessler','AF'),(143,' Imperial College London','GB'),(144,'University of Buenos Aires','AR'),(145,' Lancaster University','AF'),(146,'Rutgers University','US'),(147,'Pontif Ìıcia Universidade Cato Ìlica do Ri','BR'),(148,'University of Amsterdam','NL'),(149,'New University of Lisbon','PT'),(150,'DePaul University','US'),(151,'Wayne State University','US'),(152,'University of Porto','PT'),(153,'Texas State University-San Marcos','US'),(154,'The University of Auckland','NZ'),(155,'Iowa State University','US'),(156,' Telenor R&I Service Platforms','NO'),(157,'Technische Universität München','DE'),(158,'University of Dhaka','BD'),(159,'University of Lille','FR'),(160,'University of Valladolid','ES'),(161,' University of Haifa','IL'),(162,'University of Genova','IT'),(163,'Peking University','CN'),(164,' Chinese Academy of Sciences','CN'),(165,'University of Technology Sydney','AU'),(166,'Carnegie Mellon University','US'),(167,'ETAPATELECOM','EC'),(168,'University of Potsdam','DE'),(169,'Fudan University','CN'),(170,'Irish Software Engineering Research Centre','IE'),(171,'RMIT University','AU'),(172,'Department of Computer Science, University of','CA'),(173,'Department of Computer Science, University of','CA'),(174,'Faculty of Information Studies, University of','CA'),(175,'Andersen Consulting','IE'),(176,'Norwegian University of Science and Technolog','NO'),(177,'Vienna University of Technology','AT'),(178,'St. Francis Xavier University','CA'),(179,'PontifiÌcia Universidade CatoÌlica do Rio d','BR'),(180,'Universitat Politècnica de València','ES'),(181,'The University of York','GB'),(182,'University of Savoie','FR'),(183,'University of East, London','GB'),(184,'Verizon Communications','US'),(185,'NATS Corporate & Technical Centre','GB'),(186,'Health Protection Agency','AF'),(187,'University of Hamburg','DE'),(188,'McGill University','CA'),(189,'University of Ottawa','CA'),(190,'Mzumbe University','TZ'),(191,'University of Alicante','ES'),(192,'SITE, University of Ottawa, 800 King Edward, ','CA'),(193,'Virginia Tech','US'),(194,'The American University in Cairo','EG'),(195,'FaculteÌ d’informatique rue Grandgagnage','BE'),(196,'Centre d’Excellence en Technologies de l’','BE'),(197,'Empirical Software Engineering Research Progr','AU'),(198,'School of Computer Science and Engineering, U','AU'),(199,'Empirical Software Engineering Research Group','GB'),(200,'Empirical Software Engineering Research Progr','AU'),(201,'Universidad PoliteÌcnica de Valencia','ES'),(202,'Georgia Institute of Technology','US'),(203,'Tokyo Institute of Technology','JP'),(204,'University of York','GB'),(205,'Department of Computer Science North Carolina','US'),(206,'Department of Computer Science North Carolina','US'),(207,'CTIT, University of Twente, Enschede, The Net','NL'),(208,'BiZZdesign, Enschede, The Netherlands','NL'),(209,'Novay, Enschede, The Netherlands','NL'),(210,'CTIT, University of Twente, Enschede, The Net','NL'),(211,'Dept. Ingénierie Informatique, Université c','BE'),(212,'Dept. Ingénierie Informatique, Université c','BE'),(213,'Dept. Ingénierie Informatique, Université c','BE'),(214,'Department of Computing, Imperial College Lon','GB'),(215,'Department of Computing, Imperial College Lon','GB'),(216,'Department of Computing, Imperial College Lon','GB'),(217,'Department of Computing, Imperial College Lon','GB'),(218,'LIFC, Université de Franche Comté, 16 Route','FR'),(219,'LACL, Université Paris-Est, IUT Fontaineblea','FR'),(220,'LACL, Université Paris-Est, IUT Fontaineblea','FR'),(221,'LAMIH, Université Lille Nord de France, UVHC','FR'),(222,'LACL, Université Paris-Est, IUT Fontaineblea','FR'),(223,'LIFC, Université de Franche Comté, 16 Route','FR'),(224,'Universidad de Valladolid','ES'),(225,'University of Paris, Pantheon-Sorbonne','FR'),(226,'Universidad Politécnica de Valencia','ES'),(227,'Universidad de Castilla-La Mancha','ES'),(228,'Information Engineering Center, Department of','CA'),(229,'Information Engineering Center, Department of','CA'),(230,'Faculty of Information Studies, University of','CA'),(231,'Department of Computer Science, University of','CA'),(232,'Henri Tudor','LU'),(233,'University of Castilla la Mancha','ES'),(234,'Department of Information and Communication T','IT'),(235,'Computer Science Department - University of T','CA'),(236,'Department of Information and Communication T','IT'),(237,'Department of Information and Communication T','IT'),(238,'Dept. of Software and Computing Systems, Univ','ES'),(239,'Dept. of Software and Computing Systems, Univ','ES'),(240,'Dept. of Software and Computing Systems, Univ','ES'),(241,'Distributed Systems and Information Systems C','DE'),(242,'Distributed Systems and Information Systems C','AF'),(243,'Theoretical Foundations of Computer Science C','AF'),(244,'Distributed Systems and Information Systems C','DE'),(245,'Department of Computer Science, University of','CA'),(246,'Department of Informatics, PUC-Rio, Brazil','BR'),(247,'School of IT, York University, Canada','CA'),(248,'Department of Computer Science, University of','CA'),(249,'Department of Computing, The Open University,','GB'),(250,'Department of Computer Science, University of','CA'),(251,'Department of Computer Science, University of','CA'),(252,'Department of Information and Telecommunicati','JP'),(253,'CTG, Universidade Federal de Pernambuco—UFP','BR'),(254,'CIn, Universidade Federal de Pernambuco—UFP','BR'),(255,'DIMAP, Universidade Federal do Rio Grande do ','AF'),(256,'CIn, Universidade Federal de Pernambuco—UFP','BR'),(257,'CIn, Universidade Federal de Pernambuco—UFP','BR'),(258,'CCAE—Campus IV, Universidade Federal da Par','BR'),(259,'School of Electrical Engineering and Computer','CA'),(260,'Departamento de Informatica, CITI/FCT, Univer','PT'),(261,'Departamento de Informatica, CITI/FCT, Univer','PT'),(262,'School of Electrical Engineering and Computer','CA'),(263,'School of Electrical Engineering and Computer','CA'),(264,'Departamento de Informatica, CITI/FCT, Univer','PT'),(265,'Departamento de Informatica, CITI/FCT, Univer','PT'),(266,'School of Electrical Engineering and Computer','CA'),(267,'IEEE','US'),(268,'CRP Henri Tudor - CITI, Luxembourg','LU'),(269,'PReCISE, Computer Science Faculty, University','BE'),(270,'Institute of Computer Science,University of T','EE'),(271,'School of Architecture, Computing and Enginee','GB'),(272,'Hedmark University College','NO'),(273,'SITE, University of Ottawa, 800 King Edward, ','CA'),(274,'SITE, University of Ottawa, 800 King Edward, ','CA'),(275,'University of Technology','AF'),(276,'La Trobe University','AF'),(277,'Faculty of Information, University of Toronto','CA'),(278,'Department of Computer Science, University of','CA'),(279,'Department of Computer Science and Engineerin','US'),(280,'Department of Computer Science and Engineerin','US'),(281,'Department of Computer Science and Engineerin','US'),(282,'Department of Computer Science and Engineerin','US'),(283,'Federal University of Pernambuco (UFPE) – R','BR'),(284,'Federal University of Pernambuco (UFPE) – R','BR'),(285,'Federal University of Pernambuco (UFPE) – R','BR'),(286,'Federal University of Pernambuco (UFPE) – R','BR'),(287,'Federal University of Pernambuco (UFPE) – R','BR'),(288,'Federal University of Paraíba (UFPB) – Rio','BR'),(289,'Department of Computer Science UK','GB'),(290,'Department of Computing and Software','CA'),(291,'Faculty of Information Studies University of ','CA'),(292,'Faculty of Information Studies University of ','CA'),(293,'Department of SCE, Carleton University','CA'),(294,'Aviation Security Directorate, Transport Cana','CA'),(295,'School of EECS, University of Ottawa','CA'),(296,'JUCM Software Inc.','CA'),(297,'Aviation Security Directorate, Transport Cana','CA'),(298,'Aviation Security Directorate, Transport Cana','CA'),(299,'Universitat Politècnica de Catalunya (UPC)','ES'),(300,'Universitat Politécnica de Catalunya (UPC)','ES'),(301,'The University of Electro-Communications Toky','JP'),(302,'The University of Electro-Communications Toky','JP'),(303,'The University of Electro-Communications Toky','JP'),(304,'Siemens Audiologische Technik','DE'),(305,'Manchester Business School - University of Ma','GB'),(306,'Manchester Business School - University of Ma','GB'),(307,'National Institute of Informatics','JP'),(308,'Embedded System Platform Research Laboratory,','JP'),(309,'CEDITI – B','BE'),(310,'ONERA, DPRS/SAE – F','FR'),(311,'ITC-irst','IT'),(312,'University of Maryland','US'),(313,'Simon Fraser University','CA'),(314,'Athabasca University','CA'),(315,'Universidade Federal de Pernambuco - UFPE','BR'),(316,'University of Trento - UniTn','IT'),(317,'Universidade Federal do Espirito Santos - UFE','BR'),(318,'Department of Information Engineering and Com','IT'),(319,'Department of Information Engineering and Com','IT'),(320,'Department of Information Engineering and Com','IT'),(321,'Department of Information Engineering and Com','IT'),(322,'Department of Information Engineering and Com','IT'),(323,'School of Information Technology, York Univer','CA'),(324,'School of Information Technology, York Univer','CA'),(325,'School of Information Technology, York Univer','CA'),(326,'Department of Information Engineering and Com','IT'),(327,'State Key Lab of Software Engineering, Wuhan ','CN'),(328,'State Key Lab of Software Engineering, Wuhan ','CN'),(329,'State Key Lab of Software Engineering, Wuhan ','CN'),(330,'State Key Lab of Software Engineering, Wuhan ','CN'),(331,'State Key Lab of Software Engineering, Wuhan ','CN'),(332,'University of Twente, School of Management an','NL'),(333,'Department of Computer Science University of ','ES'),(334,'Department of Computer Science University of ','ES'),(335,'Department of Computer Science University of ','ES'),(336,'missingDepartment of Computer Science Univers','ES'),(337,'Department of Computer Science University of ','ES'),(338,'Carleton University, Ottawa, Ontario','CA'),(339,'University of Duisburg-Essen, Essen, Germany','DE'),(340,'University Paris 13 - Sorbonne Paris Cité, L','FR'),(341,'University Paris 13 - Sorbonne Paris Cité, L','FR'),(342,'University of East London','GB'),(343,'SBA Research GGmbh','AT'),(344,'Katholieke Universteit Leuven','BE'),(345,'School of Computer Science The University of ','GB'),(346,'School of Computer Science The University of ','GB'),(347,'School of Computer Science The University of ','GB'),(348,'FNRS & Louvain School of Management, Universi','BE'),(349,'Software Engineering Research Group, Fondazio','IT'),(350,'Software Engineering Research Group, Fondazio','IT'),(351,'University of Melbourne','AU'),(352,'The British University in Dubai','AE'),(353,'SRI International, 333 Ravenswood Ave, Menlo ','US'),(354,'SRI International, 333 Ravenswood Ave, Menlo ','US'),(355,'SRI International, 333 Ravenswood Ave, Menlo ','US'),(356,'SRI International, 333 Ravenswood Ave, Menlo ','US'),(357,'Ludwig-Maximilians-Universita ̈t Mu ̈nchen,','DE'),(358,'Dept. of Computer Science, Shinshu University','JP'),(359,'Dept. of Computer Science, Shinshu University','JP'),(360,'Dept. of Computer Science, Shinshu University','JP'),(361,'Dept. of Computer Science, Shinshu University','JP'),(362,'Stockholm University','SE'),(363,'Institute for Computer Science and Business I','DE'),(364,'Institute for Computer Science and Business I','DE'),(365,'Institute for Computer Science and Business I','DE'),(366,'School Science and Technology Middlesex Unive','GB'),(367,'School Science and Technology Middlesex Unive','GB'),(368,'School of Science and Technology Middlesex Un','GB'),(369,'Tenfold Inc','US'),(370,'University of Limerick','IE'),(371,'Centre de Recherche en Informatique','FR'),(372,'NTT Data Corporation','JP'),(373,'University of Kaiserslautern','DE'),(374,'Lero-the Irish Software Engineering Research ','IE'),(375,'Lero-the Irish Software Engineering Research ','IE'),(376,'University of Murcia','ES'),(377,'SecureNOK Ltd.','NO'),(378,'Keane','US'),(379,'Jilin University','CN'),(380,'Southern Methodist University','US'),(381,'University of Castilla -La Mancha','ES'),(382,'Italian Cabinet Office','IT'),(383,'Titat Software LLC','US'),(384,'UniversiteÌ Paris XII','FR'),(385,'Domaine Universitaire de Saint-JeÌrôme','AF'),(386,'LIAS, ISAE-ENSMA','FR'),(387,'National High School for Computer Science (ES','DZ'),(388,'UniversitÈ catholique de Louvain','AF'),(389,'Sabre Inc.','US'),(390,'Ecole Nationale Superieure des Mines','FR'),(391,'Università di Bologna','IT'),(392,'GX Software','NL'),(393,'Swinburne University of Technology','AU'),(394,'King s College London','GB'),(395,'Federal University of EspiÌrito Santo ','AF'),(396,'Ochanomizu University','JP'),(397,'State University of Rio de Janeiro','BR'),(398,'National University of Singapore','SG'),(399,'Nanyang Technological University','SG'),(400,' Nanyang Technological University','SG'),(401,'Universite Ì Paris-Est','FR'),(402,'University of Florence','IT'),(403,'Resiltech S.R.L','IT'),(404,'Federal University of Pernambuco','BR'),(405,'Federal University of Paraíba','BR'),(406,'Hitachi Ltd','JP'),(407,'University of Duisburg-Essen','DE'),(408,'University Paris 13','FR'),(409,'University of Tartu','EE'),(410,'North Carolina State University','US'),(411,'Nanzan University','JP'),(412,'Manchester Business School','GB'),(413,'University of South Wales','AU'),(414,'Bournemouth University','GB'),(415,'University of New Brunswick','CA'),(416,'Universidade Federal do Espirito Santos','BR'),(417,'McMaster University','CA'),(418,'SRI International','US'),(419,'Pontifícia Universidade Católica do Rio d','BR'),(420,'Laboratoire Informatique de Grenoble','FR'),(421,'EducTice - Institut National de Recherche Pédagogique','FR'),(422,'University of Castilla - La Mancha','ES'),(423,'Kajima Corporation','JP');

--
-- Table structure for table `authors`
--

CREATE TABLE `authors` (
  `ID` int(11) NOT NULL AUTO_INCREMENT,
  `fullName` varchar(100) CHARACTER SET utf8 NOT NULL,
  PRIMARY KEY (`ID`)
) ENGINE=InnoDB AUTO_INCREMENT=18697 DEFAULT CHARSET=latin1;

--
-- Dumping data for table `authors`
--

INSERT INTO `authors` VALUES (17215,'Aarab, Z.'),(17216,'Ab Aziz, R.'),(17217,'Abal, I.'),(17218,'Abdallah, M.B.'),(17219,'Abdelzad, V.'),(17220,'Abdullah, M.S.'),(17221,'Abelló, A.'),(17222,'Abeywickrama, D.B.'),(17223,'Abid, M.R.'),(17224,'Abraham, S.P.'),(17225,'Abrahão, S.'),(17226,'Abramovici, M.'),(17227,'Accattoli, D.'),(17228,'Ade, R.'),(17229,'Adikara, F.'),(17230,'Afreen, N.'),(17231,'Afsarmanesh, H.'),(17232,'Agarwal, S.'),(17233,'Agra, C.'),(17234,'Agrawal, P.'),(17235,'Aguilar Calderon, J.A.'),(17236,'Aguilar, J.A.'),(17237,'Ahmad, F.'),(17238,'Ahmad, M.'),(17239,'Ahrens, D.'),(17240,'Aithal, S.'),(17241,'Akhigbe, O.'),(17242,'Al-Rafee, S.'),(17243,'Al-Shawa, M.'),(17244,'Al-Subaie, H.S.F.'),(17245,'Alaa, G.'),(17246,'Alam, O.'),(17247,'Alebrahim, A.'),(17248,'Alencar, F.'),(17249,'Alhaj, M.'),(17250,'Ali, R.'),(17251,'Ali, S.A.'),(17252,'Alimazighi, Z.'),(17253,'Aljahdali, S.'),(17254,'Aljoumaa, K.'),(17255,'Almeida, J.P.A.'),(17256,'Almorsy, M.'),(17257,'Alonso, D.'),(17258,'Alrajeh, D.'),(17259,'Alshayeb, M.'),(17260,'Alves, C.'),(17261,'Alves, R.'),(17262,'Alwidian, S.A.'),(17263,'Amaral, J.'),(17264,'Amaral, V.'),(17265,'Amato, A.'),(17266,'Amyot, D.'),(17267,'An, Y.'),(17268,'Anderson, D.'),(17269,'Annosi, M.C.'),(17270,'Anthony, W.P.'),(17271,'Antón, A.I.'),(17272,'António, S.'),(17273,'Anwer, S.'),(17274,'Aoki, T.'),(17275,'Aoyama, M.'),(17276,'Appelman, J.'),(17277,'Arajo, J.'),(17278,'Aranda, J.'),(17279,'Araújo, J.'),(17280,'Araújo, J.'),(17281,'Arenas, A.'),(17282,'Arkin, R.C.'),(17283,'Armellin, G.'),(17284,'Asadi, M.'),(17285,'Asnar, Y.'),(17286,'Assar, S.'),(17287,'Astudillo, H.'),(17288,'Asuncion, C.H.'),(17289,'Athanasopoulos, M.'),(17290,'Attwood, K.'),(17291,'Aukstakalnis, N.'),(17292,'Aurum, A.'),(17293,'Autrel, F.'),(17294,'Ayala, C.P.'),(17295,'Ayala, C.P.'),(17296,'Aydal, E.G.'),(17297,'Aydemir, F.B.'),(17298,'Azevedo, C.L.B.'),(17299,'Aziz, B.'),(17300,'Azkia, H.'),(17301,'Babar, A.'),(17302,'Babar, M.A.'),(17303,'Badreddin, O.'),(17304,'Bagheri, E.'),(17305,'Bahsoon, R.'),(17306,'Bai, X.'),(17307,'Baker, T.'),(17308,'Balchandran, R.'),(17309,'Balych, N.'),(17310,'Baniulis, K.'),(17311,'Bano, J.'),(17312,'Barea, R.'),(17313,'Baresi, L.'),(17314,'Barfourosh, A.'),(17315,'Bargui, F.'),(17316,'Barlatier, P.'),(17317,'Barn, B.S.'),(17318,'Barn, B.S.'),(17319,'Barone, D.'),(17320,'Bartolini, D.B.'),(17321,'Basili, Victor R.'),(17322,'Bass, L.'),(17323,'Basu, S.'),(17324,'Batista, T.V.'),(17325,'Batista, T.V.'),(17326,'Bavuso, K.'),(17327,'Becerra, C.'),(17328,'Beck, A.'),(17329,'Beck, R.'),(17330,'Becker, C.'),(17331,'Becker, M.'),(17332,'Becker, M.Y.'),(17333,'Beckers, K.'),(17334,'Bedi, P.'),(17335,'Behja, H.'),(17336,'Behnam, S.A.'),(17337,'Bekiroglu, Y.'),(17338,'Belachew, M.'),(17339,'Belaggoun, A.'),(17340,'Bell, D.A.'),(17341,'Bellalouna, F.'),(17342,'Bellatreche, L.'),(17343,'Belloir, N.'),(17344,'Ben-Abdallah, H.'),(17345,'Bencomo, N.'),(17346,'Bendiab, A.T.'),(17347,'Benghabrit, Y.'),(17348,'Bennaceur, A.'),(17349,'Bennett, D.'),(17350,'Bennicke, M.'),(17351,'Berenbach, B.'),(17352,'Bergasa, L.M.'),(17353,'Bergquist, T.G.'),(17354,'Berkani, N.'),(17355,'Bernaert, M.'),(17356,'Bertram, T.'),(17357,'Bianchi, S.'),(17358,'Bicarregui, J.'),(17359,'Bicocchi, N.'),(17360,'Bidarra, R.'),(17361,'Black, J.'),(17362,'Blanes, D.'),(17363,'Blasi, F.'),(17364,'Bleistein, S.'),(17365,'Bleistein, S.J.'),(17366,'Boese, A.'),(17367,'Bohner, S.'),(17368,'Boissier, O.'),(17369,'Bolchini, D.'),(17370,'Bondavalli, A.'),(17371,'Boness, K.'),(17372,'Bonifati, A.'),(17373,'Bonura, S.'),(17374,'Borba, C.'),(17375,'Bordas, S.P.A.'),(17376,'Borgida, A.'),(17377,'Boryczka, U.'),(17378,'Botella, P.'),(17379,'Botterweck, G.'),(17380,'Boukhari, I.'),(17381,'Boumahdi, A.'),(17382,'Bouzouraa, M.E.'),(17383,'Bošković, M.'),(17384,'Brabrand, C.'),(17385,'Bradshaw, A.'),(17386,'Brambilla, M.'),(17387,'Bramsiepe, N.'),(17388,'Braubach, L.'),(17389,'Braun, E.'),(17390,'Breaux, T.D.'),(17391,'Bresciani, P.'),(17392,'Brezovan, M.'),(17393,'Briesemeister, L.'),(17394,'Brinkkemper, S.'),(17395,'Broisin, J.'),(17396,'Bruegge, B.'),(17397,'Bruel, J.-M.'),(17398,'Brunet, J.'),(17399,'Budiardjo, E.K.'),(17400,'Bults, R.'),(17401,'Bults, R.G.A.'),(17402,'Burgstaller, B.'),(17403,'Burla, A.'),(17404,'Bush, D.'),(17405,'Bøegh, J.'),(17406,'Cabot, J.'),(17407,'Cachero, C.'),(17408,'Cai, Z.'),(17409,'Cailliau, A.'),(17410,'Caire, P.'),(17411,'Calvaresi, D.'),(17412,'Camargo Jr.'),(17413,'Camarinha-Matos, L.M.'),(17414,'Cambronero, M.-E.'),(17415,'Cancare, F.'),(17416,'Candillon, W.'),(17417,'Canosa, R.L.'),(17418,'Cao, D.'),(17419,'Cao, D.-G.'),(17420,'Cao, J.'),(17421,'Cardoso, E.C.S.'),(17422,'Cardoso, E.C.S.'),(17423,'Cares, C.'),(17424,'Carminati, M.'),(17425,'Carod, N.M.'),(17426,'Cartwright, N.'),(17427,'Carvallo, J.P.'),(17428,'Casagrande, E.'),(17429,'Casteleyn, S.'),(17430,'Castro, A.'),(17431,'Castro, J.'),(17432,'Cattaneo, F.'),(17433,'Cauvet, C.'),(17434,'Cavalcanti, A.'),(17435,'Cavallaro, L.'),(17436,'Cavalli, A.'),(17437,'Cechich, A.'),(17438,'Celma, M.'),(17439,'Centineo, F.'),(17440,'Ceri, S.'),(17441,'Cernuzzi, L.'),(17442,'Chanvilai, S.'),(17443,'Charalambides, M.'),(17444,'Charrel, P.-J.'),(17445,'Chatzikonstantinou, G.'),(17446,'Chawla, S.'),(17447,'Chechik, M.'),(17448,'Chen, B.'),(17449,'Chen, C.-M.'),(17450,'Chen, G.-Y.'),(17451,'Chen, P.'),(17452,'Chen, X.'),(17453,'Chen, X.-Q.'),(17454,'Chen, Z.'),(17455,'Cheng, B.H.C.'),(17456,'Chew, E.'),(17457,'Chiang, S.-H.'),(17458,'Chiasera, A.'),(17459,'Chignell, Mark H.'),(17460,'Chioasca, E.-V.'),(17461,'Chitchyan, R.'),(17462,'Choppy, C.'),(17463,'Chopra, A.K.'),(17464,'Choren, R.'),(17465,'Chowdhury, T.'),(17466,'Christophe, G.'),(17467,'Chuah, C.-N.'),(17468,'Chun, I.'),(17469,'Chung, L.'),(17470,'Citrigno, S.'),(17471,'Clark, T.'),(17472,'Claudi, A.'),(17473,'Cleland-Huang, J.'),(17474,'Clements, P.'),(17475,'Coatrieux, G.'),(17476,'Coelho, K.'),(17477,'Collet, P.'),(17478,'Collins, S.A.'),(17479,'Condori-Fernández, N.'),(17480,'Conti, C.'),(17481,'Cooper, K.'),(17482,'Cooper, K.M.L.'),(17483,'Cortes-Cornax, M.'),(17484,'Cossentino, M.'),(17485,'Costal, D.'),(17486,'Courtney, S.'),(17487,'Cox, K.'),(17488,'Cravero, A.'),(17489,'Creighton, O.'),(17490,'Crespo, A.'),(17491,'Cuartero, F.'),(17492,'Cui, J.'),(17493,'Cui, X.'),(17494,'Cuppens, F.'),(17495,'Cuppens-Boulahia, N.'),(17496,'Cysneiros, L.M.'),(17497,'Da Silva, L.F.'),(17498,'Daga, E.'),(17499,'Dai, G.'),(17500,'Dalcher, D.'),(17501,'Dallons, G.'),(17502,'Dalpiaz, F.'),(17503,'Dalrymple, P.W.'),(17504,'Damas, C.'),(17505,'Danar Sunindyo, W.'),(17506,'Daneva, M.'),(17507,'Daoud Jungblut, M.'),(17508,'Dapoigny, R.'),(17509,'Dardenne, N.'),(17510,'Darimont, R.'),(17511,'Das Graças Da Silva Teixeira, M.'),(17512,'Das, O.'),(17513,'Dawson, D.'),(17514,'De Carvalho, V.A.'),(17515,'De Kinderen, S.'),(17516,'De La Vara, J.L.'),(17517,'De Landtsheer, R.'),(17518,'De Moor, A.'),(17519,'De Padua Albuquerque Oliveira, A.'),(17520,'De Vasconcelos, A.M.L.'),(17521,'Decreus, K.'),(17522,'Degtyarev, A.I.'),(17523,'Delgado, H.M.'),(17524,'Demiris, Y.'),(17525,'Deng, S.'),(17526,'Denker, G.'),(17527,'Deridder, D.'),(17528,'Devries, B.'),(17529,'Devroey, X.'),(17530,'Dhungana, D.'),(17531,'Di Francescomarino, C.'),(17532,'Di Sandro, A.'),(17533,'Diamantini, C.'),(17534,'Dias, A.'),(17535,'Dietz, G.'),(17536,'Dieul, E.'),(17537,'Dillon, T.S.'),(17538,'Ding, E.'),(17539,'Dkaki, T.'),(17540,'Leite, J.C.S.D.P.'),(17541,'Do Prado Liete, J.C.S.'),(17542,'Do Prado, H.A.'),(17543,'Dong, Q.-C.'),(17544,'Donzelli, P.'),(17545,'Doulamis, A.'),(17546,'Dragone, L.'),(17547,'Dragoni, A.F.'),(17548,'Drira, K.'),(17549,'Dsouza, A.'),(17550,'Du, W.'),(17551,'Du, Y.'),(17552,'Duboc, L.'),(17553,'Dubois, E.'),(17554,'Duffy, D.'),(17555,'Dupuy-Chessa, S.'),(17556,'Dusire, S.'),(17557,'Dutta, A.'),(17558,'Dutta, S.'),(17559,'Díaz, G.'),(17560,'Díez, P.'),(17561,'Easterbrook, S.'),(17562,'Egyed, A.'),(17563,'Ekárt, A.'),(17564,'El Ghazi, H.'),(17565,'El-Kassas, S.'),(17566,'El-Maddah, I.'),(17567,'El-Maddah, I.A.M.'),(17568,'Elahi, G.'),(17569,'Ellis, S.J.'),(17570,'Eltoweissy, M.'),(17571,'Emin, V.'),(17572,'Engels, G.'),(17573,'Engelsman, W.'),(17574,'Engelsman, W.'),(17575,'Engmann, J.'),(17576,'Eridaputra, H.'),(17577,'Ernst, N.A.'),(17578,'Ernst, N.A.'),(17579,'Escudero, M.S.'),(17580,'Esfahani, H.C.'),(17581,'Esfandiari, B.'),(17582,'Espada, P.'),(17583,'España, S.'),(17584,'España, S.'),(17585,'Esswein, W.'),(17586,'Estabraghy, A.'),(17587,'Esteller, V.'),(17588,'Etien, A.'),(17589,'Faily, S.'),(17590,'Fakhri, M.'),(17591,'Falcão e Cunha, J.'),(17592,'Faniyi, F.'),(17593,'Fantazy, K.'),(17594,'Farah, H.'),(17595,'Farida, S.'),(17596,'Farkash, A.'),(17597,'Fatima, K.'),(17598,'Faulkner, S.'),(17599,'Faßbender, S.'),(17600,'Fei, P.'),(17601,'Feki, J.'),(17602,'Feng, Z.'),(17603,'Ferrari, A.'),(17604,'Ferrarini, A.'),(17605,'Ferreira, M.G.'),(17606,'Fickas, S.'),(17607,'Finkelstein, A.'),(17608,'Fischbein, D.'),(17609,'Fisk, R.P.'),(17610,'Fitzgerald, G.'),(17611,'Flegkas, P.'),(17612,'Fleming, K.'),(17613,'Flohr, M.'),(17614,'Flynn, M.'),(17615,'Forster, A.J.'),(17616,'Francaviglia, G.'),(17617,'France, R.'),(17618,'Franch, X.'),(17619,'Franco, G.'),(17620,'Frank, U.'),(17621,'Franken, H.M.'),(17622,'Franzén, A.'),(17623,'Fredericks, E.M.'),(17624,'Frey, A.'),(17625,'Fricker, S.'),(17626,'Fu, L.'),(17627,'Fuggetta, A.'),(17628,'Fukazawa, Y.'),(17629,'Furfaro, A.'),(17630,'Gaglio, S.'),(17631,'Gallo, T.'),(17632,'Ganea, E.'),(17633,'Gao, J.'),(17634,'Gao, P.'),(17635,'Gao, S.'),(17636,'Garcia, A.'),(17637,'García, O.V.'),(17638,'Garrigós, I.'),(17639,'Garro, A.'),(17640,'Garzetti, M.'),(17641,'Gay, R.'),(17642,'Gašević, D.'),(17643,'Gehlert, A.'),(17644,'Geisberger, E.'),(17645,'Genon, N.'),(17646,'Georg, G.'),(17647,'Gerrity, P.'),(17648,'Gerth, C.'),(17649,'Gervais, F.'),(17650,'Gesmann, M.'),(17651,'Ghanavati, S.'),(17652,'Gharib, M.'),(17653,'Ghiasi, S.'),(17654,'Ghorbani, A.A.'),(17655,'Ghose, A.'),(17656,'Giachetti, G.'),(17657,'Giannoulis, C.'),(17658,'Gil, A.'),(17659,'Gill, A.Q.'),(17660,'Gillain, J.'),(17661,'Ginige, T.'),(17662,'Giorgini, P.'),(17663,'Girardi, R.'),(17664,'Gjære, E.A.'),(17665,'Glaubitt, K.'),(17666,'Glinz, M.'),(17667,'Gnaho, C.'),(17668,'Gnesi, S.'),(17669,'Goknil, A.'),(17670,'Goldsby, H.J.'),(17671,'Goldsby, H.J.'),(17672,'Gong, P.'),(17673,'Gonzalez, A.'),(17674,'González-Baixauli, B.'),(17675,'González, P.'),(17676,'González-Baixauli, B.'),(17677,'Gordijn, J.'),(17678,'Gorschek, T.'),(17679,'Gorton, I.'),(17680,'Gosain, A.'),(17681,'Goulão, M.'),(17682,'Graa, M.'),(17683,'Grace, P.'),(17684,'Gralha, C.'),(17685,'Grandry, E.'),(17686,'Grau, G.'),(17687,'Graziano, S.'),(17688,'Greenspan, S.'),(17689,'Griffiths, N.'),(17690,'Griggio, A.'),(17691,'Gritzalis, S.'),(17692,'Gross, D.'),(17693,'Grote, K.-H.'),(17694,'Grundy, J.'),(17695,'Grundy, J.C.'),(17696,'Gröner, G.'),(17697,'Grünbacher, P.'),(17698,'Gu, Z.'),(17699,'Gu, Z.'),(17700,'Guedes, G.'),(17701,'Guizzardi, G.'),(17702,'Guizzardi, R.S.S.'),(17703,'Guizzardi, R.S.S.'),(17704,'Gungor, C.'),(17705,'Gupta, V.'),(17706,'Guye-Vuiùeme, A.'),(17707,'Guéraud, V.'),(17708,'Göhner, P.'),(17709,'Gökmen, M.'),(17710,'Gösling, H.'),(17711,'Habli, I.'),(17712,'Hadar, I.'),(17713,'Haddar, N.Z.'),(17714,'Haeger, M.'),(17715,'Haendchen Filho, A.'),(17716,'Hailemariam, S.'),(17717,'Hall, R.J.'),(17718,'Hamidi, S.'),(17719,'Hammad, A.'),(17720,'Hancock, P.A.'),(17721,'Harder, T.'),(17722,'Harrison, R.'),(17723,'Hartmanns, A.'),(17724,'Hassan, H.'),(17725,'Hassan, R.'),(17726,'Hassine, J.'),(17727,'Hatala, M.'),(17728,'Haumer, P.'),(17729,'Haya, M.'),(17730,'Hayashi, S.'),(17731,'He, C.'),(17732,'He, F.'),(17733,'He, K.'),(17734,'He, Q.-H.'),(17735,'Heaven, W.'),(17736,'Heisel, M.'),(17737,'Helming, J.'),(17738,'Helms, R.'),(17739,'Hemachandran, K.'),(17740,'Henderson, E.R.'),(17741,'Henderson, E.R.'),(17742,'Hendradjaya, B.'),(17743,'Henkel, M.'),(17744,'Hermanns, H.'),(17745,'Hermens, H.'),(17746,'Herold, S.'),(17747,'Heuer, A.'),(17748,'Heymans, P.'),(17749,'Hill, T.'),(17750,'Hilts, A.'),(17751,'Hinchey, M.'),(17752,'Hoang, K.C.'),(17753,'Hoey, J.'),(17754,'Hoffmann, A.'),(17755,'Hofmann, A.'),(17756,'Hofmann, U.'),(17757,'Honda, K.'),(17758,'Honiden, S.'),(17759,'Hoorn, J.F.'),(17760,'Horai, H.'),(17761,'Horita, H.'),(17762,'Horkoff, J.'),(17763,'Hosono, H.'),(17764,'Houmb, S.H.'),(17765,'Howard, M.D.'),(17766,'Howard, S.'),(17767,'Hu, L.'),(17768,'Hu, Z.'),(17769,'Huang, G.'),(17770,'Huang, L.'),(17771,'Huang, L.-T.'),(17772,'Huget, M.-P.'),(17773,'Hughes, D.'),(17774,'Huis In\'t Veld, M.H.A.'),(17775,'Hundewale, N.'),(17776,'Hwang, S.-M.'),(17777,'Hübner, J.F.'),(17778,'Iacob, M.-E.'),(17779,'Ibe, K.'),(17780,'Ide, M.'),(17781,'Iftikhar, S.'),(17782,'Igaki, H.'),(17783,'Ikram, N.'),(17784,'In\'t Veld, M.H.A.H.'),(17785,'Ingolfo, S.'),(17786,'Inohara, T.'),(17787,'Inoue, R.'),(17788,'Insfran, E.'),(17789,'Ishikawa, F.'),(17790,'Islam, S.'),(17791,'J.B.'),(17792,'Jain, S.K.'),(17793,'Jalman, R.'),(17794,'Jarke, M.'),(17795,'Jarzabek, S.'),(17796,'Jean, S.'),(17797,'Jensen, A.C.'),(17798,'Jensen, C.'),(17799,'Ji, X.'),(17800,'Jian, Y.'),(17801,'Jiang, L.'),(17802,'Jiang, X.'),(17803,'Jin, Z.'),(17804,'Jmaiel, M.'),(17805,'Joarder, Md.M.A.'),(17806,'Johannesson, P.'),(17807,'Jones, S.'),(17808,'Jones, V.'),(17809,'Jonkers, H.'),(17810,'Jonkersa, H.'),(17811,'Joor, D.-J.'),(17812,'Joy, M.'),(17813,'Juan, T.'),(17814,'Juell-Skielse, G.'),(17815,'Juhrisch, M.'),(17816,'Jungblut, M.D.'),(17817,'Junghans, M.'),(17818,'Jureta, I.'),(17819,'Jureta, I.J.'),(17820,'Kadoya, K.'),(17821,'Kaijiri, K.'),(17822,'Kaindl, H.'),(17823,'Kaiya, H.'),(17824,'Kalloniatis, C.'),(17825,'Kaltenbacher, B.'),(17826,'Kaminski, C.'),(17827,'Kampfner, R.R.'),(17828,'Kamsties, E.'),(17829,'Kanaya, N.'),(17830,'Kang, K.C.'),(17831,'Karam, Y.'),(17832,'Karube, T.'),(17833,'Kavakli, E.'),(17834,'Kealey, J.'),(17835,'Kefalas, P.'),(17836,'Kelly, T.'),(17837,'Kent, C.'),(17838,'Kerfriden, P.'),(17839,'Kessing, J.'),(17840,'Khallouf, J.'),(17841,'Khan, F.'),(17842,'Khan, S.M.'),(17843,'Kharbili, M.E.'),(17844,'Khatoon, A.'),(17845,'Khouri, S.'),(17846,'Kienle, H.M.'),(17847,'Kienzle, J.'),(17848,'Kifle, M.'),(17849,'Kikushima, Y.'),(17850,'Kim, H.-K.'),(17851,'Kim, H.-S.'),(17852,'Kim, H.K.'),(17853,'Kim, M.S.'),(17854,'Kim, R.Y.C.'),(17855,'Kim, R.Y.C.'),(17856,'Kim, S.W.'),(17857,'Kirchner, A.'),(17858,'Kishida, T.'),(17859,'Klinge, T.'),(17860,'Klinge, T.H.'),(17861,'Kneer, F.'),(17862,'Knipfer, K.'),(17863,'Knoester, D.B.'),(17864,'Ko, H.'),(17865,'Koch, M.'),(17866,'Koegel, M.'),(17867,'Kokune, A.'),(17868,'Kolp, M.'),(17869,'Konijn, E.A.'),(17870,'Konrad, S.'),(17871,'Kontogiannis, K.'),(17872,'Koopman, P.'),(17873,'Kousiouris, G.'),(17874,'Kozak, J.'),(17875,'Kragic, D.'),(17876,'Kramer, J.'),(17877,'Krichen, F.'),(17878,'Kritikos, K.'),(17879,'Krogstie, B.'),(17880,'Krogstie, J.'),(17881,'Ktata, O.'),(17882,'Kubicki, S.'),(17883,'Kuflik, T.'),(17884,'Kuk, G.'),(17885,'Kulkarni, V.'),(17886,'Kumar, M.'),(17887,'Kumar, P.V.'),(17888,'Kumar, U.'),(17889,'Kumar, V.'),(17890,'Kumeno, F.'),(17891,'Kuntsevich, V.M.'),(17892,'Kurt, B.'),(17893,'Kurtev, I.'),(17894,'Kuschke, T.'),(17895,'Kuziemsky, C.'),(17896,'Kvist, M.'),(17897,'Kyriazis, D.'),(17898,'Köhling, C.'),(17899,'Körner, C.'),(17900,'Laguna, M.A.'),(17901,'Lahoz, C.H.N.'),(17902,'Lai, R.'),(17903,'Laibinis, L.'),(17904,'Laleau, R.'),(17905,'Lambeau, B.'),(17906,'Lamersdorf, W.'),(17907,'Landes, D.'),(17908,'Lang, S.'),(17909,'Lapouchnian, A.'),(17910,'Lathrop, J.'),(17911,'Lathrop, J.I.'),(17912,'Lechner, U.'),(17913,'Lee, C.'),(17914,'Lee, C.-H.L.'),(17915,'Lee, E.'),(17916,'Lee, H.'),(17917,'Lee, H.-C.'),(17918,'Lee, J.'),(17919,'Lee, J.H.'),(17920,'Lee, K.'),(17921,'Lee, S.-W.'),(17922,'Lee-Klenz, S.'),(17923,'Legunsen, O.'),(17924,'Lehner, W.'),(17925,'Leite, J.C.S.D.P.'),(17926,'Leite, J.C.S.D.P.'),(17927,'Lemoine, M.'),(17928,'Leon Lee, C.-H.'),(17929,'Leonardi, C.'),(17930,'Letelier, P.'),(17931,'Lethbridge, T.C.'),(17932,'Letier, E.'),(17933,'Letsholo, K.'),(17934,'Leuty, V.'),(17935,'Lewerentz, C.'),(17936,'Lewis, J.D.'),(17937,'Li, B.'),(17938,'Li, C.'),(17939,'Li, D.'),(17940,'Li, F.-L.'),(17941,'Li, F.-N.'),(17942,'Li, M.'),(17943,'Li, Q.'),(17944,'Li, T.'),(17945,'Li, Z.'),(17946,'Li, Z.-Y.'),(17947,'Liang, P.-J.'),(17948,'Liang, S.'),(17949,'Liao, G.-Y.'),(17950,'Liao, S.'),(17951,'Liaskos, S.'),(17952,'Lima, C.'),(17953,'Lima, P.'),(17954,'Lin, J.'),(17955,'Lin, L.'),(17956,'Litoiu, M.'),(17957,'Liu, A.'),(17958,'Liu, C.'),(17959,'Liu, H.'),(17960,'Liu, L.'),(17961,'Liu, S.'),(17962,'Liu, W.'),(17963,'Liu, X.'),(17964,'Liu, Y.'),(17965,'Liu, Z.'),(17966,'Lockerbie, J.'),(17967,'Lodato, C.'),(17968,'Lollini, P.'),(17969,'Longstreet, C.S.'),(17970,'Lopes, S.'),(17971,'Losavio, F.'),(17972,'Loucopoulos, P.'),(17973,'Lozano-Fuentes, S.'),(17974,'Lu, B.'),(17975,'Lu, R.'),(17976,'Lu, Y.'),(17977,'Lucena, C.'),(17978,'Lucena, M.'),(17979,'Lucke, C.'),(17980,'Luo, B.'),(17981,'Luo, H.'),(17982,'Lutz, J.H.'),(17983,'Lutz, J.H.'),(17984,'Lutz, J.H.'),(17985,'Lutz, R.R.'),(17986,'Lyaletski, A.V.'),(17987,'Lévesque, G.'),(17988,'López, L.'),(17989,'López, M.E.'),(17990,'López-Jaquero, V.'),(17991,'Ma, Q.'),(17992,'Ma, Y.'),(17993,'Machado, R.J.'),(17994,'Maciel, R.S.P.'),(17995,'MacNish, C.'),(17996,'Mader, A.'),(17997,'Mader, P.'),(17998,'Maebashi, Y.'),(17999,'Magee, J.'),(18000,'Magnus, L.'),(18001,'Maibaum, T.'),(18002,'Maibaum, T.S.E.'),(18003,'Maiden, N.A.M.'),(18004,'Maiden, N.A.M.'),(18005,'Maman, Y.'),(18006,'Mammar, A.'),(18007,'Mandran, N.'),(18008,'Mankovskii, S.'),(18009,'Marchetto, A.'),(18010,'Marco, J.'),(18011,'Maresca, P.'),(18012,'Marincic, J.'),(18013,'Markov, G.A.'),(18014,'Marosin, D.'),(18015,'Marrero, W.'),(18016,'Martínez, M.'),(18017,'Marzak, A.'),(18018,'Marín, B.'),(18019,'Mashkoor, A.'),(18020,'Massonet, P.'),(18021,'Matei, A.'),(18022,'Mathur, D.'),(18023,'Matoussi, A.'),(18024,'Matsumoto, S.'),(18025,'Matteo, A.'),(18026,'Matthews, B.'),(18027,'Matulevičius, R.'),(18028,'Matulevičius, R.'),(18029,'Maté, A.'),(18030,'Mayer, N.'),(18031,'Mayol, E.'),(18032,'Mayr, A.'),(18033,'Mazón, J.-N.'),(18034,'McBride, T.'),(18035,'McDermid, J.'),(18036,'McIlraith, S.A.'),(18037,'Medeiros, A.L.'),(18038,'Medve, A.'),(18039,'Mehta, R.'),(18040,'Meissner, J.'),(18041,'Meißner, J.'),(18042,'Meland, P.H.'),(18043,'Melo, J.'),(18044,'Mendez-Fernandez, D.'),(18045,'Mendling, J.'),(18046,'Mendonça, D.F.'),(18047,'Menghi, C.'),(18048,'Menychtas, A.'),(18049,'Merchant, S.'),(18050,'Metzger, A.'),(18051,'Miao, C.'),(18052,'Michell, V.'),(18053,'Michot, A.'),(18054,'Miga, A.'),(18055,'Mihailidis, A.'),(18056,'Miladi, M.N.'),(18057,'Miller, T.'),(18058,'Mills, S.F.'),(18059,'Miner, A.S.'),(18060,'Minora, L.'),(18061,'Mirakhorli, M.'),(18062,'Misra, S.'),(18063,'MissingAuthor'),(18064,'Mitschang, B.'),(18065,'Mittal, N.'),(18066,'Mizuno, M.'),(18067,'Moayerzadeh, A.'),(18068,'Mocholi, J.A.'),(18069,'Mohabbati, B.'),(18070,'Mohammadi, N.G.'),(18071,'Molderez, J.F.'),(18072,'Moldt, D.'),(18073,'Molina, F.'),(18074,'Monteiro, R.'),(18075,'Montero, F.'),(18076,'Moody, D.L.'),(18077,'Moody, D.L.'),(18078,'Moon, S.K.'),(18079,'Moon, S.Y.'),(18080,'Morales, J.M.'),(18081,'Morales-Ramirez, I.'),(18082,'Morandini, M.'),(18083,'Moreira, A.'),(18084,'Morokhovets, M.K.'),(18085,'Morreale, V.'),(18086,'Morris, P.'),(18087,'Motta, G.'),(18088,'Mougouei, D.'),(18089,'Mouratidis, H.'),(18090,'Msanjila, S.S.'),(18091,'Muniz Silva, P.S.'),(18092,'Munro, S.'),(18093,'Mussbacher, G.'),(18094,'Muñoz-Terol, R.'),(18095,'Mylopoulos, J.'),(18096,'Müller, A.'),(18097,'Müller, H.A.'),(18098,'Naaghumeenal, R.M.'),(18099,'Nagel, B.'),(18100,'Nakagawa, H.'),(18101,'Nakamura, M.'),(18102,'Nakatani, T.'),(18103,'Nalchigar, S.'),(18104,'Nandini, R.'),(18105,'Nanz, S.'),(18106,'Nardi, J.C.'),(18107,'Nassis, V.'),(18108,'Naugnton, H.'),(18109,'Navarro, E.'),(18110,'Ncube, C.'),(18111,'Nechansky, H.'),(18112,'Nejati, S.'),(18113,'Neumann, G.'),(18114,'Nguyen, C.D.'),(18115,'Nguyen, D.C.'),(18116,'Nguyen, T.'),(18117,'Nguyen, T.H.'),(18118,'Nhlabatsi, A.'),(18119,'Nicchiarelli, E.'),(18120,'Nissen, H.W.'),(18121,'Niu, N.'),(18122,'Nixon, B.A.'),(18123,'Noorian, M.'),(18124,'Nota, G.'),(18125,'Novais, P.'),(18126,'Nunes, C.'),(18127,'Nurcan, S.'),(18128,'Nuseibeh, B.'),(18129,'Nuttall, D.'),(18130,'Nwokeji, J.C.'),(18131,'Ogata, S.'),(18132,'Ogawa, H.'),(18133,'Ognibene, D.'),(18134,'Oguztuzun, H.'),(18135,'Ohsuga, A.'),(18136,'Ojameruaye, B.'),(18137,'Okamura, T.'),(18138,'Okano, M.'),(18139,'Okubo, T.'),(18140,'Oladimeji, E.A.'),(18141,'Oliveira, A.D.P.A.'),(18142,'Oliveira, E.'),(18143,'Omoronyia, I.'),(18144,'Onabajo, A.'),(18145,'Onwubiko, C.'),(18146,'Opdahl, A.L.'),(18147,'Ordaz, O.'),(18148,'Oriol, M.'),(18149,'Ormerod, T.C.'),(18150,'Oshiro, K.'),(18151,'Oster, Z.J.'),(18152,'Ostroff, J.'),(18153,'Otto, K.N.'),(18154,'Otto, P.N.'),(18155,'Ouhbi, B.'),(18156,'Overbeek, S.'),(18157,'Ozkaya, I.'),(18158,'Paci, F.'),(18159,'Paech, B.'),(18160,'Paes, J.'),(18161,'Pagliarecci, F.'),(18162,'Paige, R.'),(18163,'Paige, R.F.'),(18164,'Paja, E.'),(18165,'Palmieri, A.'),(18166,'Pan, X.'),(18167,'Paolini, P.'),(18168,'Paraboschi, S.'),(18169,'Pardillo, J.'),(18170,'Park, B.'),(18171,'Park, Y.B.'),(18172,'Parés, N.'),(18173,'Pasquale, L.'),(18174,'Pastor, J.A.'),(18175,'Pastor, O.'),(18176,'Pastor, Ó.'),(18177,'Patil, S.'),(18178,'Patrício, L.'),(18179,'Patrício, P.'),(18180,'Patzke, T.'),(18181,'Pavlidis, M.'),(18182,'Pavlou, G.'),(18183,'Payseur, J.Y.'),(18184,'Pedell, S.'),(18185,'Peng, R.'),(18186,'Peng, X.'),(18187,'Penserini, L.'),(18188,'Penzenstadler, B.'),(18189,'Pereira, T.'),(18190,'Pereverzeva, I.'),(18191,'Perini, A.'),(18192,'Perjons, E.'),(18193,'Pernin, J.-P.'),(18194,'Perrelli, H.'),(18195,'Perrone, V.'),(18196,'Pessoa, R.M.'),(18197,'Petit, D.'),(18198,'Petit, M.'),(18199,'Petriu, D.'),(18200,'Peyton, L.'),(18201,'Pfeiffer, A.'),(18202,'Phalp, K.T.'),(18203,'Picard, M.'),(18204,'Pierantonio, A.'),(18205,'Pignatelli, G.'),(18206,'Pimenidis, E.'),(18207,'Pimenta, M.F.'),(18208,'Pimentel, J.H.'),(18209,'Pimentel, J.H.'),(18210,'Pittke, F.'),(18211,'Piunti, M.'),(18212,'Pleuss, A.'),(18213,'Plösch, R.'),(18214,'Poels, G.'),(18215,'Poggianella, M.'),(18216,'Poggio, A.'),(18217,'Pohl, K.'),(18218,'Pokahr, A.'),(18219,'Polack, F.A.C.'),(18220,'Pollet, I.'),(18221,'Pometto, D.'),(18222,'Ponsard, C.'),(18223,'Post, J.'),(18224,'Potena, D.'),(18225,'Potts, C.'),(18226,'Pourshahid, A.'),(18227,'Prat, N.'),(18228,'Preston, D.'),(18229,'Proynova, R.'),(18230,'Pulvermueller, E.'),(18231,'Qian, W.'),(18232,'Qiao, W.'),(18233,'Quartel, D.'),(18234,'Quartelc, D.'),(18235,'Quer, C.'),(18236,'Qureshi, N.A.'),(18237,'R.M.'),(18238,'Rachevsky, L.'),(18239,'Rahayu, W.'),(18240,'Rahimi, M.'),(18241,'Rahmani, M.D.'),(18242,'Rahwan, I.'),(18243,'Rajugan, R.'),(18244,'Ralyté, J.'),(18245,'Ramadour, P.'),(18246,'Ramadour, P.'),(18247,'Ramanathan, J.'),(18248,'Ramaraj, N.'),(18249,'Ramasubramaniam, K.S.'),(18250,'Ramel, S.'),(18251,'Ramirez, A.J.'),(18252,'Ramnath, R.'),(18253,'Ramos, I.'),(18254,'Ramos, R.'),(18255,'Randall, D.'),(18256,'Rapp, B.'),(18257,'Rashidi-Tabrizi, R.'),(18258,'Rastellini, A.'),(18259,'Rauber, A.'),(18260,'Rausch, A.'),(18261,'Ray, P.K.'),(18262,'Rayasam, S.'),(18263,'Redaelli, T.'),(18264,'Reddy, Raj.'),(18265,'Regev, G.'),(18266,'Reinhartz-Berger, I.'),(18267,'Rempel, P.'),(18268,'Ren, L.'),(18269,'Renatus, F.'),(18270,'Ribino, P.'),(18271,'Ricca, F.'),(18272,'Ricci, A.'),(18273,'Richards, D.'),(18274,'Richards, G.'),(18275,'Richardson, J.'),(18276,'Rieu, D.'),(18277,'Rifaut, A.'),(18278,'Ritter, N.'),(18279,'Rizzi, S.'),(18280,'Roberti, P.'),(18281,'Robinson, W.N.'),(18282,'Rocha, R.A.'),(18283,'Rodrigues, G.N.'),(18284,'Roelens, B.'),(18285,'Rogers, M.'),(18286,'Rogozhkin, V.'),(18287,'Rolland, C.'),(18288,'Roop, P.S.'),(18289,'Rosca, D.'),(18290,'Rose, T.'),(18291,'Rosenblum, D.S.'),(18292,'Rossak, W.'),(18293,'Rosselet, U.'),(18294,'Rothkrantz, L.'),(18295,'Roubtsova, E.'),(18296,'Rouibah, K.'),(18297,'Roveri, P.'),(18298,'Roy, J.-F.'),(18299,'Rubio-Loyola, J.'),(18300,'Ruhe, G.'),(18301,'Rui, M.'),(18302,'Ruiz, M.'),(18303,'Russo, A.'),(18304,'Régine, L.'),(18305,'Sabatucci, L.'),(18306,'Sabetzadeh, M.'),(18307,'Saccà, D.'),(18308,'Sadiq, M.'),(18309,'Saeki, M.'),(18310,'Saidi, I.E.'),(18311,'Saidi, R.'),(18312,'Saif, U.'),(18313,'Saito, S.'),(18314,'Sakamoto, K.'),(18315,'Sakellariou, I.'),(18316,'Salay, R.'),(18317,'Salazar, G.'),(18318,'Salehie, M.'),(18319,'Salgado, C.'),(18320,'Salgado, C.E.'),(18321,'Salihbegovic, A.'),(18322,'Salinesi, C.'),(18323,'Salnitri, M.'),(18324,'Samavi, R.'),(18325,'Leite, J.C.S.D.P.'),(18326,'Sampaio, P.'),(18327,'Sanchez, J.'),(18328,'Sandsjö, L.'),(18329,'Sansone, L.'),(18330,'Santambrogio, M.D.'),(18331,'Santhanam, G.R.'),(18332,'Santos, E.'),(18333,'Santos, L.E.'),(18334,'Sasaki, K.'),(18335,'Sasmal, D.'),(18336,'Sato, S.'),(18337,'Sato, S.-I.'),(18338,'Saucier, M.'),(18339,'Savolainen, J.E.'),(18340,'Savvas, I.'),(18341,'Sawyer, P.'),(18342,'Sayão, M.'),(18343,'Schaake, L.'),(18344,'Schermerhorn, P.'),(18345,'Scheutz, M.'),(18346,'Schmidt, M.T.'),(18347,'Schmitz, D.'),(18348,'Schneider, F.'),(18349,'Schnetzler, M.'),(18350,'Schobbens, P.-Y.'),(18351,'Schoning, H.'),(18352,'Schubanz, M.'),(18353,'Schulz, F.'),(18354,'Schätz, B.'),(18355,'Sciuto, D.'),(18356,'Sebastiani, R.'),(18357,'Sei, Y.'),(18358,'Seidita, V.'),(18359,'Selvakumar, S.'),(18360,'Semmak, F.'),(18361,'Sen, A.M.'),(18362,'Sennheiser, A.'),(18363,'Sepulveda, S.'),(18364,'Sernani, P.'),(18365,'Serrano, M.'),(18366,'Serrat, J.'),(18367,'Shabo, A.'),(18368,'Shamsaei, A.'),(18369,'Sheasha, D.A.'),(18370,'Sheeba Karthika, S.'),(18371,'Shen, H.'),(18372,'Shen, J.-F.'),(18373,'Shen, Z.'),(18374,'Shepherd, A.'),(18375,'Shi, R.'),(18376,'Shibaoka, M.'),(18377,'Shofi, I.M.'),(18378,'Sibilla, M.'),(18379,'Sideridis, A.'),(18380,'Siena, A.'),(18381,'Sierszecki, K.'),(18382,'Sikdar, S.'),(18383,'Silva Parreiras, F.'),(18384,'Silva Souza, V.E.'),(18385,'Silva, C.'),(18386,'Silva, L.F.'),(18387,'Silva, M.J.'),(18388,'Silva, P.S.M.'),(18389,'Simó, J.'),(18390,'Sindre, G.'),(18391,'Singh, S.'),(18392,'Singh, Y.'),(18393,'Siqueira, F.L.'),(18394,'Sitohang, B.'),(18395,'Smietana, C.'),(18396,'Snoeck, M.'),(18397,'Soares, M.'),(18398,'Sohrabi, S.'),(18399,'Somé, S.S.'),(18400,'Song, D.'),(18401,'Song, I.-Y.'),(18402,'Song, K.-W.'),(18403,'Song, Y.-T.'),(18404,'Souer, J.'),(18405,'Sousa, A.'),(18406,'Sousa, H.P.'),(18407,'Soutchanski, M.'),(18408,'Souveyet, C.'),(18409,'Souza, C.'),(18410,'Souza, V.E.S.'),(18411,'Spalazzi, L.'),(18412,'Spoletini, P.'),(18413,'Sprinkle, J.'),(18414,'Srivastava, S.'),(18415,'Stair Jr.'),(18416,'Stallbaum, H.'),(18417,'Stamatopoulou, I.'),(18418,'Stanescu, L.'),(18419,'Stark, L.'),(18420,'Stefan, D.'),(18421,'Stene, S.B.'),(18422,'Sterling, L.'),(18423,'Stevens, G.'),(18424,'Stich, V.'),(18425,'Stoica, A.-J.'),(18426,'Storti, E.'),(18427,'Strauss, M.'),(18428,'Strembeck, M.'),(18429,'Stull, D.M.'),(18430,'Sturm, A.'),(18431,'Su, Y.'),(18432,'Sudhakara, G.'),(18433,'Sun, F.'),(18434,'Sun, J.'),(18435,'Sun, Y.'),(18436,'Sun, Z.'),(18437,'Supakkul, S.'),(18438,'Susi, A.'),(18439,'Sutcliffe, A.'),(18440,'Sutton, M.A.'),(18441,'Suzana, R.'),(18442,'Suzuki, Y.'),(18443,'Svee, E.-O.'),(18444,'Svetinovic, D.'),(18445,'Szepesvari, Cs.'),(18446,'Sánchez, J.'),(18447,'Sánchez, P.'),(18448,'Sánchez, S.'),(18449,'Ta\'a, A.'),(18450,'Tabatabaie, M.'),(18451,'Taguchi, K.'),(18452,'Tahara, Y.'),(18453,'Talcott, C.'),(18454,'Taljanovic, K.'),(18455,'Tamai, T.'),(18456,'Tamulynas, B.'),(18457,'Tamzalit, D.'),(18458,'Tanabe, D.'),(18459,'Tang, S.'),(18460,'Tardío, R.'),(18461,'Tate, G.'),(18462,'Tatibouet, B.'),(18463,'Taveter, K.'),(18464,'Tawhid, R.'),(18465,'Teka, A.'),(18466,'Tendick, P.'),(18467,'Teruel, M.A.'),(18468,'Thalmann, D.'),(18469,'Theodorou, V.'),(18470,'Tian, G.'),(18471,'Tobarra, M.L.'),(18472,'Tonella, P.'),(18473,'Topaloglou, T.'),(18474,'Torres, R.'),(18475,'Tosic, V.'),(18476,'Toueir, A.'),(18477,'Toussaint, H.'),(18478,'Toval, A.'),(18479,'Traichaiyaporn, K.'),(18480,'Tran Van, H.'),(18481,'Tremblay, E.'),(18482,'Tripp, C.'),(18483,'Troubitsyna, E.'),(18484,'Troup, L.'),(18485,'Trousse, B.'),(18486,'Trujillo, J.'),(18487,'Trujillo, J.C.'),(18488,'Tsumaki, T.'),(18489,'Tu, C.'),(18490,'Tun, T.T.'),(18491,'Tutenel, T.'),(18492,'Uchitel, S.'),(18493,'Uden, L.'),(18494,'Ugai, T.'),(18495,'Ulam, P.D.'),(18496,'Ullah, A.'),(18497,'Unnithan, R.S.'),(18498,'Vafadar, S.'),(18499,'Valero, V.'),(18500,'Van Beijnum, B.J.F.'),(18501,'Van Den Berg, K.'),(18502,'Van Der Linden, D.'),(18503,'Van Der Raadt, B.'),(18504,'van der Veer, G.'),(18505,'Van Lamsweerde, A.'),(18506,'Van Lamsweerde, A.'),(18507,'Van Lamsweerde, A.'),(18508,'Van Lamsweerde, A.'),(18509,'Van Lamsweerde, A.'),(18510,'Van Leijen, A.V.'),(18511,'Van Sinderen, M.J.'),(18512,'Van Sinderen, M.J.'),(18513,'Van Sinderen, M.J.'),(18514,'van Vliet, H.'),(18515,'Van, H.T.'),(18516,'Vanderdonckt, J.'),(18517,'Vanwormhoudt, G.'),(18518,'Varvarigou, T.'),(18519,'Vassev, E.'),(18520,'Vasupongayya, S.'),(18521,'Veljović, S.'),(18522,'Velupillai, S.'),(18523,'Venkatachar, R.'),(18524,'Venkatesh Sharma, K.'),(18525,'Venticinque, S.'),(18526,'Verdugo, F.'),(18527,'Vergne, M.'),(18528,'Verner, J.'),(18529,'Vetere, F.'),(18530,'Vexler, B.'),(18531,'Vilela, J.'),(18532,'Villafiorita, A.'),(18533,'Vinay, S.'),(18534,'Vinerbi, L.'),(18535,'Vollenbroek-Hutten, M.M.R.'),(18536,'Vornberger, J.'),(18537,'Vrbaski, M.'),(18538,'Wagner, A.'),(18539,'Wagner, P.'),(18540,'Wanderley, F.'),(18541,'Wang, H.'),(18542,'Wang, J.'),(18543,'Wang, L.'),(18544,'Wang, Q.'),(18545,'Wang, S.'),(18546,'Wang, S.-X.'),(18547,'Wang, Y.'),(18548,'Wang, Z.'),(18549,'Wang, Z.-X.'),(18550,'Wangsa, I.T.'),(18551,'Washizaki, H.'),(18552,'Watahiki, K.'),(18553,'Watanabe, Y.'),(18554,'Weber-Jahnke, J.H.'),(18555,'Wegmann, A.'),(18556,'Wei, B.'),(18557,'Weidemann, M.'),(18558,'Weippl, E.R.'),(18559,'Weiss, D.M.'),(18560,'Weiss, M.'),(18561,'Weldemariam, K.'),(18562,'Welsh, K.'),(18563,'Werneck, V.'),(18564,'Werneck, V.M.B.'),(18565,'Wessel, D.'),(18566,'Westdijk, R.'),(18567,'Wetter, T.'),(18568,'Weyer, T.'),(18569,'Whittle, J.'),(18570,'Wichert, K.-H.'),(18571,'Wicht, A.'),(18572,'Wicks, T.'),(18573,'Widya, I.'),(18574,'Wieringa, R.'),(18575,'Wild, C.'),(18576,'Winikoff, M.'),(18577,'Wirsing, M.'),(18578,'Wohlin, C.'),(18579,'Woldeamlak, S.'),(18580,'Won, J.'),(18581,'Wong, B.'),(18582,'Wong, J.'),(18583,'Woo, C.'),(18584,'Wood-Harper, T.'),(18585,'Woodcock, J.'),(18586,'Woon, W.L.'),(18587,'Wu, J.'),(18588,'Wu, W.'),(18589,'Wu, Y.'),(18590,'Wupper, H.'),(18591,'Wünsche, H.-J.'),(18592,'Wąsowski, A.'),(18593,'Xiang, J.'),(18594,'Xiang, S.'),(18595,'Xinshang, Y.'),(18596,'Xiong, Y.'),(18597,'Xu, X.'),(18598,'Yamamoto, K.'),(18599,'Yamamoto, S.'),(18600,'Yang, B.'),(18601,'Yang, E.Y.'),(18602,'Yang, Z.'),(18603,'Yanji, L.'),(18604,'Yao, Q.'),(18605,'Yavuz, H.'),(18606,'Yildirim, S.'),(18607,'Yin, B.'),(18608,'Yin, X.'),(18609,'Yoeun, S.'),(18610,'Yong, D.'),(18611,'Yoshioka, N.'),(18612,'Youn, H.'),(18613,'Yu, D.'),(18614,'Yu, E.S.K.'),(18615,'Yu, E.S.K.'),(18616,'Yu, H.'),(18617,'Yu, Q.'),(18618,'Yu, Y.'),(18619,'Yuan, M.'),(18620,'Yuhui, S.'),(18621,'Yukun, S.'),(18622,'Zaldívar, A.'),(18623,'Zambonelli, F.'),(18624,'Zancanaro, M.'),(18625,'Zannone, N.'),(18626,'Zardari, S.'),(18627,'Zarour, N.E.'),(18628,'Zarrabi, F.'),(18629,'Zatarain, R.'),(18630,'Zawawy, H.'),(18631,'Zdravkovic, J.'),(18632,'Zeineldin, H.H.'),(18633,'Zemmouri, E.M.'),(18634,'Zeng, C.'),(18635,'Zepeda, L.'),(18636,'Zewge, A.'),(18637,'Zhang, B.'),(18638,'Zhang, H.'),(18639,'Zhang, L.'),(18640,'Zhang, N.'),(18641,'Zhang, P.'),(18642,'Zhang, W.'),(18643,'Zhang, W.-Z.'),(18644,'Zhang, X.'),(18645,'Zhang, X.-W.'),(18646,'Zhao, H.'),(18647,'Zhao, L.'),(18648,'Zhao, W.'),(18649,'Zhou, X.'),(18650,'Zhu, J.'),(18651,'Zhu, Q.'),(18652,'Zhu, W.-X.'),(18653,'Zickert, F.'),(18654,'Zlatev, Z.'),(18655,'Zmud, R.W.'),(18656,'Zoukar, I.'),(18657,'Zowghi, D.'),(18658,'Zuccotti, G.'),(18659,'Zutis, K.'),(18660,'Achour, C. B.'),(18661,'Weidenhaupt, K.'),(18662,'Massonet, P.'),(18663,'Van Lamsweerde, A.'),(18664,'Goul�o, M.'),(18665,'Gonz�lez, P.'),(18666,'L�pez-Jaquero, V.'),(18667,'M�ller, H.A.'),(18668,'Falc�o e Cunha, J.'),(18669,'Patr�cio, L.'),(18670,'Mat�, A.'),(18671,'Patr�cio, P.'),(18672,'Abrah�o, S.'),(18673,'Ant�n, A.I.'),(18674,'Gu�raud, V.'),(18675,'Garrig�s, I.'),(18676,'Maz�n, J.-N.'),(18677,'Gr�nbacher, P.'),(18678,'L�pez, L.'),(18679,'Guye-Vui�eme, A.'),(18680,'Mar�n, B.'),(18681,'Ga�evi?, D.'),(18682,'Angelopoulos, K.'),(18683,'D�az, G.'),(18684,'Fa�bender, S.'),(18685,'K�hling, C.'),(18686,'Veljovi?, S.'),(18687,'H�bner, J.F.'),(18688,'Sim�, J.'),(18689,'Fujishiro, I.'),(18690,'Takeshita, Y.'),(18691,'Ishikawa, Y'),(18692,'Nakamura, K.'),(18693,'Ara�jo, J.'),(18694,'Matulevi?ius, R.'),(18695,'Gonz�lez-Baixauli, B.'),(18696,'L�pez, M.E.');

--
-- Table structure for table `authors_has_papers`
--

CREATE TABLE `authors_has_papers` (
  `authors_ID` int(11) NOT NULL,
  `papers_id` int(11) NOT NULL,
  `affiliations_ID` int(11) NOT NULL,
  `position` int(2) NOT NULL DEFAULT '1',
  PRIMARY KEY (`authors_ID`,`papers_id`,`affiliations_ID`),
  KEY `fk_authors_has_papers_papers1_idx` (`papers_id`),
  KEY `fk_authors_has_papers_authors1_idx` (`authors_ID`),
  KEY `fk_authors_has_papers_affiliations1_idx` (`affiliations_ID`),
  CONSTRAINT `fk_authors_has_papers_affiliations1` FOREIGN KEY (`affiliations_ID`) REFERENCES `affiliations` (`ID`) ON DELETE NO ACTION ON UPDATE NO ACTION,
  CONSTRAINT `fk_authors_has_papers_authors1` FOREIGN KEY (`authors_ID`) REFERENCES `authors` (`ID`) ON DELETE NO ACTION ON UPDATE NO ACTION,
  CONSTRAINT `fk_authors_has_papers_papers1` FOREIGN KEY (`papers_id`) REFERENCES `papers` (`ID`) ON DELETE NO ACTION ON UPDATE NO ACTION
) ENGINE=InnoDB DEFAULT CHARSET=latin1;

--
-- Dumping data for table `authors_has_papers`
--

INSERT INTO `authors_has_papers` VALUES (17215,2605,2,1),(17216,2353,2,1),(17217,2642,2,1),(17218,2654,2,1),(17219,2542,2,1),(17220,2453,2,1),(17221,2608,2,1),(17222,2013,94,1),(17222,2096,94,1),(17223,2351,2,1),(17224,2158,65,2),(17225,2354,2,1),(17226,2878,2,1),(17227,2636,2,1),(17228,2537,2,1),(17229,2620,2,1),(17230,2515,2,1),(17231,2027,148,1),(17231,2171,148,2),(17232,2684,2,1),(17233,2541,2,1),(17233,2546,2,1),(17234,2495,2,1),(17235,2310,2,1),(17236,2044,191,1),(17236,2263,191,1),(17236,2329,2,1),(17236,2431,2,1),(17236,2579,2,1),(17237,2752,2,1),(17238,2434,2,1),(17238,2561,2,1),(17239,2677,2,1),(17240,2699,2,1),(17241,2577,2,1),(17241,2640,2,1),(17242,2844,2,1),(17243,2735,2,1),(17244,2130,394,1),(17245,2881,2,1),(17246,2165,188,1),(17247,2244,407,1),(17247,2297,2,1),(17248,2032,125,4),(17248,2054,125,4),(17248,2056,226,1),(17248,2064,404,6),(17248,2123,125,4),(17248,2124,404,4),(17248,2126,404,2),(17248,2470,2,1),(17248,2484,2,1),(17248,2541,2,1),(17248,2546,2,1),(17248,2776,2,1),(17248,2789,2,1),(17249,2116,79,4),(17249,2142,293,7),(17249,2303,2,1),(17249,2415,2,1),(17249,2577,2,1),(17250,1957,68,1),(17250,2053,121,1),(17250,2075,68,1),(17250,2081,121,4),(17250,2435,2,1),(17250,2465,2,1),(17250,2599,2,1),(17250,2635,2,1),(17250,2784,2,1),(17250,2812,2,1),(17251,2168,154,2),(17252,2755,2,1),(17253,2441,2,1),(17254,2446,2,1),(17255,2042,128,2),(17255,2145,128,2),(17255,2151,395,2),(17255,2673,2,1),(17256,2523,2,1),(17256,2590,2,1),(17257,2556,2,1),(17258,1986,143,1),(17258,2122,143,1),(17258,2255,143,1),(17258,2857,2,1),(17258,2883,2,1),(17259,2598,2,1),(17260,2031,100,1),(17260,2289,62,1),(17261,2702,2,1),(17262,2542,2,1),(17263,2896,2,1),(17264,2201,101,3),(17264,2267,62,1),(17264,2326,2,1),(17264,2358,2,1),(17264,2467,2,1),(17265,2385,2,1),(17266,1950,192,1),(17266,1960,78,1),(17266,1965,78,2),(17266,1972,78,1),(17266,2018,62,1),(17266,2026,189,2),(17266,2029,62,1),(17266,2037,78,2),(17266,2070,189,4),(17266,2100,189,2),(17266,2105,78,3),(17266,2112,192,1),(17266,2116,189,7),(17266,2142,295,1),(17266,2148,189,2),(17266,2174,62,3),(17266,2179,189,3),(17266,2187,62,1),(17266,2192,62,1),(17266,2200,2,1),(17266,2223,62,1),(17266,2227,189,2),(17266,2262,62,1),(17266,2306,2,1),(17266,2323,2,1),(17266,2351,2,1),(17266,2360,2,1),(17266,2389,2,1),(17266,2393,2,1),(17266,2402,2,1),(17266,2410,2,1),(17266,2411,2,1),(17266,2413,2,1),(17266,2415,2,1),(17266,2419,2,1),(17266,2438,2,1),(17266,2527,2,1),(17266,2528,2,1),(17266,2540,2,1),(17266,2542,2,1),(17266,2549,2,1),(17266,2553,2,1),(17266,2577,2,1),(17266,2640,2,1),(17266,2659,2,1),(17266,2683,2,1),(17266,2686,2,1),(17266,2765,2,1),(17266,2787,2,1),(17266,2802,2,1),(17266,2819,2,1),(17266,2829,2,1),(17267,2817,2,1),(17268,1969,62,1),(17269,2436,2,1),(17270,1990,62,1),(17271,2804,2,1),(17272,2355,2,1),(17273,2842,2,1),(17274,2293,2,1),(17275,2058,411,1),(17275,2613,2,1),(17276,2881,2,1),(17277,2829,2,1),(17278,2109,131,3),(17278,2440,2,1),(17279,2326,2,1),(17279,2355,2,1),(17279,2356,2,1),(17279,2358,2,1),(17279,2388,2,1),(17279,2406,2,1),(17279,2467,2,1),(17279,2517,2,1),(17279,2658,2,1),(17279,2778,2,1),(17281,2365,2,1),(17282,2279,202,2),(17283,2754,2,1),(17284,2098,313,1),(17284,2381,2,1),(17284,2610,2,1),(17284,2722,2,1),(17285,2000,68,1),(17286,2446,2,1),(17287,2748,2,1),(17287,2777,2,1),(17288,2121,62,1),(17289,2618,2,1),(17290,2153,181,3),(17291,2371,2,1),(17292,1971,62,1),(17292,2011,107,2),(17293,2317,2,1),(17294,2005,106,1),(17294,2700,2,1),(17294,2889,2,1),(17295,2372,2,1),(17296,2876,2,1),(17297,2619,2,1),(17297,2621,2,1),(17298,2042,128,1),(17299,2365,2,1),(17299,2519,2,1),(17300,2317,2,1),(17301,2443,2,1),(17301,2459,2,1),(17301,2480,2,1),(17302,2554,2,1),(17303,2415,2,1),(17303,2577,2,1),(17304,2076,415,1),(17304,2098,314,2),(17304,2578,2,1),(17305,2083,62,1),(17305,2568,2,1),(17305,2601,2,1),(17305,2616,2,1),(17306,2759,2,1),(17307,2670,2,1),(17308,2816,2,1),(17309,2888,2,1),(17310,2371,2,1),(17310,2891,2,1),(17311,2441,2,1),(17312,2012,62,1),(17313,1964,109,1),(17313,2024,62,1),(17313,2045,109,1),(17313,2747,2,1),(17314,2544,2,1),(17315,2423,2,1),(17315,2751,2,1),(17316,2491,2,1),(17317,2571,2,1),(17318,2298,366,3),(17319,2085,64,1),(17320,2724,2,1),(17321,2904,2,1),(17322,2216,166,2),(17323,2168,155,4),(17323,2207,155,3),(17324,2156,62,1),(17324,2758,2,1),(17326,2299,2,1),(17327,2777,2,1),(17328,2750,2,1),(17329,2779,2,1),(17329,2791,2,1),(17330,2099,177,1),(17330,2468,2,1),(17331,2405,2,1),(17332,2074,62,1),(17333,2404,2,1),(17333,2565,2,1),(17334,2757,2,1),(17335,2711,2,1),(17336,2116,189,8),(17336,2148,189,1),(17336,2200,2,1),(17336,2227,189,1),(17336,2303,2,1),(17336,2415,2,1),(17336,2765,2,1),(17337,2401,2,1),(17338,2424,2,1),(17339,2138,138,2),(17340,2899,2,1),(17341,2878,2,1),(17342,2197,386,1),(17342,2428,2,1),(17342,2652,2,1),(17343,2561,2,1),(17344,2423,2,1),(17344,2654,2,1),(17344,2751,2,1),(17345,1984,84,3),(17345,1985,84,3),(17345,2138,138,1),(17345,2204,62,1),(17345,2869,2,1),(17346,2670,2,1),(17347,2711,2,1),(17348,2530,2,1),(17349,2079,62,1),(17350,2482,2,1),(17351,2033,102,3),(17351,2073,102,7),(17351,2170,62,1),(17351,2698,2,1),(17352,2012,62,1),(17353,2304,2,1),(17354,2197,387,3),(17355,2331,2,1),(17355,2743,2,1),(17356,2677,2,1),(17357,2466,2,1),(17358,2365,2,1),(17359,2013,94,2),(17360,2425,2,1),(17361,2849,2,1),(17362,2273,201,1),(17362,2354,2,1),(17363,2675,2,1),(17364,2067,62,1),(17364,2480,2,1),(17364,2823,2,1),(17365,1956,122,1),(17365,1959,77,1),(17365,2011,107,1),(17365,2059,122,1),(17365,2240,62,1),(17366,2774,2,1),(17367,2231,193,2),(17367,2346,2,1),(17367,2799,2,1),(17367,2852,2,1),(17368,2221,390,3),(17368,2472,2,1),(17369,2506,2,1),(17369,2511,2,1),(17369,2770,2,1),(17370,2269,402,2),(17371,2120,134,1),(17371,2800,2,1),(17372,1946,109,1),(17373,2494,2,1),(17373,2498,2,1),(17374,2125,125,1),(17374,2321,2,1),(17374,2749,2,1),(17374,2782,2,1),(17375,2514,2,1),(17376,1991,146,2),(17376,2065,146,2),(17376,2175,146,3),(17376,2185,146,3),(17376,2213,62,1),(17376,2281,146,3),(17376,2296,2,1),(17376,2370,2,1),(17376,2383,2,1),(17376,2418,2,1),(17376,2591,2,1),(17376,2661,2,1),(17376,2866,2,1),(17377,2575,2,1),(17378,2372,2,1),(17379,2731,2,1),(17380,2428,2,1),(17380,2652,2,1),(17381,2755,2,1),(17382,2606,2,1),(17383,2610,2,1),(17383,2722,2,1),(17384,2642,2,1),(17385,2007,84,2),(17386,2315,2,1),(17387,2362,2,1),(17388,2034,187,1),(17388,2159,187,2),(17389,2116,294,2),(17389,2142,294,9),(17389,2200,2,1),(17389,2303,2,1),(17389,2411,2,1),(17389,2415,2,1),(17389,2577,2,1),(17390,2804,2,1),(17391,2068,92,2),(17391,2241,311,2),(17392,2647,2,1),(17393,2280,418,5),(17394,2260,129,4),(17395,2609,2,1),(17396,2073,157,6),(17396,2698,2,1),(17397,2434,2,1),(17397,2561,2,1),(17398,2235,384,2),(17398,2854,2,1),(17398,2898,2,1),(17399,2712,2,1),(17400,2809,2,1),(17401,2357,2,1),(17402,2211,62,1),(17403,2466,2,1),(17404,2104,185,5),(17404,2252,185,6),(17405,2552,2,1),(17406,2461,2,1),(17407,2271,191,3),(17407,2836,2,1),(17408,2513,2,1),(17409,2114,74,1),(17409,2248,74,1),(17409,2607,2,1),(17409,2689,2,1),(17410,2316,2,1),(17411,2634,2,1),(17411,2636,2,1),(17412,2815,2,1),(17413,2027,149,2),(17414,2232,333,2),(17414,2367,2,1),(17415,2724,2,1),(17416,2186,159,4),(17417,2046,62,1),(17418,2487,2,1),(17419,2270,62,1),(17420,2728,2,1),(17420,2785,2,1),(17421,2145,128,1),(17421,2529,2,1),(17421,2595,2,1),(17421,2673,2,1),(17422,2151,395,1),(17423,2001,91,1),(17423,2005,106,2),(17423,2320,2,1),(17423,2469,2,1),(17423,2772,2,1),(17423,2872,2,1),(17424,2724,2,1),(17425,2871,2,1),(17426,2116,294,3),(17426,2142,294,10),(17426,2200,2,1),(17426,2303,2,1),(17426,2411,2,1),(17426,2577,2,1),(17427,2005,106,3),(17427,2228,167,1),(17428,2569,2,1),(17429,2310,2,1),(17430,2077,152,1),(17431,2032,125,6),(17431,2054,125,1),(17431,2056,404,5),(17431,2064,404,3),(17431,2123,125,5),(17431,2124,404,2),(17431,2126,404,5),(17431,2196,125,2),(17431,2217,62,1),(17431,2258,62,1),(17431,2321,2,1),(17431,2419,2,1),(17431,2437,2,1),(17431,2439,2,1),(17431,2444,2,1),(17431,2470,2,1),(17431,2474,2,1),(17431,2484,2,1),(17431,2538,2,1),(17431,2550,2,1),(17431,2551,2,1),(17431,2688,2,1),(17431,2691,2,1),(17431,2702,2,1),(17431,2720,2,1),(17431,2741,2,1),(17431,2745,2,1),(17431,2749,2,1),(17431,2776,2,1),(17431,2782,2,1),(17431,2789,2,1),(17432,1946,110,2),(17433,2205,385,3),(17433,2218,62,1),(17434,2876,2,1),(17435,2525,2,1),(17435,2704,2,1),(17436,2317,2,1),(17437,2871,2,1),(17438,2839,2,1),(17439,2494,2,1),(17439,2498,2,1),(17440,1946,109,3),(17441,2828,2,1),(17442,2312,2,1),(17443,2879,2,1),(17444,2680,2,1),(17445,2618,2,1),(17445,2692,2,1),(17446,2463,2,1),(17446,2757,2,1),(17447,1999,64,5),(17447,2398,2,1),(17448,2069,169,2),(17448,2117,169,1),(17448,2382,2,1),(17448,2476,2,1),(17448,2489,2,1),(17448,2524,2,1),(17448,2532,2,1),(17448,2821,2,1),(17449,1973,62,1),(17450,2489,2,1),(17451,1965,79,5),(17452,2487,2,1),(17452,2582,2,1),(17453,2270,62,1),(17454,2090,130,1),(17455,1984,104,1),(17455,1985,104,4),(17455,2118,104,3),(17455,2251,104,4),(17455,2294,2,1),(17455,2448,2,1),(17455,2492,2,1),(17455,2503,2,1),(17455,2869,2,1),(17456,2459,2,1),(17457,2128,62,1),(17458,2754,2,1),(17459,2907,2,1),(17460,2250,119,2),(17461,2812,2,1),(17462,2244,408,2),(17463,2784,2,1),(17464,2162,89,1),(17465,2892,2,1),(17466,2820,2,1),(17467,2570,2,1),(17468,2767,2,1),(17469,1942,65,2),(17469,1949,137,1),(17469,1951,65,2),(17469,2009,137,3),(17469,2132,137,1),(17469,2158,65,4),(17469,2199,137,1),(17469,2212,137,3),(17469,2233,65,2),(17469,2234,137,3),(17469,2236,65,1),(17469,2253,137,3),(17469,2288,137,1),(17469,2313,2,1),(17469,2454,2,1),(17469,2502,2,1),(17469,2788,2,1),(17469,2892,2,1),(17470,2643,2,1),(17471,2298,367,2),(17471,2571,2,1),(17472,2636,2,1),(17473,2033,150,1),(17473,2617,2,1),(17474,2216,166,1),(17475,2317,2,1),(17476,2758,2,1),(17477,2540,2,1),(17478,2299,2,1),(17479,2302,2,1),(17480,2466,2,1),(17481,2158,65,1),(17481,2288,137,2),(17481,2892,2,1),(17482,2426,2,1),(17483,2422,2,1),(17483,2535,2,1),(17484,2246,62,1),(17484,2494,2,1),(17484,2498,2,1),(17484,2531,2,1),(17485,2518,2,1),(17485,2588,2,1),(17486,2158,369,5),(17487,1956,413,2),(17487,1959,77,2),(17487,2011,107,3),(17487,2059,122,2),(17487,2067,62,1),(17487,2240,62,1),(17487,2480,2,1),(17487,2823,2,1),(17488,2526,2,1),(17489,2763,2,1),(17490,2163,62,1),(17491,2232,333,5),(17491,2367,2,1),(17492,2665,2,1),(17493,2430,2,1),(17493,2632,2,1),(17494,2317,2,1),(17495,2317,2,1),(17496,2457,2,1),(17496,2832,2,1),(17496,2896,2,1),(17497,2657,2,1),(17498,2719,2,1),(17499,2665,2,1),(17500,2497,2,1),(17501,2897,2,1),(17502,1957,68,2),(17502,1993,68,1),(17502,2036,62,1),(17502,2053,68,2),(17502,2075,68,1),(17502,2140,68,2),(17502,2202,318,2),(17502,2296,2,1),(17502,2307,2,1),(17502,2399,2,1),(17502,2420,2,1),(17502,2435,2,1),(17502,2465,2,1),(17502,2592,2,1),(17502,2619,2,1),(17502,2625,2,1),(17502,2635,2,1),(17502,2661,2,1),(17502,2672,2,1),(17502,2784,2,1),(17502,2825,2,1),(17503,2817,2,1),(17504,1980,211,1),(17504,2689,2,1),(17505,2603,2,1),(17506,2895,2,1),(17507,2433,2,1),(17508,2491,2,1),(17509,2512,2,1),(17510,2190,309,1),(17510,2493,2,1),(17510,2543,2,1),(17511,2701,2,1),(17512,2475,2,1),(17512,2855,2,1),(17513,2495,2,1),(17514,2701,2,1),(17515,2380,2,1),(17516,2693,2,1),(17517,2035,74,1),(17518,2793,2,1),(17519,2637,2,1),(17519,2806,2,1),(17519,2832,2,1),(17520,2330,2,1),(17521,2108,132,2),(17521,2149,133,1),(17521,2278,133,1),(17521,2332,2,1),(17521,2464,2,1),(17521,2790,2,1),(17522,2092,62,1),(17523,2648,2,1),(17524,2682,2,1),(17525,2203,62,1),(17526,2280,418,2),(17527,2729,2,1),(17527,2762,2,1),(17528,2294,2,1),(17529,2261,195,2),(17530,2211,62,1),(17531,2775,2,1),(17532,2398,2,1),(17533,2101,62,1),(17534,2358,2,1),(17535,2807,2,1),(17536,2282,62,1),(17537,2283,275,3),(17538,2627,2,1),(17539,2680,2,1),(17540,1949,419,2),(17540,1966,64,2),(17540,1995,89,2),(17540,1998,89,2),(17540,2009,147,5),(17540,2015,140,6),(17540,2040,246,5),(17540,2135,140,1),(17540,2186,89,7),(17540,2501,2,1),(17540,2558,2,1),(17540,2563,2,1),(17540,2637,2,1),(17540,2656,2,1),(17540,2657,2,1),(17540,2806,2,1),(17540,2832,2,1),(17541,2191,62,1),(17542,2840,2,1),(17543,2666,2,1),(17544,2068,312,1),(17544,2241,382,1),(17545,2449,2,1),(17546,2506,2,1),(17547,2634,2,1),(17547,2636,2,1),(17548,2797,2,1),(17549,2199,137,5),(17550,2578,2,1),(17551,2665,2,1),(17552,2139,397,1),(17552,2364,2,1),(17553,2082,268,5),(17553,2113,232,3),(17553,2324,2,1),(17553,2363,2,1),(17553,2393,2,1),(17553,2429,2,1),(17553,2602,2,1),(17553,2650,2,1),(17554,2291,204,1),(17555,2422,2,1),(17555,2535,2,1),(17556,2512,2,1),(17557,2796,2,1),(17558,2129,178,3),(17559,2367,2,1),(17560,2384,2,1),(17561,1999,64,4),(17561,2020,64,5),(17561,2155,64,2),(17561,2186,64,6),(17561,2189,64,2),(17561,2369,2,1),(17561,2633,2,1),(17562,2759,2,1),(17563,2616,2,1),(17564,2867,2,1),(17565,2231,194,3),(17565,2346,2,1),(17565,2799,2,1),(17565,2852,2,1),(17566,2373,2,1),(17567,2284,394,1),(17568,1975,64,1),(17568,2111,64,1),(17568,2144,64,1),(17569,2628,2,1),(17570,2231,193,4),(17570,2346,2,1),(17570,2799,2,1),(17571,2222,420,1),(17571,2837,2,1),(17571,2841,2,1),(17572,2417,2,1),(17572,2624,2,1),(17572,2631,2,1),(17572,2697,2,1),(17573,1974,81,1),(17573,1977,81,2),(17573,2143,83,1),(17573,2226,81,1),(17573,2302,2,1),(17573,2394,2,1),(17573,2585,2,1),(17575,2252,186,3),(17576,2603,2,1),(17577,1991,64,3),(17577,2065,64,1),(17577,2175,64,1),(17577,2183,64,1),(17577,2349,2,1),(17578,2213,62,1),(17578,2229,62,1),(17578,2386,2,1),(17579,2012,62,1),(17580,2436,2,1),(17580,2461,2,1),(17581,2238,79,2),(17582,2264,62,1),(17582,2406,2,1),(17583,2518,2,1),(17583,2588,2,1),(17584,2713,2,1),(17585,2807,2,1),(17586,2497,2,1),(17587,2539,2,1),(17588,2508,2,1),(17589,2738,2,1),(17590,2205,385,2),(17592,2568,2,1),(17593,2129,79,4),(17594,2029,62,1),(17595,2820,2,1),(17596,2466,2,1),(17597,2752,2,1),(17598,2500,2,1),(17598,2662,2,1),(17598,2862,2,1),(17599,2404,2,1),(17600,2830,2,1),(17601,2423,2,1),(17601,2751,2,1),(17602,2309,2,1),(17602,2705,2,1),(17602,2814,2,1),(17602,2818,2,1),(17603,2597,2,1),(17604,2218,62,1),(17605,2563,2,1),(17605,2612,2,1),(17606,2359,2,1),(17607,2120,135,2),(17607,2258,62,1),(17607,2289,62,1),(17608,2047,62,1),(17609,2150,153,3),(17610,2881,2,1),(17611,2879,2,1),(17612,2615,2,1),(17613,2878,2,1),(17614,2287,62,1),(17614,2512,2,1),(17615,1965,80,7),(17615,2227,189,3),(17616,2494,2,1),(17616,2498,2,1),(17617,2553,2,1),(17618,1987,71,2),(17618,2001,91,2),(17618,2005,106,7),(17618,2154,71,2),(17618,2157,62,1),(17618,2160,300,1),(17618,2195,71,3),(17618,2211,62,1),(17618,2228,71,2),(17618,2320,2,1),(17618,2372,2,1),(17618,2419,2,1),(17618,2437,2,1),(17618,2442,2,1),(17618,2444,2,1),(17618,2469,2,1),(17618,2518,2,1),(17618,2588,2,1),(17618,2700,2,1),(17618,2725,2,1),(17618,2772,2,1),(17618,2776,2,1),(17618,2777,2,1),(17618,2872,2,1),(17619,2455,2,1),(17620,2292,363,2),(17621,2226,81,3),(17622,2435,2,1),(17623,2251,104,2),(17623,2294,2,1),(17624,2677,2,1),(17625,2827,2,1),(17626,2141,169,1),(17626,2166,62,1),(17627,1946,109,4),(17628,2646,2,1),(17629,2643,2,1),(17630,2494,2,1),(17630,2498,2,1),(17631,2643,2,1),(17632,2647,2,1),(17633,2795,2,1),(17634,2582,2,1),(17635,2318,2,1),(17636,2156,62,1),(17637,2579,2,1),(17638,2310,2,1),(17638,2329,2,1),(17638,2431,2,1),(17639,2643,2,1),(17640,1955,68,3),(17641,2133,399,3),(17642,2381,2,1),(17642,2610,2,1),(17642,2722,2,1),(17643,2276,62,1),(17643,2362,2,1),(17644,2368,2,1),(17645,2316,2,1),(17646,2553,2,1),(17647,2817,2,1),(17648,2417,2,1),(17648,2624,2,1),(17648,2697,2,1),(17649,2097,401,2),(17650,2194,373,4),(17651,1960,78,2),(17651,1965,78,4),(17651,2018,62,1),(17651,2026,189,1),(17651,2115,62,1),(17651,2262,62,1),(17651,2360,2,1),(17651,2389,2,1),(17651,2393,2,1),(17651,2580,2,1),(17651,2787,2,1),(17652,2533,2,1),(17652,2534,2,1),(17652,2560,2,1),(17653,2570,2,1),(17654,2076,415,2),(17655,2348,2,1),(17656,2056,226,3),(17656,2147,180,2),(17656,2330,2,1),(17656,2470,2,1),(17656,2776,2,1),(17656,2789,2,1),(17657,2319,2,1),(17657,2347,2,1),(17657,2379,2,1),(17657,2678,2,1),(17657,2753,2,1),(17658,2356,2,1),(17659,2443,2,1),(17660,2662,2,1),(17661,2696,2,1),(17662,1948,68,1),(17662,1955,68,1),(17662,1957,68,3),(17662,1988,68,2),(17662,1993,68,2),(17662,2000,68,2),(17662,2022,234,1),(17662,2036,62,1),(17662,2053,68,3),(17662,2075,68,1),(17662,2140,68,5),(17662,2202,318,5),(17662,2307,2,1),(17662,2399,2,1),(17662,2420,2,1),(17662,2435,2,1),(17662,2465,2,1),(17662,2529,2,1),(17662,2533,2,1),(17662,2534,2,1),(17662,2560,2,1),(17662,2592,2,1),(17662,2595,2,1),(17662,2619,2,1),(17662,2625,2,1),(17662,2635,2,1),(17662,2672,2,1),(17662,2784,2,1),(17662,2812,2,1),(17662,2825,2,1),(17663,2655,2,1),(17664,2596,2,1),(17665,2505,2,1),(17666,2827,2,1),(17667,2268,62,1),(17667,2361,2,1),(17667,2434,2,1),(17667,2460,2,1),(17667,2583,2,1),(17667,2664,2,1),(17667,2854,2,1),(17668,2597,2,1),(17669,2057,83,1),(17670,1985,104,1),(17670,2503,2,1),(17671,2492,2,1),(17671,2869,2,1),(17672,2818,2,1),(17673,2713,2,1),(17674,2349,2,1),(17674,2501,2,1),(17674,2868,2,1),(17674,2890,2,1),(17675,2390,2,1),(17675,2622,2,1),(17675,2736,2,1),(17677,1997,96,2),(17677,2050,148,2),(17678,2827,2,1),(17679,2386,2,1),(17680,2483,2,1),(17680,2813,2,1),(17681,2388,2,1),(17681,2406,2,1),(17681,2517,2,1),(17682,2317,2,1),(17683,2869,2,1),(17684,2388,2,1),(17684,2517,2,1),(17685,2113,232,2),(17685,2363,2,1),(17686,1987,71,1),(17686,2005,106,4),(17686,2154,71,1),(17686,2157,62,1),(17687,2643,2,1),(17688,1989,86,2),(17689,2479,2,1),(17690,2435,2,1),(17691,2095,118,5),(17692,2112,277,3),(17692,2136,291,1),(17692,2536,2,1),(17692,2600,2,1),(17693,2774,2,1),(17694,2590,2,1),(17695,2523,2,1),(17696,2381,2,1),(17696,2610,2,1),(17696,2722,2,1),(17698,2557,2,1),(17699,2728,2,1),(17699,2785,2,1),(17700,2439,2,1),(17700,2688,2,1),(17700,2691,2,1),(17701,2042,128,5),(17701,2145,128,4),(17701,2151,395,3),(17701,2383,2,1),(17701,2673,2,1),(17701,2701,2,1),(17702,2145,128,3),(17702,2586,2,1),(17702,2701,2,1),(17703,2151,395,4),(17703,2383,2,1),(17703,2673,2,1),(17704,2638,2,1),(17705,2486,2,1),(17707,2837,2,1),(17708,2750,2,1),(17709,2851,2,1),(17709,2853,2,1),(17710,2726,2,1),(17711,2153,181,1),(17712,2198,161,1),(17712,2219,161,1),(17713,2654,2,1),(17714,2073,157,4),(17715,2840,2,1),(17716,2424,2,1),(17717,2352,2,1),(17718,2416,2,1),(17719,1992,218,5),(17720,2907,2,1),(17721,2194,373,3),(17722,2120,136,3),(17722,2800,2,1),(17723,2559,2,1),(17724,2163,62,1),(17725,2231,193,1),(17725,2346,2,1),(17725,2799,2,1),(17725,2852,2,1),(17726,2410,2,1),(17726,2527,2,1),(17726,2528,2,1),(17726,2598,2,1),(17727,2098,313,4),(17728,1953,75,1),(17728,2062,75,1),(17729,2005,106,5),(17730,2272,203,2),(17730,2334,2,1),(17730,2408,2,1),(17730,2432,2,1),(17731,2409,2,1),(17731,2794,2,1),(17732,2582,2,1),(17733,2220,327,3),(17733,2400,2,1),(17733,2582,2,1),(17733,2814,2,1),(17733,2818,2,1),(17734,2781,2,1),(17735,2071,100,1),(17736,2244,407,4),(17736,2297,2,1),(17736,2404,2,1),(17737,2073,157,1),(17738,2260,129,3),(17739,2336,2,1),(17740,2254,155,5),(17741,2304,2,1),(17741,2628,2,1),(17742,2603,2,1),(17742,2620,2,1),(17743,2146,362,1),(17743,2407,2,1),(17744,2559,2,1),(17745,2809,2,1),(17746,2870,2,1),(17747,2276,62,1),(17748,1976,95,2),(17748,2025,95,2),(17748,2062,95,2),(17748,2082,269,4),(17748,2316,2,1),(17748,2323,2,1),(17748,2880,2,1),(17748,2897,2,1),(17749,2009,137,2),(17749,2199,137,2),(17749,2454,2,1),(17749,2788,2,1),(17750,2730,2,1),(17751,2107,370,2),(17751,2164,370,2),(17751,2167,62,1),(17751,2520,2,1),(17751,2667,2,1),(17752,2514,2,1),(17753,2333,2,1),(17754,2763,2,1),(17755,2482,2,1),(17756,2606,2,1),(17757,2312,2,1),(17757,2391,2,1),(17757,2708,2,1),(17758,2131,423,3),(17758,2172,301,3),(17758,2184,307,3),(17758,2274,62,1),(17758,2305,2,1),(17758,2421,2,1),(17758,2451,2,1),(17759,2049,96,1),(17760,1963,69,2),(17761,2391,2,1),(17762,1960,64,3),(17762,2043,64,1),(17762,2052,172,1),(17762,2084,64,1),(17762,2110,62,1),(17762,2112,172,2),(17762,2243,68,1),(17762,2295,2,1),(17762,2296,2,1),(17762,2338,2,1),(17762,2348,2,1),(17762,2383,2,1),(17762,2397,2,1),(17762,2398,2,1),(17762,2418,2,1),(17762,2529,2,1),(17762,2530,2,1),(17762,2545,2,1),(17762,2547,2,1),(17762,2564,2,1),(17762,2565,2,1),(17762,2574,2,1),(17762,2591,2,1),(17762,2595,2,1),(17762,2621,2,1),(17762,2661,2,1),(17762,2681,2,1),(17762,2683,2,1),(17762,2720,2,1),(17762,2817,2,1),(17763,2646,2,1),(17764,2180,156,3),(17764,2206,377,1),(17765,2903,2,1),(17766,2169,351,5),(17767,2728,2,1),(17767,2785,2,1),(17768,2127,62,1),(17769,2795,2,1),(17770,2212,380,5),(17770,2253,380,5),(17770,2759,2,1),(17771,2668,2,1),(17772,2095,182,4),(17773,1985,145,5),(17773,2869,2,1),(17774,2357,2,1),(17775,2441,2,1),(17776,2894,2,1),(17777,2472,2,1),(17778,2121,62,1),(17778,2226,332,4),(17779,2823,2,1),(17779,2858,2,1),(17780,2613,2,1),(17781,2752,2,1),(17782,2341,2,1),(17783,2842,2,1),(17784,2809,2,1),(17785,2576,2,1),(17785,2681,2,1),(17786,2721,2,1),(17787,2274,62,1),(17788,2273,201,2),(17788,2354,2,1),(17789,2274,62,1),(17790,2095,342,3),(17790,2137,342,1),(17790,2180,157,1),(17790,2206,157,2),(17790,2257,342,2),(17790,2709,2,1),(17790,2739,2,1),(17790,2746,2,1),(17791,2815,2,1),(17792,2412,2,1),(17792,2496,2,1),(17792,2604,2,1),(17792,2865,2,1),(17793,2109,105,1),(17793,2416,2,1),(17794,2008,75,2),(17794,2062,75,3),(17794,2458,2,1),(17794,2845,2,1),(17794,2902,2,1),(17795,1996,2,1),(17796,2428,2,1),(17797,2118,104,2),(17797,2251,104,3),(17798,2875,2,1),(17799,2811,2,1),(17800,2335,2,1),(17801,2085,64,4),(17801,2185,64,1),(17801,2281,64,4),(17801,2370,2,1),(17801,2866,2,1),(17802,2666,2,1),(17803,2210,163,2),(17803,2259,62,1),(17803,2395,2,1),(17803,2447,2,1),(17803,2594,2,1),(17803,2703,2,1),(17803,2860,2,1),(17803,2882,2,1),(17803,2899,2,1),(17804,2797,2,1),(17805,2180,158,4),(17806,2146,362,2),(17806,2407,2,1),(17807,2104,185,4),(17807,2252,185,5),(17807,2287,62,1),(17808,2809,2,1),(17809,1977,81,3),(17809,2226,81,2),(17810,1974,81,3),(17811,2260,132,2),(17812,2479,2,1),(17813,2134,351,2),(17814,2766,2,1),(17815,2807,2,1),(17816,2063,105,4),(17816,2214,105,3),(17816,2769,2,1),(17817,2684,2,1),(17818,2065,95,3),(17818,2754,2,1),(17819,1991,95,1),(17819,2175,95,4),(17819,2256,348,2),(17819,2500,2,1),(17819,2662,2,1),(17819,2862,2,1),(17820,2188,372,3),(17821,2286,358,4),(17821,2509,2,1),(17821,2685,2,1),(17822,2350,2,1),(17823,1963,70,1),(17823,2067,62,1),(17823,2078,70,2),(17823,2127,62,1),(17823,2272,70,3),(17823,2286,358,1),(17823,2387,2,1),(17823,2408,2,1),(17823,2432,2,1),(17823,2509,2,1),(17823,2685,2,1),(17823,2838,2,1),(17824,2095,118,2),(17825,2245,62,1),(17825,2396,2,1),(17826,2073,157,5),(17827,2051,151,1),(17828,2548,2,1),(17829,2685,2,1),(17830,2572,2,1),(17831,2670,2,1),(17832,2131,307,2),(17833,2041,118,1),(17834,2105,78,2),(17834,2142,296,3),(17834,2262,62,1),(17834,2683,2,1),(17835,2230,62,1),(17836,2153,181,4),(17837,2466,2,1),(17838,2514,2,1),(17839,2425,2,1),(17840,2087,171,1),(17841,2570,2,1),(17842,2063,105,2),(17842,2649,2,1),(17843,2464,2,1),(17844,2515,2,1),(17845,2197,386,2),(17845,2652,2,1),(17846,2102,131,3),(17847,2165,188,2),(17848,2714,2,1),(17849,2613,2,1),(17850,2706,2,1),(17850,2717,2,1),(17850,2887,2,1),(17851,2641,2,1),(17852,2507,2,1),(17853,2507,2,1),(17854,2614,2,1),(17855,2660,2,1),(17856,2507,2,1),(17857,2245,62,1),(17857,2396,2,1),(17858,2613,2,1),(17859,2254,155,4),(17860,2304,2,1),(17860,2628,2,1),(17861,2548,2,1),(17862,2723,2,1),(17863,2118,104,4),(17864,2516,2,1),(17865,2566,2,1),(17866,2073,157,2),(17867,2188,372,1),(17868,2474,2,1),(17869,2049,96,2),(17870,2492,2,1),(17871,2308,2,1),(17871,2521,2,1),(17871,2618,2,1),(17871,2692,2,1),(17872,2849,2,1),(17873,2449,2,1),(17874,2575,2,1),(17875,2401,2,1),(17876,1969,62,1),(17876,1979,143,2),(17876,1986,143,2),(17876,2122,143,2),(17876,2255,143,2),(17877,2797,2,1),(17878,2324,2,1),(17878,2650,2,1),(17879,2723,2,1),(17880,2093,175,1),(17880,2318,2,1),(17880,2723,2,1),(17880,2831,2,1),(17881,2471,2,1),(17882,2324,2,1),(17882,2429,2,1),(17882,2650,2,1),(17883,2198,161,3),(17883,2219,161,2),(17884,2780,2,1),(17885,2571,2,1),(17886,2483,2,1),(17886,2813,2,1),(17887,2630,2,1),(17887,2671,2,1),(17888,2129,79,1),(17888,2237,62,1),(17889,2129,79,2),(17889,2237,62,1),(17890,2184,307,2),(17891,2906,2,1),(17892,2851,2,1),(17892,2853,2,1),(17893,2057,83,2),(17893,2302,2,1),(17894,2301,2,1),(17895,2339,2,1),(17896,2694,2,1),(17897,2449,2,1),(17899,2456,2,1),(17900,2191,62,1),(17900,2501,2,1),(17900,2868,2,1),(17900,2890,2,1),(17901,2815,2,1),(17902,2023,108,2),(17902,2742,2,1),(17903,2314,2,1),(17904,1992,219,1),(17904,2097,401,3),(17904,2361,2,1),(17904,2434,2,1),(17904,2460,2,1),(17904,2583,2,1),(17904,2664,2,1),(17904,2707,2,1),(17904,2854,2,1),(17905,1980,211,2),(17905,2689,2,1),(17906,2034,187,4),(17906,2159,187,3),(17907,2566,2,1),(17908,2756,2,1),(17909,1978,64,1),(17909,1995,64,3),(17909,2002,64,1),(17909,2003,64,2),(17909,2015,64,5),(17909,2020,64,2),(17909,2039,64,1),(17909,2040,172,2),(17909,2208,62,1),(17909,2249,68,2),(17910,2254,155,3),(17911,2304,2,1),(17911,2628,2,1),(17912,2768,2,1),(17913,2767,2,1),(17914,2473,2,1),(17914,2805,2,1),(17915,2767,2,1),(17916,2450,2,1),(17916,2572,2,1),(17917,2641,2,1),(17918,2572,2,1),(17919,2639,2,1),(17920,2682,2,1),(17921,2641,2,1),(17922,2178,304,1),(17923,2199,137,3),(17924,2608,2,1),(17925,2457,2,1),(17925,2868,2,1),(17927,2190,310,2),(17927,2493,2,1),(17928,2343,2,1),(17929,2337,2,1),(17929,2744,2,1),(17929,2775,2,1),(17930,2038,226,2),(17930,2499,2,1),(17931,2542,2,1),(17932,1940,63,2),(17932,1947,74,1),(17932,1958,74,1),(17932,1979,100,1),(17932,1982,74,1),(17932,2035,74,2),(17932,2060,74,2),(17932,2071,100,2),(17932,2139,100,2),(17932,2364,2,1),(17932,2422,2,1),(17932,2535,2,1),(17932,2626,2,1),(17933,2250,119,1),(17934,2333,2,1),(17935,2482,2,1),(17935,2731,2,1),(17936,2804,2,1),(17937,2783,2,1),(17938,2901,2,1),(17939,2133,400,4),(17940,2383,2,1),(17940,2418,2,1),(17940,2529,2,1),(17940,2595,2,1),(17940,2621,2,1),(17941,2653,2,1),(17942,2901,2,1),(17943,2557,2,1),(17944,2055,97,3),(17944,2295,2,1),(17944,2335,2,1),(17944,2397,2,1),(17944,2529,2,1),(17944,2565,2,1),(17944,2574,2,1),(17944,2593,2,1),(17944,2595,2,1),(17944,2621,2,1),(17945,2400,2,1),(17945,2557,2,1),(17945,2794,2,1),(17946,2225,62,1),(17946,2489,2,1),(17947,2668,2,1),(17948,2781,2,1),(17949,2668,2,1),(17950,1951,66,4),(17951,1994,105,1),(17951,1999,64,3),(17951,2002,64,3),(17951,2003,64,1),(17951,2014,105,1),(17951,2015,64,4),(17951,2020,64,1),(17951,2040,247,3),(17951,2063,105,1),(17951,2109,105,1),(17951,2181,105,1),(17951,2214,105,1),(17951,2340,2,1),(17951,2416,2,1),(17951,2433,2,1),(17951,2440,2,1),(17951,2649,2,1),(17951,2769,2,1),(17952,2741,2,1),(17952,2745,2,1),(17953,2538,2,1),(17954,2629,2,1),(17955,2102,131,2),(17955,2830,2,1),(17956,2063,105,3),(17956,2214,105,2),(17957,2343,2,1),(17957,2473,2,1),(17957,2805,2,1),(17958,2703,2,1),(17959,2901,2,1),(17960,1944,64,1),(17960,1954,64,1),(17960,2055,97,2),(17960,2135,97,3),(17960,2242,64,1),(17960,2335,2,1),(17960,2383,2,1),(17960,2418,2,1),(17960,2474,2,1),(17960,2715,2,1),(17960,2833,2,1),(17960,2860,2,1),(17960,2882,2,1),(17960,2900,2,1),(17961,2479,2,1),(17962,2309,2,1),(17962,2705,2,1),(17963,2339,2,1),(17963,2445,2,1),(17963,2761,2,1),(17964,2225,62,1),(17964,2266,62,1),(17964,2327,2,1),(17964,2589,2,1),(17965,2900,2,1),(17966,2104,72,2),(17966,2152,72,2),(17966,2252,72,1),(17966,2504,2,1),(17966,2530,2,1),(17966,2723,2,1),(17967,2246,62,1),(17968,2269,402,3),(17969,2426,2,1),(17970,2246,62,1),(17971,2539,2,1),(17971,2648,2,1),(17972,2041,119,2),(17972,2651,2,1),(17973,2553,2,1),(17974,2856,2,1),(17975,2860,2,1),(17976,2847,2,1),(17977,2162,89,2),(17978,2032,126,1),(17978,2054,126,2),(17978,2064,126,2),(17978,2123,126,1),(17978,2124,404,1),(17978,2484,2,1),(17978,2546,2,1),(17979,2768,2,1),(17980,2627,2,1),(17981,2438,2,1),(17982,2254,155,1),(17983,2304,2,1),(17983,2628,2,1),(17985,2304,2,1),(17985,2628,2,1),(17986,2092,62,1),(17987,2471,2,1),(17988,2700,2,1),(17988,2772,2,1),(17990,2390,2,1),(17990,2736,2,1),(17991,2380,2,1),(17992,2814,2,1),(17992,2818,2,1),(17993,2300,2,1),(17993,2581,2,1),(17994,2581,2,1),(17995,2291,204,2),(17996,2826,2,1),(17997,2301,2,1),(17998,2286,358,3),(17999,1979,143,3),(18000,2193,62,1),(18001,2373,2,1),(18002,2130,417,2),(18002,2284,394,2),(18003,1987,72,3),(18003,2104,72,1),(18003,2152,72,3),(18003,2161,62,1),(18003,2252,72,2),(18003,2287,62,1),(18003,2504,2,1),(18003,2545,2,1),(18003,2563,2,1),(18003,2564,2,1),(18003,2723,2,1),(18003,2886,2,1),(18005,2466,2,1),(18006,2317,2,1),(18007,2535,2,1),(18008,2308,2,1),(18008,2521,2,1),(18009,2325,2,1),(18009,2522,2,1),(18009,2775,2,1),(18010,2211,62,1),(18010,2772,2,1),(18011,2455,2,1),(18012,2826,2,1),(18013,2763,2,1),(18014,2580,2,1),(18015,2033,150,2),(18016,2579,2,1),(18017,2711,2,1),(18018,2330,2,1),(18018,2470,2,1),(18018,2776,2,1),(18018,2789,2,1),(18019,2345,2,1),(18020,2017,63,1),(18020,2021,124,3),(18020,2048,124,2),(18020,2239,2,1),(18020,2888,2,1),(18021,2422,2,1),(18021,2535,2,1),(18022,2254,155,6),(18022,2304,2,1),(18022,2628,2,1),(18023,1992,219,3),(18023,2097,401,1),(18023,2345,2,1),(18023,2707,2,1),(18023,2798,2,1),(18024,2403,2,1),(18025,2648,2,1),(18026,2365,2,1),(18027,2082,270,1),(18027,2848,2,1),(18027,2880,2,1),(18029,2320,2,1),(18029,2442,2,1),(18029,2622,2,1),(18030,2082,268,2),(18031,2005,106,8),(18031,2872,2,1),(18032,2456,2,1),(18033,2310,2,1),(18033,2329,2,1),(18033,2431,2,1),(18034,2353,2,1),(18035,2291,204,3),(18036,1981,64,2),(18036,1994,64,2),(18036,2014,64,2),(18036,2181,64,2),(18037,2156,62,1),(18038,2718,2,1),(18039,2212,137,2),(18039,2253,137,2),(18039,2313,2,1),(18040,2414,2,1),(18041,2573,2,1),(18042,2596,2,1),(18043,2541,2,1),(18043,2546,2,1),(18044,2180,157,2),(18045,2631,2,1),(18046,2599,2,1),(18047,2704,2,1),(18048,2449,2,1),(18049,2732,2,1),(18050,2870,2,1),(18051,2133,400,2),(18051,2629,2,1),(18052,2584,2,1),(18053,2543,2,1),(18054,2142,293,5),(18055,2333,2,1),(18056,2797,2,1),(18057,2169,351,1),(18058,2328,2,1),(18059,2628,2,1),(18060,2156,62,1),(18061,2617,2,1),(18062,2237,62,1),(18062,2579,2,1),(18063,2080,62,1),(18063,2567,2,1),(18063,2905,2,1),(18064,2194,373,2),(18065,2796,2,1),(18066,2188,372,2),(18067,2740,2,1),(18068,2038,226,3),(18069,2098,313,5),(18069,2381,2,1),(18069,2610,2,1),(18069,2722,2,1),(18070,2297,2,1),(18071,2048,124,4),(18071,2239,2,1),(18072,2034,187,3),(18073,2271,376,1),(18073,2836,2,1),(18074,2201,101,1),(18074,2267,62,1),(18075,2072,422,4),(18075,2119,233,4),(18075,2247,381,4),(18075,2390,2,1),(18075,2736,2,1),(18076,1976,83,1),(18076,2025,83,1),(18076,2316,2,1),(18078,2516,2,1),(18079,2660,2,1),(18080,2556,2,1),(18081,2427,2,1),(18081,2586,2,1),(18081,2679,2,1),(18082,2066,92,1),(18082,2325,2,1),(18082,2427,2,1),(18082,2462,2,1),(18082,2477,2,1),(18082,2522,2,1),(18082,2679,2,1),(18082,2700,2,1),(18082,2846,2,1),(18082,2859,2,1),(18083,2037,101,4),(18083,2070,101,3),(18083,2126,101,4),(18083,2187,62,1),(18083,2829,2,1),(18084,2092,62,1),(18085,2494,2,1),(18085,2498,2,1),(18086,2291,204,4),(18087,2801,2,1),(18087,2803,2,1),(18088,2554,2,1),(18089,2082,271,3),(18089,2095,342,1),(18089,2137,342,2),(18089,2257,342,3),(18089,2746,2,1),(18090,2171,190,1),(18091,2645,2,1),(18092,2440,2,1),(18093,1960,78,4),(18093,1972,78,2),(18093,2037,78,1),(18093,2070,189,1),(18093,2089,189,1),(18093,2100,189,1),(18093,2112,192,4),(18093,2116,79,5),(18093,2142,293,6),(18093,2148,189,3),(18093,2165,189,3),(18093,2179,189,1),(18093,2187,62,1),(18093,2192,62,1),(18093,2200,2,1),(18093,2223,62,1),(18093,2262,62,1),(18093,2303,2,1),(18093,2306,2,1),(18093,2323,2,1),(18093,2351,2,1),(18093,2392,2,1),(18093,2402,2,1),(18093,2411,2,1),(18093,2413,2,1),(18093,2415,2,1),(18093,2419,2,1),(18093,2452,2,1),(18093,2553,2,1),(18093,2577,2,1),(18093,2589,2,1),(18093,2623,2,1),(18093,2659,2,1),(18093,2683,2,1),(18093,2686,2,1),(18093,2802,2,1),(18093,2819,2,1),(18093,2829,2,1),(18094,2622,2,1),(18095,1942,64,1),(18095,1944,64,3),(18095,1948,64,2),(18095,1951,64,1),(18095,1966,64,3),(18095,1967,68,4),(18095,1978,90,3),(18095,1981,64,4),(18095,1988,64,3),(18095,1991,64,4),(18095,1993,68,3),(18095,1994,64,4),(18095,1995,64,4),(18095,1998,64,3),(18095,2000,68,3),(18095,2002,64,4),(18095,2003,64,5),(18095,2014,64,4),(18095,2015,64,3),(18095,2022,235,2),(18095,2039,64,2),(18095,2040,172,4),(18095,2063,68,6),(18095,2085,68,5),(18095,2135,64,5),(18095,2141,68,4),(18095,2175,64,2),(18095,2181,64,3),(18095,2183,64,2),(18095,2185,64,4),(18095,2186,64,5),(18095,2196,68,3),(18095,2208,62,1),(18095,2213,62,1),(18095,2214,64,4),(18095,2224,68,2),(18095,2229,62,1),(18095,2249,68,3),(18095,2281,64,1),(18095,2296,2,1),(18095,2308,2,1),(18095,2340,2,1),(18095,2349,2,1),(18095,2370,2,1),(18095,2383,2,1),(18095,2397,2,1),(18095,2418,2,1),(18095,2433,2,1),(18095,2462,2,1),(18095,2521,2,1),(18095,2524,2,1),(18095,2529,2,1),(18095,2565,2,1),(18095,2574,2,1),(18095,2576,2,1),(18095,2591,2,1),(18095,2593,2,1),(18095,2595,2,1),(18095,2619,2,1),(18095,2621,2,1),(18095,2649,2,1),(18095,2661,2,1),(18095,2681,2,1),(18095,2769,2,1),(18095,2784,2,1),(18095,2810,2,1),(18095,2825,2,1),(18095,2862,2,1),(18095,2866,2,1),(18095,2885,2,1),(18096,2676,2,1),(18097,2495,2,1),(18098,2764,2,1),(18099,2417,2,1),(18099,2624,2,1),(18099,2631,2,1),(18099,2697,2,1),(18100,2131,116,1),(18100,2172,301,1),(18100,2305,2,1),(18100,2312,2,1),(18100,2391,2,1),(18100,2421,2,1),(18100,2451,2,1),(18100,2708,2,1),(18101,2341,2,1),(18101,2403,2,1),(18102,2611,2,1),(18102,2835,2,1),(18103,2536,2,1),(18103,2633,2,1),(18104,2764,2,1),(18105,2074,62,1),(18106,2701,2,1),(18107,2283,276,1),(18108,2170,62,1),(18109,2038,227,1),(18109,2072,422,2),(18109,2119,233,2),(18109,2247,381,2),(18109,2367,2,1),(18109,2390,2,1),(18109,2499,2,1),(18109,2556,2,1),(18109,2622,2,1),(18109,2736,2,1),(18110,2152,72,1),(18110,2886,2,1),(18111,2173,62,1),(18112,1999,64,2),(18113,1952,115,1),(18113,1970,115,1),(18114,2771,2,1),(18114,2775,2,1),(18115,2103,311,1),(18116,2229,62,1),(18117,2523,2,1),(18117,2590,2,1),(18118,2812,2,1),(18119,2022,234,3),(18120,2008,75,1),(18120,2458,2,1),(18120,2845,2,1),(18120,2902,2,1),(18121,2155,64,1),(18121,2186,64,2),(18121,2189,64,1),(18121,2349,2,1),(18121,2369,2,1),(18121,2555,2,1),(18122,2016,64,1),(18123,2578,2,1),(18124,2455,2,1),(18125,2655,2,1),(18126,2467,2,1),(18127,2773,2,1),(18128,2081,170,5),(18128,2525,2,1),(18128,2704,2,1),(18128,2747,2,1),(18129,2392,2,1),(18130,2298,368,1),(18130,2571,2,1),(18131,2685,2,1),(18132,2184,406,1),(18133,2682,2,1),(18134,2638,2,1),(18135,2172,301,2),(18135,2305,2,1),(18135,2312,2,1),(18135,2391,2,1),(18135,2421,2,1),(18135,2451,2,1),(18135,2708,2,1),(18136,2601,2,1),(18137,2341,2,1),(18138,2611,2,1),(18139,2387,2,1),(18139,2685,2,1),(18140,2234,184,1),(18140,2502,2,1),(18140,2788,2,1),(18141,2457,2,1),(18142,2077,152,2),(18143,2081,170,3),(18143,2704,2,1),(18144,2275,62,1),(18145,2669,2,1),(18145,2710,2,1),(18146,2880,2,1),(18147,2539,2,1),(18148,2211,62,1),(18149,1983,84,2),(18150,2374,2,1),(18151,2168,155,1),(18151,2207,155,1),(18152,2091,62,1),(18153,2516,2,1),(18154,1968,410,1),(18154,2804,2,1),(18155,2711,2,1),(18156,2292,365,1),(18157,2877,2,1),(18158,2404,2,1),(18159,2342,2,1),(18160,2741,2,1),(18160,2745,2,1),(18161,2874,2,1),(18162,2091,62,1),(18162,2430,2,1),(18162,2632,2,1),(18163,2792,2,1),(18164,2036,62,1),(18164,2140,68,1),(18164,2202,318,1),(18164,2307,2,1),(18164,2399,2,1),(18164,2420,2,1),(18164,2565,2,1),(18164,2592,2,1),(18164,2625,2,1),(18165,2540,2,1),(18166,2847,2,1),(18167,2511,2,1),(18168,1946,109,5),(18169,2028,191,2),(18169,2215,191,1),(18169,2271,191,2),(18169,2481,2,1),(18169,2836,2,1),(18170,2614,2,1),(18171,2639,2,1),(18172,2384,2,1),(18173,1964,109,2),(18173,2024,62,1),(18173,2045,109,2),(18173,2081,170,2),(18173,2525,2,1),(18173,2675,2,1),(18173,2704,2,1),(18173,2747,2,1),(18174,2499,2,1),(18175,2056,226,4),(18175,2147,180,1),(18175,2217,62,1),(18175,2330,2,1),(18175,2470,2,1),(18175,2518,2,1),(18175,2588,2,1),(18175,2693,2,1),(18175,2776,2,1),(18175,2789,2,1),(18177,2537,2,1),(18179,2326,2,1),(18180,2405,2,1),(18181,2257,342,1),(18181,2739,2,1),(18182,2879,2,1),(18183,2079,62,1),(18184,2169,393,2),(18185,2814,2,1),(18185,2818,2,1),(18186,2069,169,1),(18186,2117,169,2),(18186,2141,169,2),(18186,2166,62,2),(18186,2382,2,1),(18186,2478,2,1),(18186,2524,2,1),(18186,2532,2,1),(18186,2656,2,1),(18187,1967,142,1),(18187,2066,129,2),(18187,2462,2,1),(18187,2477,2,1),(18187,2522,2,1),(18187,2846,2,1),(18187,2859,2,1),(18187,2874,2,1),(18188,2378,2,1),(18188,2562,2,1),(18189,2688,2,1),(18190,2314,2,1),(18191,1967,142,2),(18191,2001,92,3),(18191,2066,92,3),(18191,2086,92,2),(18191,2103,311,2),(18191,2198,92,4),(18191,2219,92,3),(18191,2224,92,3),(18191,2256,349,3),(18191,2325,2,1),(18191,2360,2,1),(18191,2427,2,1),(18191,2462,2,1),(18191,2474,2,1),(18191,2477,2,1),(18191,2522,2,1),(18191,2586,2,1),(18191,2679,2,1),(18191,2771,2,1),(18191,2775,2,1),(18191,2787,2,1),(18191,2846,2,1),(18191,2859,2,1),(18192,2146,362,3),(18192,2407,2,1),(18192,2766,2,1),(18193,2222,421,2),(18193,2837,2,1),(18194,2444,2,1),(18195,2506,2,1),(18196,2808,2,1),(18197,1992,221,4),(18197,2798,2,1),(18198,2050,95,1),(18198,2347,2,1),(18198,2753,2,1),(18199,2306,2,1),(18199,2553,2,1),(18200,1960,78,5),(18200,1965,78,3),(18200,2018,62,1),(18200,2026,189,3),(18200,2227,189,4),(18200,2339,2,1),(18200,2360,2,1),(18201,2677,2,1),(18202,1956,414,4),(18203,2363,2,1),(18204,2729,2,1),(18204,2762,2,1),(18205,2801,2,1),(18205,2803,2,1),(18206,2366,2,1),(18207,2778,2,1),(18208,2054,125,6),(18208,2056,404,6),(18208,2064,404,1),(18208,2124,404,6),(18208,2196,125,1),(18208,2211,62,1),(18208,2258,62,1),(18208,2437,2,1),(18208,2444,2,1),(18208,2538,2,1),(18208,2550,2,1),(18208,2595,2,1),(18210,2631,2,1),(18211,2221,391,1),(18211,2472,2,1),(18212,2731,2,1),(18213,2456,2,1),(18214,2108,133,1),(18214,2149,344,3),(18214,2278,133,2),(18214,2331,2,1),(18214,2332,2,1),(18214,2464,2,1),(18214,2743,2,1),(18214,2790,2,1),(18215,2140,68,3),(18215,2202,318,3),(18215,2307,2,1),(18215,2399,2,1),(18215,2420,2,1),(18215,2625,2,1),(18216,2280,418,4),(18217,1953,76,2),(18217,2062,75,4),(18217,2297,2,1),(18217,2362,2,1),(18218,2034,187,2),(18218,2159,187,1),(18219,2792,2,1),(18220,2897,2,1),(18221,2675,2,1),(18222,2021,124,4),(18222,2048,124,1),(18222,2239,2,1),(18222,2261,196,1),(18222,2282,62,1),(18222,2543,2,1),(18222,2888,2,1),(18223,2417,2,1),(18223,2697,2,1),(18224,2101,62,1),(18225,2875,2,1),(18226,1965,78,1),(18226,2174,62,2),(18226,2411,2,1),(18226,2659,2,1),(18227,2663,2,1),(18228,2746,2,1),(18229,2342,2,1),(18230,2464,2,1),(18231,2524,2,1),(18232,2833,2,1),(18233,1977,82,1),(18233,2042,82,4),(18233,2302,2,1),(18233,2808,2,1),(18234,1974,82,2),(18235,2005,106,9),(18235,2228,71,3),(18236,2086,92,1),(18236,2256,350,1),(18236,2771,2,1),(18236,2775,2,1),(18237,1990,62,1),(18238,2816,2,1),(18239,2283,276,4),(18240,2617,2,1),(18241,2605,2,1),(18242,2134,352,1),(18243,2283,275,2),(18244,2773,2,1),(18245,2205,385,1),(18245,2218,62,1),(18247,2486,2,1),(18248,2764,2,1),(18249,2873,2,1),(18250,2113,232,1),(18250,2429,2,1),(18251,2118,104,1),(18251,2251,104,1),(18251,2448,2,1),(18252,2486,2,1),(18253,2038,226,4),(18253,2499,2,1),(18254,2484,2,1),(18255,2104,185,3),(18255,2252,185,4),(18256,2726,2,1),(18257,2413,2,1),(18257,2415,2,1),(18257,2683,2,1),(18257,2686,2,1),(18258,2506,2,1),(18259,2099,177,2),(18259,2468,2,1),(18260,2870,2,1),(18261,2011,107,4),(18262,2555,2,1),(18263,2675,2,1),(18264,2094,166,1),(18265,2030,120,1),(18265,2733,2,1),(18265,2737,2,1),(18266,2198,161,2),(18266,2219,161,4),(18267,2301,2,1),(18268,2665,2,1),(18269,2726,2,1),(18270,2246,62,1),(18271,2198,162,5),(18271,2219,162,5),(18272,2221,391,2),(18272,2472,2,1),(18273,2696,2,1),(18274,2116,189,9),(18274,2303,2,1),(18274,2415,2,1),(18274,2577,2,1),(18274,2640,2,1),(18275,1983,84,1),(18276,2422,2,1),(18276,2535,2,1),(18277,2048,124,3),(18277,2115,62,1),(18277,2209,62,1),(18277,2239,2,1),(18277,2322,2,1),(18277,2363,2,1),(18277,2389,2,1),(18277,2393,2,1),(18277,2429,2,1),(18278,2194,373,1),(18279,1955,141,2),(18280,2140,68,4),(18280,2202,318,4),(18280,2307,2,1),(18280,2399,2,1),(18280,2420,2,1),(18280,2625,2,1),(18281,2359,2,1),(18282,2299,2,1),(18283,2599,2,1),(18284,2108,133,3),(18285,2817,2,1),(18286,2063,168,5),(18287,1941,73,1),(18287,2004,225,1),(18287,2182,371,1),(18287,2485,2,1),(18287,2510,2,1),(18287,2720,2,1),(18288,2168,154,5),(18289,1989,87,1),(18290,2458,2,1),(18290,2845,2,1),(18291,2139,398,3),(18291,2364,2,1),(18292,2414,2,1),(18293,2695,2,1),(18294,2864,2,1),(18295,2584,2,1),(18296,2844,2,1),(18297,2801,2,1),(18297,2803,2,1),(18298,2029,62,1),(18298,2105,78,1),(18299,2879,2,1),(18300,2893,2,1),(18301,2326,2,1),(18302,2518,2,1),(18302,2588,2,1),(18302,2713,2,1),(18303,1986,143,3),(18303,2122,143,3),(18303,2255,143,4),(18303,2857,2,1),(18303,2883,2,1),(18304,2820,2,1),(18305,2246,62,1),(18305,2337,2,1),(18305,2427,2,1),(18305,2462,2,1),(18305,2531,2,1),(18305,2744,2,1),(18305,2775,2,1),(18306,1999,64,1),(18307,2643,2,1),(18308,2412,2,1),(18308,2515,2,1),(18308,2604,2,1),(18309,1963,69,3),(18309,2078,203,3),(18309,2176,203,1),(18309,2272,203,1),(18309,2285,203,2),(18309,2334,2,1),(18309,2374,2,1),(18309,2408,2,1),(18309,2432,2,1),(18309,2490,2,1),(18309,2838,2,1),(18310,2680,2,1),(18311,2605,2,1),(18312,2863,2,1),(18313,2858,2,1),(18314,2646,2,1),(18315,2230,62,1),(18316,2398,2,1),(18317,2005,106,6),(18318,2081,170,1),(18318,2525,2,1),(18318,2704,2,1),(18319,2300,2,1),(18320,2581,2,1),(18321,2850,2,1),(18322,2004,225,2),(18322,2182,371,2),(18322,2508,2,1),(18322,2720,2,1),(18322,2773,2,1),(18323,2529,2,1),(18323,2595,2,1),(18324,2010,228,1),(18325,2349,2,1),(18326,2178,412,2),(18327,2217,62,1),(18327,2693,2,1),(18328,2809,2,1),(18329,2816,2,1),(18330,2724,2,1),(18331,2168,155,3),(18331,2207,155,2),(18332,2032,125,2),(18332,2054,125,5),(18332,2064,404,5),(18332,2123,125,3),(18332,2124,404,5),(18332,2217,62,1),(18332,2258,62,1),(18332,2444,2,1),(18332,2484,2,1),(18332,2741,2,1),(18332,2745,2,1),(18332,2776,2,1),(18333,2655,2,1),(18334,2286,358,2),(18334,2509,2,1),(18335,2203,62,1),(18336,2646,2,1),(18337,2721,2,1),(18338,2200,2,1),(18339,2405,2,1),(18340,2366,2,1),(18341,1984,84,2),(18341,1985,145,2),(18341,2177,145,2),(18341,2204,62,1),(18341,2572,2,1),(18341,2869,2,1),(18342,2840,2,1),(18343,2809,2,1),(18344,1969,62,1),(18345,1969,62,1),(18346,2606,2,1),(18347,2458,2,1),(18347,2845,2,1),(18348,2073,157,3),(18348,2170,62,1),(18348,2698,2,1),(18349,2505,2,1),(18350,2500,2,1),(18351,2194,373,5),(18352,2731,2,1),(18353,2414,2,1),(18353,2573,2,1),(18354,2368,2,1),(18354,2729,2,1),(18354,2762,2,1),(18355,2724,2,1),(18356,1948,68,3),(18356,1988,68,1),(18356,2022,234,4),(18357,2391,2,1),(18358,2246,62,1),(18359,2764,2,1),(18360,1992,219,2),(18360,2235,384,1),(18360,2268,62,1),(18360,2361,2,1),(18360,2460,2,1),(18360,2583,2,1),(18360,2664,2,1),(18360,2854,2,1),(18360,2898,2,1),(18361,2336,2,1),(18361,2496,2,1),(18361,2865,2,1),(18362,2505,2,1),(18363,2526,2,1),(18364,2636,2,1),(18365,2687,2,1),(18366,2879,2,1),(18367,2466,2,1),(18368,2116,189,6),(18368,2142,295,2),(18368,2174,62,1),(18368,2227,189,5),(18368,2303,2,1),(18368,2411,2,1),(18369,2254,155,1),(18370,2764,2,1),(18371,2554,2,1),(18372,2266,62,1),(18373,2133,399,1),(18373,2629,2,1),(18374,1983,85,3),(18375,2781,2,1),(18376,2078,203,1),(18377,2712,2,1),(18378,2609,2,1),(18379,2366,2,1),(18380,2224,92,1),(18380,2344,2,1),(18380,2360,2,1),(18380,2462,2,1),(18380,2576,2,1),(18380,2754,2,1),(18380,2787,2,1),(18381,2405,2,1),(18382,2475,2,1),(18382,2855,2,1),(18383,2610,2,1),(18383,2722,2,1),(18384,2810,2,1),(18385,2032,125,3),(18385,2054,127,3),(18385,2064,127,4),(18385,2123,125,2),(18385,2124,405,3),(18385,2125,127,2),(18385,2126,404,1),(18385,2321,2,1),(18385,2355,2,1),(18385,2439,2,1),(18385,2467,2,1),(18385,2484,2,1),(18385,2688,2,1),(18385,2691,2,1),(18385,2702,2,1),(18385,2741,2,1),(18385,2745,2,1),(18385,2749,2,1),(18385,2782,2,1),(18386,2156,62,1),(18387,2032,125,5),(18388,2674,2,1),(18390,2093,176,2),(18391,2824,2,1),(18392,2483,2,1),(18392,2813,2,1),(18393,2645,2,1),(18393,2674,2,1),(18394,2620,2,1),(18395,2716,2,1),(18396,2108,74,4),(18396,2149,133,2),(18396,2662,2,1),(18397,2688,2,1),(18398,1994,64,3),(18398,2014,64,3),(18399,2351,2,1),(18400,2401,2,1),(18401,2884,2,1),(18402,2894,2,1),(18403,2450,2,1),(18404,2260,392,1),(18405,2541,2,1),(18405,2546,2,1),(18406,2558,2,1),(18407,2649,2,1),(18408,1941,73,2),(18408,2773,2,1),(18409,2688,2,1),(18410,2196,416,5),(18410,2249,68,1),(18410,2311,2,1),(18410,2784,2,1),(18411,2874,2,1),(18412,1964,114,2),(18412,2525,2,1),(18412,2597,2,1),(18412,2675,2,1),(18413,2729,2,1),(18414,2463,2,1),(18414,2757,2,1),(18415,1990,62,1),(18416,2870,2,1),(18417,2230,62,1),(18418,2647,2,1),(18419,2488,2,1),(18420,2626,2,1),(18421,2088,272,2),(18422,2134,351,3),(18422,2169,393,3),(18422,2856,2,1),(18423,2780,2,1),(18424,2505,2,1),(18425,2709,2,1),(18426,2101,62,1),(18427,2756,2,1),(18428,1952,115,2),(18428,1970,115,1),(18429,2304,2,1),(18430,2536,2,1),(18430,2600,2,1),(18430,2634,2,1),(18431,2589,2,1),(18432,2699,2,1),(18433,2824,2,1),(18434,2651,2,1),(18435,2822,2,1),(18436,2199,137,4),(18436,2220,327,1),(18437,2009,137,1),(18437,2132,137,2),(18437,2199,389,6),(18437,2212,378,4),(18437,2233,65,1),(18437,2234,137,2),(18437,2236,383,2),(18437,2253,378,4),(18437,2454,2,1),(18437,2502,2,1),(18437,2788,2,1),(18438,1967,142,3),(18438,2001,92,4),(18438,2198,92,6),(18438,2219,92,6),(18438,2224,92,4),(18438,2337,2,1),(18438,2344,2,1),(18438,2360,2,1),(18438,2424,2,1),(18438,2427,2,1),(18438,2462,2,1),(18438,2531,2,1),(18438,2679,2,1),(18438,2700,2,1),(18438,2744,2,1),(18438,2754,2,1),(18438,2775,2,1),(18438,2787,2,1),(18438,2859,2,1),(18439,2265,62,1),(18439,2644,2,1),(18440,2488,2,1),(18441,2300,2,1),(18442,2685,2,1),(18443,2379,2,1),(18443,2587,2,1),(18443,2678,2,1),(18443,2694,2,1),(18444,2569,2,1),(18445,2376,2,1),(18447,2499,2,1),(18447,2556,2,1),(18448,2579,2,1),(18449,2453,2,1),(18450,2792,2,1),(18451,2387,2,1),(18452,2312,2,1),(18452,2391,2,1),(18452,2708,2,1),(18453,2280,418,3),(18454,2850,2,1),(18455,2006,116,2),(18456,2371,2,1),(18456,2891,2,1),(18457,2729,2,1),(18457,2762,2,1),(18458,2432,2,1),(18459,2478,2,1),(18460,2622,2,1),(18461,2377,2,1),(18462,1992,218,6),(18463,2856,2,1),(18464,2116,294,1),(18464,2142,294,8),(18464,2303,2,1),(18464,2411,2,1),(18465,2302,2,1),(18466,2079,62,1),(18467,2072,422,1),(18467,2119,233,1),(18467,2247,381,1),(18467,2390,2,1),(18467,2622,2,1),(18467,2736,2,1),(18468,2106,62,1),(18469,2608,2,1),(18470,2270,62,1),(18470,2487,2,1),(18471,2232,336,3),(18472,2103,311,3),(18472,2775,2,1),(18473,2010,229,3),(18473,2185,64,2),(18473,2281,64,2),(18473,2370,2,1),(18473,2866,2,1),(18474,2748,2,1),(18475,2480,2,1),(18476,2609,2,1),(18477,2316,2,1),(18478,2271,376,4),(18478,2836,2,1),(18479,2293,2,1),(18480,2048,74,6),(18480,2239,2,1),(18481,2142,296,4),(18481,2683,2,1),(18482,2579,2,1),(18483,2314,2,1),(18484,2553,2,1),(18485,2711,2,1),(18486,2028,191,3),(18486,2044,191,4),(18486,2195,191,2),(18486,2215,191,3),(18486,2442,2,1),(18486,2481,2,1),(18486,2622,2,1),(18486,2884,2,1),(18487,2320,2,1),(18488,2006,117,1),(18489,2409,2,1),(18490,2009,90,4),(18491,2425,2,1),(18492,1979,144,4),(18492,1986,143,4),(18492,2047,62,1),(18492,2122,144,4),(18492,2255,143,5),(18492,2857,2,1),(18492,2883,2,1),(18493,2328,2,1),(18494,2334,2,1),(18494,2760,2,1),(18495,2279,202,1),(18496,2023,108,1),(18496,2742,2,1),(18497,2158,65,3),(18498,2544,2,1),(18499,2232,333,4),(18499,2367,2,1),(18500,2809,2,1),(18501,2057,83,3),(18502,2580,2,1),(18503,1997,96,1),(18504,2049,96,4),(18505,1939,63,1),(18505,1940,63,1),(18505,1943,74,1),(18505,1945,63,1),(18505,1947,74,2),(18505,1958,74,2),(18505,1961,74,1),(18505,1962,74,1),(18505,1980,211,3),(18505,1982,74,2),(18505,2017,63,2),(18505,2019,99,1),(18505,2021,139,2),(18505,2035,74,3),(18505,2048,74,5),(18505,2060,74,1),(18505,2061,98,1),(18505,2114,74,2),(18505,2239,2,1),(18505,2248,74,2),(18505,2255,74,3),(18505,2375,2,1),(18505,2607,2,1),(18505,2689,2,1),(18505,2834,2,1),(18505,2888,2,1),(18510,2864,2,1),(18511,1974,83,4),(18511,1977,83,4),(18511,2042,83,3),(18511,2808,2,1),(18513,2121,62,1),(18514,2049,96,3),(18515,2021,139,1),(18516,2888,2,1),(18517,2186,159,8),(18518,2449,2,1),(18519,2107,370,1),(18519,2164,370,1),(18519,2167,62,1),(18519,2520,2,1),(18519,2667,2,1),(18520,2128,62,1),(18522,2694,2,1),(18523,2873,2,1),(18524,2630,2,1),(18524,2671,2,1),(18525,2385,2,1),(18526,2384,2,1),(18527,2427,2,1),(18527,2679,2,1),(18528,1956,413,3),(18528,1959,77,3),(18528,2059,122,3),(18528,2240,62,1),(18528,2480,2,1),(18528,2823,2,1),(18529,2169,351,4),(18530,2396,2,1),(18531,2538,2,1),(18531,2551,2,1),(18532,2344,2,1),(18532,2424,2,1),(18533,2699,2,1),(18534,2269,403,1),(18535,2357,2,1),(18536,2726,2,1),(18537,2306,2,1),(18538,2716,2,1),(18539,2350,2,1),(18540,2658,2,1),(18541,1951,66,3),(18541,2212,379,1),(18541,2253,379,1),(18541,2313,2,1),(18541,2524,2,1),(18541,2822,2,1),(18542,2220,327,2),(18542,2400,2,1),(18542,2536,2,1),(18542,2582,2,1),(18542,2600,2,1),(18542,2814,2,1),(18542,2901,2,1),(18543,2401,2,1),(18544,2901,2,1),(18545,2266,62,1),(18546,2266,62,1),(18547,1981,64,1),(18547,2015,64,2),(18547,2020,64,3),(18547,2183,64,3),(18547,2893,2,1),(18548,2795,2,1),(18549,2225,62,1),(18549,2476,2,1),(18549,2489,2,1),(18549,2666,2,1),(18549,2821,2,1),(18550,2328,2,1),(18551,2127,62,1),(18551,2646,2,1),(18552,2285,203,1),(18552,2374,2,1),(18553,2403,2,1),(18554,2275,62,1),(18555,2030,120,2),(18555,2733,2,1),(18555,2737,2,1),(18556,2210,164,1),(18556,2259,62,1),(18556,2395,2,1),(18556,2447,2,1),(18557,2505,2,1),(18558,2137,343,3),(18559,2079,62,1),(18560,1965,79,6),(18560,2187,62,1),(18560,2238,79,1),(18560,2659,2,1),(18561,2344,2,1),(18561,2424,2,1),(18561,2615,2,1),(18562,2177,145,1),(18562,2204,62,1),(18563,2896,2,1),(18564,2806,2,1),(18565,2723,2,1),(18566,2864,2,1),(18567,2342,2,1),(18568,2297,2,1),(18569,1984,84,4),(18569,2179,145,2),(18569,2402,2,1),(18569,2802,2,1),(18570,2482,2,1),(18571,2342,2,1),(18572,2364,2,1),(18573,2357,2,1),(18573,2809,2,1),(18574,2050,83,3),(18574,2143,83,2),(18574,2394,2,1),(18574,2585,2,1),(18574,2826,2,1),(18574,2895,2,1),(18575,1989,88,3),(18576,2087,171,2),(18577,2280,357,1),(18578,1971,62,1),(18579,2569,2,1),(18580,2085,64,3),(18581,2443,2,1),(18582,2734,2,1),(18583,2824,2,1),(18584,2178,412,3),(18585,2876,2,1),(18586,2569,2,1),(18587,2327,2,1),(18587,2627,2,1),(18588,2153,181,2),(18589,2476,2,1),(18589,2682,2,1),(18589,2821,2,1),(18590,2826,2,1),(18591,2676,2,1),(18592,2642,2,1),(18593,2833,2,1),(18594,2220,327,4),(18595,2623,2,1),(18596,2127,62,1),(18597,2445,2,1),(18597,2761,2,1),(18598,2490,2,1),(18599,2067,62,1),(18599,2188,372,4),(18599,2786,2,1),(18599,2823,2,1),(18600,1996,2,1),(18601,2365,2,1),(18602,2594,2,1),(18603,2623,2,1),(18604,2822,2,1),(18605,2007,93,1),(18606,2088,272,1),(18607,2259,62,1),(18607,2395,2,1),(18608,2589,2,1),(18609,1996,2,1),(18610,2843,2,1),(18611,2127,62,1),(18611,2387,2,1),(18611,2451,2,1),(18611,2685,2,1),(18612,2767,2,1),(18613,2220,327,5),(18614,1942,64,3),(18614,1944,64,2),(18614,1951,64,5),(18614,1954,64,2),(18614,1960,64,6),(18614,1975,64,2),(18614,1997,64,3),(18614,2003,64,4),(18614,2010,230,2),(18614,2043,64,2),(18614,2052,172,2),(18614,2084,64,2),(18614,2085,64,2),(18614,2110,62,1),(18614,2111,64,2),(18614,2135,64,4),(18614,2136,291,2),(18614,2144,64,2),(18614,2203,62,1),(18614,2242,64,2),(18614,2243,64,2),(18614,2335,2,1),(18614,2338,2,1),(18614,2348,2,1),(18614,2411,2,1),(18614,2419,2,1),(18614,2436,2,1),(18614,2461,2,1),(18614,2513,2,1),(18614,2536,2,1),(18614,2600,2,1),(18614,2633,2,1),(18614,2634,2,1),(18614,2636,2,1),(18614,2720,2,1),(18614,2730,2,1),(18614,2740,2,1),(18614,2817,2,1),(18614,2861,2,1),(18614,2896,2,1),(18616,2629,2,1),(18617,2794,2,1),(18618,1966,64,1),(18618,1978,64,2),(18618,1981,64,3),(18618,1995,90,1),(18618,2002,64,2),(18618,2003,64,3),(18618,2015,64,1),(18618,2020,64,4),(18618,2040,249,1),(18618,2069,90,4),(18618,2117,90,3),(18618,2127,62,1),(18618,2135,64,2),(18618,2141,90,3),(18618,2186,90,1),(18618,2229,62,1),(18618,2349,2,1),(18618,2382,2,1),(18618,2478,2,1),(18618,2532,2,1),(18618,2656,2,1),(18618,2812,2,1),(18619,2795,2,1),(18620,2830,2,1),(18621,2623,2,1),(18622,2431,2,1),(18622,2579,2,1),(18623,2013,94,3),(18623,2096,94,2),(18623,2828,2,1),(18624,2337,2,1),(18624,2744,2,1),(18624,2775,2,1),(18625,1975,64,3),(18626,2083,62,1),(18626,2568,2,1),(18626,2616,2,1),(18627,2680,2,1),(18628,2746,2,1),(18629,2839,2,1),(18630,2308,2,1),(18630,2521,2,1),(18631,2319,2,1),(18631,2347,2,1),(18631,2379,2,1),(18631,2587,2,1),(18631,2678,2,1),(18631,2753,2,1),(18632,2569,2,1),(18633,2711,2,1),(18634,2400,2,1),(18635,2839,2,1),(18636,2424,2,1),(18637,2405,2,1),(18638,2055,97,1),(18638,2759,2,1),(18639,2266,62,1),(18640,2400,2,1),(18641,2079,62,1),(18642,2703,2,1),(18643,2666,2,1),(18644,2487,2,1),(18644,2783,2,1),(18645,2270,62,1),(18646,2703,2,1),(18647,2250,119,3),(18647,2651,2,1),(18648,2069,169,3),(18648,2117,169,4),(18648,2141,169,5),(18648,2166,62,3),(18648,2382,2,1),(18648,2478,2,1),(18648,2524,2,1),(18648,2532,2,1),(18649,2557,2,1),(18650,2783,2,1),(18651,2102,131,1),(18651,2495,2,1),(18652,2225,62,1),(18653,2779,2,1),(18653,2791,2,1),(18654,2895,2,1),(18655,1990,62,1),(18656,2508,2,1),(18657,2210,165,3),(18657,2259,62,1),(18657,2353,2,1),(18657,2395,2,1),(18657,2459,2,1),(18657,2480,2,1),(18658,2299,2,1),(18659,2333,2,1),(18660,1941,73,3),(18661,1953,76,3),(18664,2201,101,4),(18664,2264,62,1),(18665,2072,422,5),(18665,2119,233,5),(18665,2247,381,5),(18666,2072,422,3),(18666,2119,233,3),(18666,2247,381,3),(18667,2102,131,4),(18668,2150,152,2),(18669,2150,152,1),(18670,2195,191,1),(18671,2201,101,5),(18671,2267,62,1),(18672,2273,201,3),(18673,1968,410,2),(18674,2222,420,3),(18675,2044,191,2),(18675,2263,191,2),(18676,2028,191,1),(18676,2044,191,3),(18676,2215,191,2),(18676,2263,191,1),(18677,2211,62,1),(18678,2211,62,1),(18679,2106,62,1),(18680,2056,226,2),(18681,2098,314,3),(18682,2196,68,4),(18683,2232,333,1),(18684,2244,407,3),(18685,2292,364,3),(18686,2245,62,1),(18687,2221,390,4),(18688,2163,62,1),(18689,2290,396,1),(18690,2290,396,2),(18691,2290,396,3),(18692,2290,396,4),(18693,2037,101,3),(18693,2070,101,2),(18693,2126,101,3),(18693,2187,62,1),(18693,2201,101,2),(18693,2264,62,1),(18693,2267,62,1),(18694,1976,409,3),(18694,2025,95,3),(18695,1998,224,1),(18695,2186,160,3),(18695,2191,62,1),(18696,2012,62,1);

--
-- Table structure for table `frameworks`
--

CREATE TABLE `frameworks` (
  `ID` int(11) NOT NULL AUTO_INCREMENT,
  `name` varchar(100) CHARACTER SET utf8 NOT NULL,
  PRIMARY KEY (`ID`)
) ENGINE=InnoDB AUTO_INCREMENT=105 DEFAULT CHARSET=latin1;

--
-- Dumping data for table `frameworks`
--

INSERT INTO `frameworks` VALUES (24,'multiple'),(25,'KAOS'),(26,'General'),(27,'Tropos'),(28,'AGORA'),(29,'i*'),(30,'ArchiMate '),(31,'HTA'),(32,'NFR'),(33,'URN'),(34,'URML'),(35,'jUCMNav'),(36,'OpenOME'),(37,'HTNPlan-P'),(38,'SOARE'),(39,'goal tree diagram'),(40,'FLAGS'),(41,'Goal-Risk'),(42,'IBC'),(43,'Lightswitch'),(44,'BRG-Model'),(45,'FAUST'),(46,'STREAM'),(47,'GOORE'),(48,'SOTA'),(49,'ABAS'),(50,'GORE-for-BP'),(51,'Goal-object pattern framework'),(52,'DDNs'),(53,'Techne'),(54,'SEB'),(55,'ANote'),(56,'GSRM'),(57,'PALM'),(58,'RECSS'),(59,'   '),(60,'GSN'),(61,'AoURN'),(62,'PiLGRIM'),(63,'CARE'),(64,'AoURN/SPL'),(65,'LoREM'),(66,'l* and KAOS'),(67,'B-SCP'),(68,'CSRML'),(69,'Goal sketching'),(70,'Goal/strategy map'),(71,'MetaEdit+'),(72,'A-OOH'),(73,'NFR, Performance Requirements Framework (PeRF)'),(74,'Jadex agent framework'),(75,'Persona-Scenario Methodology'),(76,'Astrolabe'),(77,'Secure Tropos'),(78,'XDW Requirement Model '),(79,'GRL/i*'),(80,'Loki '),(81,'fmp2rms'),(82,'GRL'),(83,'ARMOR'),(84,'GoalML'),(85,'Ecritoire'),(86,'CONCORD'),(87,'ARE'),(88,'REF'),(89,'pQGM'),(90,'GOPCSD'),(91,'GADGET'),(92,'AutoRELAX'),(93,'BIM'),(94,'RESCUE'),(95,'GORA'),(96,'NFR Framework'),(97,'ISiS'),(98,'GSA'),(99,'T-Telos'),(100,'MADE'),(101,'URN/GRL'),(102,'gener'),(103,'BMM'),(104,'STS-ml');

--
-- Table structure for table `papers`
--

CREATE TABLE `papers` (
  `ID` int(11) NOT NULL AUTO_INCREMENT,
  `title` varchar(250) NOT NULL,
  `surveyPapers_ID` int(11) DEFAULT NULL,
  `venues_ID` int(11) NOT NULL,
  `FromSOA` int(1) NOT NULL DEFAULT '1',
  `reviewers_ID` int(11) DEFAULT NULL,
  `dateAdded` timestamp NULL DEFAULT CURRENT_TIMESTAMP,
  PRIMARY KEY (`ID`),
  KEY `fk_paper_surveyPaper1_idx` (`surveyPapers_ID`),
  KEY `fk_papers_venues1_idx` (`venues_ID`),
  KEY `fk_paper_reviewers1_idx` (`reviewers_ID`),
  CONSTRAINT `fk_papers_venues1` FOREIGN KEY (`venues_ID`) REFERENCES `venues` (`ID`) ON DELETE NO ACTION ON UPDATE NO ACTION,
  CONSTRAINT `fk_paper_reviewers1` FOREIGN KEY (`reviewers_ID`) REFERENCES `reviewers` (`ID`) ON DELETE NO ACTION ON UPDATE NO ACTION,
  CONSTRAINT `fk_paper_surveyPaper1` FOREIGN KEY (`surveyPapers_ID`) REFERENCES `surveyPapers` (`ID`) ON DELETE NO ACTION ON UPDATE NO ACTION
) ENGINE=InnoDB AUTO_INCREMENT=2908 DEFAULT CHARSET=utf8;

--
-- Dumping data for table `papers`
--

INSERT INTO `papers` VALUES (1939,'Goal-oriented requirements engineering: A guided tour',6960,5604,1,NULL,'2015-12-18 08:20:03'),(1940,'Handling obstacles in goal-oriented requirements engineering',6961,5340,1,NULL,'2015-12-18 08:20:03'),(1941,'Guiding goal modeling using scenarios',6962,5339,1,NULL,'2015-12-18 08:20:03'),(1942,'From object-oriented to goal-oriented requirements analysis',6963,5269,1,NULL,'2015-12-18 08:20:03'),(1943,'Elaborating security requirements by construction of intentional anti-models',6964,5536,1,NULL,'2015-12-18 08:20:03'),(1944,'Security and privacy requirements analysis within a social setting',6965,5606,1,NULL,'2015-12-18 08:20:03'),(1945,'Inferring declarative requirements specifications from operational scenarios',6966,5339,1,NULL,'2015-12-18 08:20:03'),(1946,'Designing data marts for data warehouses',6967,5222,1,NULL,'2015-12-18 08:20:03'),(1947,'Reasoning about partial goal satisfaction for requirements and design engineering',6968,5583,1,NULL,'2015-12-18 08:20:03'),(1948,'Goal-oriented requirements analysis and reasoning in the Tropos methodology',6969,5299,1,NULL,'2015-12-18 08:20:03'),(1949,'On non-functional requirements in software engineering',6970,5465,1,NULL,'2015-12-18 08:20:03'),(1950,'Introduction to the user requirements notation: Learning by example',6971,5276,1,NULL,'2015-12-18 08:20:03'),(1951,'Exploring alternatives during requirements analysis',6972,5333,1,NULL,'2015-12-18 08:20:03'),(1952,'An integrated approach to engineer and enforce context constraints in RBAC environments',6973,5220,1,NULL,'2015-12-18 08:20:03'),(1953,'Requirements elicitation and validation with real world scenes',6974,5339,1,NULL,'2015-12-18 08:20:03'),(1954,'Designing information systems in social context: A goal and scenario modelling approach',6975,5370,1,NULL,'2015-12-18 08:20:03'),(1955,'GRAnD: A goal-oriented approach to requirement analysis in data warehouses',6976,5287,1,NULL,'2015-12-18 08:20:03'),(1956,'B-SCP: A requirements analysis framework for validating strategic alignment of organizational IT based on strategy, context, and process',6977,5358,1,NULL,'2015-12-18 08:20:03'),(1957,'A goal-based framework for contextual requirements modeling and analysis',6978,5628,1,NULL,'2015-12-18 08:20:03'),(1958,'Deriving operational software specifications from system goals',6979,5582,1,NULL,'2015-12-18 08:20:03'),(1959,'Validating strategic alignment of organizational IT requirements using goal modeling and problem diagrams',6980,5428,1,NULL,'2015-12-18 08:20:03'),(1960,'Evaluating goal models within the goal-oriented requirement language',6981,5397,1,NULL,'2015-12-18 08:20:03'),(1961,'From system goals to software architecture',6982,5452,1,NULL,'2015-12-18 08:20:03'),(1962,'Goal-oriented requirements engine ring: A roundtrip from research to practice',6983,5607,1,NULL,'2015-12-18 08:20:03'),(1963,'AGORA: Attributed goal-oriented requirements analysis method',6984,5605,1,NULL,'2015-12-18 08:20:03'),(1964,'Fuzzy goals for requirements-driven adaptation',6985,5562,1,NULL,'2015-12-18 08:20:03'),(1965,'Business process management with the user requirements notation',6986,5290,1,NULL,'2015-12-18 08:20:03'),(1966,'From goals to aspects: Discovering aspects from requirements goal models',6987,5711,1,NULL,'2015-12-18 08:20:03'),(1967,'High variability design for software agents: Extending tropos',6988,5219,1,NULL,'2015-12-18 08:20:03'),(1968,'Addressing legal requirements in requirements engineering',6989,5703,1,NULL,'2015-12-18 08:20:03'),(1969,'First steps toward natural human-like HRI',6990,5243,1,NULL,'2015-12-18 08:20:03'),(1970,'An approach to engineer and enforce context constraints in an RBAC environment',6991,5544,1,NULL,'2015-12-18 08:20:03'),(1971,'Engineering and managing software requirements',6992,5296,1,NULL,'2015-12-18 08:20:03'),(1972,'User requirements notation: The first ten years, the next ten years',6993,5426,1,NULL,'2015-12-18 08:20:03'),(1973,'Personalized E-learning system with self-regulated learning assisted mechanisms for promoting learning performance',6994,5301,1,NULL,'2015-12-18 08:20:03'),(1974,'Extending enterprise architecture modelling with business goals and requirements',6995,5300,1,NULL,'2015-12-18 08:20:03'),(1975,'A vulnerability-centric requirements engineering framework: Analyzing security attacks, countermeasures, and requirements based on vulnerabilities',6996,5628,1,NULL,'2015-12-18 08:20:03'),(1976,'Visual syntax does matter: Improving the cognitive effectiveness of the i* visual notation',6997,5628,1,NULL,'2015-12-18 08:20:03'),(1977,'A goal-oriented requirements modelling language for enterprise architecture',6998,5731,1,NULL,'2015-12-18 08:20:03'),(1978,'Requirements-driven design and configuration management of business processes',6999,5693,1,NULL,'2015-12-18 08:20:03'),(1979,'Deriving event-based transition systems from goal-oriented requirements models',7000,5241,1,NULL,'2015-12-18 08:20:03'),(1980,'Scenarios, goals, and state machines: A win-win partnership for model synthesis',7001,5584,1,NULL,'2015-12-18 08:20:03'),(1981,'Monitoring and diagnosing software requirements',7002,5242,1,NULL,'2015-12-18 08:20:03'),(1982,'Agent-based tactics for goal-oriented requirements elaboration',7003,5534,1,NULL,'2015-12-18 08:20:03'),(1983,'The role of task analysis in capturing requirements for interface design',7004,5380,1,NULL,'2015-12-18 08:20:03'),(1984,'A goal-based modeling approach to develop requirements of an adaptive system with environmental uncertainty',7005,5465,1,NULL,'2015-12-18 08:20:03'),(1985,'Goal-based modeling of Dynamically Adaptive System requirements',7006,5512,1,NULL,'2015-12-18 08:20:03'),(1986,'Learning operational requirements from goal models',7007,5539,1,NULL,'2015-12-18 08:20:03'),(1987,'PRiM: An i*-based process reengineering method for information systems specification',7008,5359,1,NULL,'2015-12-18 08:20:03'),(1988,'Simple and minimum-cost satisfiability for goal models',7009,5453,1,NULL,'2015-12-18 08:20:03'),(1989,'Enterprise modeling and decision-support for automating the business rules lifecycle',7010,5240,1,NULL,'2015-12-18 08:20:03'),(1990,'The use of mental imagery to facilitate information identification in requirements analysis',7011,5423,1,NULL,'2015-12-18 08:20:03'),(1991,'Techne: Towards a new generation of requirements modeling languages with goals, preferences, and inconsistency handling',7012,5562,1,NULL,'2015-12-18 08:20:03'),(1992,'A first attempt to combine SysML requirements diagrams and B',7013,5375,1,NULL,'2015-12-18 08:20:03'),(1993,'Adaptive socio-technical systems: A requirements-based approach',7014,5631,1,NULL,'2015-12-18 08:20:03'),(1994,'Integrating preferences into goal models for requirements engineering',7015,5562,1,NULL,'2015-12-18 08:20:03'),(1995,'Configuring features with stakeholder goals',7016,5587,1,NULL,'2015-12-18 08:20:03'),(1996,'Addressing quality attributes in domain analysis for product lines',7017,5327,1,NULL,'2015-12-18 08:20:03'),(1997,'Exploring Web services from a business value perspective',7018,5608,1,NULL,'2015-12-18 08:20:03'),(1998,'Visual variability analysis for goal models',7019,5607,1,NULL,'2015-12-18 08:20:03'),(1999,'Consistency checking of conceptual models via model merging',7020,5484,1,NULL,'2015-12-18 08:20:03'),(2000,'Goal-driven risk assessment in requirements engineering',7021,5629,1,NULL,'2015-12-18 08:20:03'),(2001,'Towards interoperability of i* models using iStarML',7022,5730,1,NULL,'2015-12-18 08:20:03'),(2002,'Requirements-driven design of autonomic application software',7023,5553,1,NULL,'2015-12-18 08:20:03'),(2003,'On goal-based variability acquisition and analysis',7024,5609,1,NULL,'2015-12-18 08:20:03'),(2004,'Modeling goals and reasoning with them',7025,5296,1,NULL,'2015-12-18 08:20:03'),(2005,'A comparative analysis of i*-based agent-oriented modeling languages',7026,5148,1,NULL,'2015-12-18 08:20:03'),(2006,'Framework for matching requirements elicitation techniques to project characteristics',7027,5653,1,NULL,'2015-12-18 08:20:03'),(2007,'A new conceptual approach to the design of hybrid control architecture for autonomous mobile robots',7028,5421,1,NULL,'2015-12-18 08:20:03'),(2008,'Repository support for multi-perspective requirements engineering',7029,5367,1,NULL,'2015-12-18 08:20:03'),(2009,'An NFR pattern approach to dealing with NFRs',7030,5562,1,NULL,'2015-12-18 08:20:03'),(2010,'Strategic reasoning about business models: A conceptual modeling approach',7031,5372,1,NULL,'2015-12-18 08:20:03'),(2011,'Strategy-oriented alignment in requirements engineering: Linking business strategy to requirements of e-business systems using the SOARE approach',7032,5425,1,NULL,'2015-12-18 08:20:03'),(2012,'A human-robot cooperative learning system for easy installation of assistant robots in new working environments',7033,5422,1,NULL,'2015-12-18 08:20:03'),(2013,'SOTA: Towards a general model for self-adaptive systems',7034,5622,1,NULL,'2015-12-18 08:20:03'),(2014,'Representing and reasoning about preferences in requirements engineering',7035,5629,1,NULL,'2015-12-18 08:20:03'),(2015,'Reverse engineering goal models from legacy code',7036,5608,1,NULL,'2015-12-18 08:20:03'),(2016,'Management of performance requirements for information systems',7037,5340,1,NULL,'2015-12-18 08:20:03'),(2017,'Analogical reuse of requirements frameworks',7038,5603,1,NULL,'2015-12-18 08:20:03'),(2018,'A systematic review of goal-oriented requirements management frameworks for business process compliance',7039,5173,1,NULL,'2015-12-18 08:20:03'),(2019,'Reasoning about alternative requirements options',7040,5732,1,NULL,'2015-12-18 08:20:03'),(2020,'Configuring common personal software: A requirements-driven approach',7041,5608,1,NULL,'2015-12-18 08:20:03'),(2021,'Goal-oriented requirements animation',7042,5607,1,NULL,'2015-12-18 08:20:03'),(2022,'Formal reasoning techniques for goal models',7043,5452,1,NULL,'2015-12-18 08:20:03'),(2023,'Modeling business goal for business/it alignment using requirements engineering',7044,5416,1,NULL,'2015-12-18 08:20:03'),(2024,'Live goals for adaptive service compositions',7045,5540,1,NULL,'2015-12-18 08:20:03'),(2025,'Improving the effectiveness of visual representations in requirements engineering: An evaluation of i* visual syntax',7046,5610,1,NULL,'2015-12-18 08:20:03'),(2026,'Compliance analysis based on a goal-oriented requirement language evaluation methodology',7047,5712,1,NULL,'2015-12-18 08:20:03'),(2027,'On the classification and management of Virtual organisation Breeding Environments',7048,5396,1,NULL,'2015-12-18 08:20:03'),(2028,'A model-driven goal-oriented requirement engineering approach for data warehouses',7049,5463,1,NULL,'2015-12-18 08:20:03'),(2029,'Evaluation of development tools for domain-specific modeling languages',7050,5462,1,NULL,'2015-12-18 08:20:03'),(2030,'Where do goals come from: The underlying principles of goal-oriented requirements engineering',7051,5608,1,NULL,'2015-12-18 08:20:03'),(2031,'COTS-based requirements engineering',7052,5676,1,NULL,'2015-12-18 08:20:03'),(2032,'Towards a unified metamodel for i*',7053,5572,1,NULL,'2015-12-18 08:20:03'),(2033,'Goal-centric traceability: Using virtual plumblines to maintain critical systemic qualities',7054,5341,1,NULL,'2015-12-18 08:20:03'),(2034,'Goal representation for BDI agent systems',7055,5443,1,NULL,'2015-12-18 08:20:03'),(2035,'Deriving tabular event-based specifications from goal-oriented requirements models',7056,5606,1,NULL,'2015-12-18 08:20:03'),(2036,'Security requirements engineering via commitments',7057,5491,1,NULL,'2015-12-18 08:20:03'),(2037,'Requirements modeling with the aspect-oriented user requirements notation (AoURN): A case study',7058,5677,1,NULL,'2015-12-18 08:20:03'),(2038,'A metamodeling approach for requirements specification',7059,5415,1,NULL,'2015-12-18 08:20:03'),(2039,'Modeling domain variability in requirements engineering with contexts',7060,5465,1,NULL,'2015-12-18 08:20:03'),(2040,'From goals to high-variability software design',7061,5464,1,NULL,'2015-12-18 08:20:03'),(2041,'Experiences with goal-oriented modeling of organizational change',7062,5344,1,NULL,'2015-12-18 08:20:03'),(2042,'An ontology-based semantics for the motivation extension to archimate',7063,5679,1,NULL,'2015-12-18 08:20:03'),(2043,'Analyzing goal models: Different approaches and how to choose among them',7064,5590,1,NULL,'2015-12-18 08:20:03'),(2044,'An MDA approach for goal-oriented requirement analysis in Web engineering',7065,5437,1,NULL,'2015-12-18 08:20:03'),(2045,'Adaptive goals for self-adaptive service compositions',7066,5326,1,NULL,'2015-12-18 08:20:03'),(2046,'Real-world vision: Selective perception and task',7067,5218,1,NULL,'2015-12-18 08:20:03'),(2047,'On correct and complete strong merging of partial behaviour models',7068,5585,1,NULL,'2015-12-18 08:20:03'),(2048,'Early verification and validation of mission critical systems',7069,5305,1,NULL,'2015-12-18 08:20:03'),(2049,'Requirements change: Fears dictate the must haves; desires the won\'t haves',7070,5429,1,NULL,'2015-12-18 08:20:03'),(2050,'Understanding business strategies of networked value constellations using goal- and value modeling',7071,5609,1,NULL,'2015-12-18 08:20:03'),(2051,'A hierarchical model of organizational control for the analysis of information systems requirements',7072,5366,1,NULL,'2015-12-18 08:20:03'),(2052,'Comparison and evaluation of goal-oriented satisfaction analysis techniques',7073,5631,1,NULL,'2015-12-18 08:20:03'),(2053,'Reasoning with contextual requirements: Detecting inconsistency and conflicts',7074,5362,1,NULL,'2015-12-18 08:20:03'),(2054,'Changing attitudes towards the generation of architectural models',7075,5430,1,NULL,'2015-12-18 08:20:03'),(2055,'Designing IT systems according to environmental settings: A strategic analysis framework',7076,5427,1,NULL,'2015-12-18 08:20:03'),(2056,'From i* requirements models to conceptual models of a Model Driven Development process',7077,5713,1,NULL,'2015-12-18 08:20:03'),(2057,'A metamodeling approach for reasoning about requirements',7078,5464,1,NULL,'2015-12-18 08:20:03'),(2058,'Persona-scenario-goal methodology for user-centered requirements engineering',7079,5484,1,NULL,'2015-12-18 08:20:03'),(2059,'Strategic alignment in requirements analysis for organizational IT: An integrated approach',7080,5586,1,NULL,'2015-12-18 08:20:03'),(2060,'From object orientation to goal orientation: A paradigm shift for requirements engineering',7081,5453,1,NULL,'2015-12-18 08:20:03'),(2061,'Goal-oriented requirements engineering: From system objectives to UML models to precise software specifications',7082,5535,1,NULL,'2015-12-18 08:20:03'),(2062,'Bridging the gap between past and future in RE: a scenario-based approach',7083,5602,1,NULL,'2015-12-18 08:20:03'),(2063,'Behavioral adaptation of information systems through goal models',7084,5371,1,NULL,'2015-12-18 08:20:03'),(2064,'Deriving software architectural models from requirements models for adaptive systems: The STREAM-A approach',7085,5630,1,NULL,'2015-12-18 08:20:03'),(2065,'Finding incremental solutions for evolving requirements',7086,5564,1,NULL,'2015-12-18 08:20:03'),(2066,'Modelling self-adaptivity: A goal-oriented approach',7087,5698,1,NULL,'2015-12-18 08:20:03'),(2067,'Goal oriented requirements engineering: Trends and issues',7088,5346,1,NULL,'2015-12-18 08:20:03'),(2068,'Improving requirements engineering by quality modelling - A quality-based requirements engineering framework',7089,5425,1,NULL,'2015-12-18 08:20:03'),(2069,'Self-tuning of software systems through dynamic quality tradeoff and value-based feedback control loop',7090,5430,1,NULL,'2015-12-18 08:20:03'),(2070,'AoURN-based modeling and analysis of software product lines',7091,5654,1,NULL,'2015-12-18 08:20:03'),(2071,'Simulating and optimising design decisions in quantitative goal models',7092,5564,1,NULL,'2015-12-18 08:20:03'),(2072,'CSRML: A goal-oriented approach to model requirements for collaborative systems',7093,5467,1,NULL,'2015-12-18 08:20:03'),(2073,'Towards a unified requirements modeling language',7094,5168,1,NULL,'2015-12-18 08:20:03'),(2074,'A logic for state-modifying authorization policies',7095,5221,1,NULL,'2015-12-18 08:20:03'),(2075,'A goal modeling framework for self-contextualizable software',7096,5444,1,NULL,'2015-12-18 08:20:03'),(2076,'Astrolabe: A collaborative multiperspective goal-oriented risk analysis methodology',7097,5345,1,NULL,'2015-12-18 08:20:03'),(2077,'The rationale behind the development of an airline operations control centre using Gaia-based methodology',7098,5386,1,NULL,'2015-12-18 08:20:03'),(2078,'GOORE: Goal-oriented and ontology driven requirements elicitation method',7099,5726,1,NULL,'2015-12-18 08:20:03'),(2079,'Goal-oriented software assessment',7100,5534,1,NULL,'2015-12-18 08:20:03'),(2080,'On the use of a formal RE language: The generalized railroad crossing problem',7101,5603,1,NULL,'2015-12-18 08:20:03'),(2081,'Requirements-driven adaptive security: Protecting variable assets at runtime',7102,5177,1,NULL,'2015-12-18 08:20:03'),(2082,'Syntactic and semantic extensions to Secure Tropos to support security risk management',7103,5438,1,NULL,'2015-12-18 08:20:03'),(2083,'Cloud adoption: A goal-oriented requirements engineering approach',7104,5541,1,NULL,'2015-12-18 08:20:03'),(2084,'Interactive analysis of agent-goal models in enterprise modeling',7105,5390,1,NULL,'2015-12-18 08:20:03'),(2085,'Enterprise modeling for business intelligence',7106,5445,1,NULL,'2015-12-18 08:20:03'),(2086,'Engineering adaptive requirements',7107,5714,1,NULL,'2015-12-18 08:20:03'),(2087,'The goal-oriented design of agent systems: A refinement of Prometheus and its evaluation',7108,5387,1,NULL,'2015-12-18 08:20:03'),(2088,'A survey on the need and use of AI in game agents',7109,5556,1,NULL,'2015-12-18 08:20:03'),(2089,'Aspect-oriented user requirements notation: Aspects in goal and scenario models',7110,5464,1,NULL,'2015-12-18 08:20:03'),(2090,'From data mining to behavior mining',7111,5734,1,NULL,'2015-12-18 08:20:03'),(2091,'The single model principle',7112,5424,1,NULL,'2015-12-18 08:20:03'),(2092,'Evidence algorithm and sequent logical inference search',7113,5458,1,NULL,'2015-12-18 08:20:03'),(2093,'Utilizing deontic operators in information systems specification',7114,5626,1,NULL,'2015-12-18 08:20:03'),(2094,'Challenge of artificial intelligence',7115,5272,1,NULL,'2015-12-18 08:20:03'),(2095,'Aligning security and privacy to support the development of secure information systems',7116,5733,1,NULL,'2015-12-18 08:20:03'),(2096,'Model checking goal-oriented requirements for self-adaptive systems',7117,5494,1,NULL,'2015-12-18 08:20:03'),(2097,'A goal-based approach to guide the design of an abstract event-B specification',7118,5697,1,NULL,'2015-12-18 08:20:03'),(2098,'Goal-driven software product line engineering',7119,5590,1,NULL,'2015-12-18 08:20:03'),(2099,'Improving component selection and monitoring with controlled experimentation and automated measurements',7120,5360,1,NULL,'2015-12-18 08:20:03'),(2100,'Extending the user requirements notation with aspect-oriented concepts',7121,5465,1,NULL,'2015-12-18 08:20:03'),(2101,'KDDONTO: An ontology for discovery and composition of KDD algorithms',7122,5289,1,NULL,'2015-12-18 08:20:03'),(2102,'Characterizing maintainability concerns in autonomic element design',7123,5329,1,NULL,'2015-12-18 08:20:03'),(2103,'A goal-oriented software testing methodology',7124,5464,1,NULL,'2015-12-18 08:20:03'),(2104,'Using satisfaction arguments to enhance i* modelling of an air traffic management system',7125,5484,1,NULL,'2015-12-18 08:20:03'),(2105,'Towards integrated tool support for the User Requirements Notation',7126,5462,1,NULL,'2015-12-18 08:20:03'),(2106,'A high-level architecture for believable social agents',7127,5664,1,NULL,'2015-12-18 08:20:03'),(2107,'Autonomy requirements engineering',7128,5569,1,NULL,'2015-12-18 08:20:03'),(2108,'Research review: Investigating goal-oriented requirements engineering for business processes',7129,5418,1,NULL,'2015-12-18 08:20:03'),(2109,'On eliciting contribution measures in goal models',7130,5177,1,NULL,'2015-12-18 08:20:03'),(2110,'Visualizations to support interactive goal model analysis',7131,5168,1,NULL,'2015-12-18 08:20:03'),(2111,'Trust trade-off analysis for security requirements engineering',7132,5610,1,NULL,'2015-12-18 08:20:03'),(2112,'A lightweight GRL profile for i* modeling',7133,5465,1,NULL,'2015-12-18 08:20:03'),(2113,'Towards a Design Method Supporting the Alignment between Business and Services Software',7134,5524,1,NULL,'2015-12-18 08:20:03'),(2114,'Assessing requirements-related risks through probabilistic goals and obstacles',7135,5631,1,NULL,'2015-12-18 08:20:03'),(2115,'Measurement-oriented comparison of multiple regulations with GRL',7136,5180,1,NULL,'2015-12-18 08:20:03'),(2116,'Towards outcome-based regulatory compliance in aviation security',7137,5715,1,NULL,'2015-12-18 08:20:03'),(2117,'Are your sites down? Requirements-driven self-tuning for the survivability of web systems',7138,5709,1,NULL,'2015-12-18 08:20:03'),(2118,'Automatically exploring how uncertainty impacts behavior of dynamically adaptive systems',7139,5171,1,NULL,'2015-12-18 08:20:03'),(2119,'A comparative of goal-oriented approaches to modelling requirements for collaborative systems',7140,5295,1,NULL,'2015-12-18 08:20:03'),(2120,'A method for assessing confidence in requirements analysis',7141,5361,1,NULL,'2015-12-18 08:20:03'),(2121,'Towards a flexible service integration through separation of business rules',7142,5518,1,NULL,'2015-12-18 08:20:03'),(2122,'Deriving non-Zeno behaviour models from goal models using ILP',7143,5304,1,NULL,'2015-12-18 08:20:03'),(2123,'Applying transformation rules to improve i* models',7144,5570,1,NULL,'2015-12-18 08:20:03'),(2124,'A model transformation approach to derive architectural models from goal-oriented requirements models',7145,5722,1,NULL,'2015-12-18 08:20:03'),(2125,'A comparison of goal-oriented approaches to model software product lines variability',7146,5465,1,NULL,'2015-12-18 08:20:03'),(2126,'Tailoring an aspectual goal-oriented approach to model features',7147,5195,1,NULL,'2015-12-18 08:20:03'),(2127,'Enforcing a security pattern in stakeholder goal models',7148,5580,1,NULL,'2015-12-18 08:20:03'),(2128,'Design and potential performance of goal-oriented job scheduling policies for parallel computer workloads',7149,5337,1,NULL,'2015-12-18 08:20:03'),(2129,'State sponsored large scale technology transfer projects in a developing country context',7150,5435,1,NULL,'2015-12-18 08:20:03'),(2130,'Evaluating the effectiveness of a goal-oriented requirements engineering method',7151,5306,1,NULL,'2015-12-18 08:20:03'),(2131,'Analysis of multi-agent systems based on KAOS modeling',7152,5729,1,NULL,'2015-12-18 08:20:03'),(2132,'Capturing and reusing functional and non-functional requirements knowledge: A goal-object pattern approach',7153,5554,1,NULL,'2015-12-18 08:20:03'),(2133,'Goal-oriented methodology for agent system development',7154,5346,1,NULL,'2015-12-18 08:20:03'),(2134,'Integrating social modelling and agent interaction through goal-oriented analysis',7155,5725,1,NULL,'2015-12-18 08:20:03'),(2135,'Quality-based software reuse',7156,5451,1,NULL,'2015-12-18 08:20:03'),(2136,'Evolving system architecture to meet changing business goals: An agent and goal-oriented approach',7157,5604,1,NULL,'2015-12-18 08:20:03'),(2137,'An empirical study on the implementation and evaluation of a goal-driven software development risk management model',7158,5363,1,NULL,'2015-12-18 08:20:03'),(2138,'Supporting decision-making for self-adaptive systems: From goal models to dynamic decision networks',7159,5469,1,NULL,'2015-12-18 08:20:03'),(2139,'Systematic elaboration of scalability requirements through goal-obstacle analysis',7160,5342,1,NULL,'2015-12-18 08:20:03'),(2140,'STS-tool: Socio-technical Security Requirements through social commitments',7161,5177,1,NULL,'2015-12-18 08:20:03'),(2141,'Stateful requirements monitoring for self-repairing socio-technical systems',7162,5177,1,NULL,'2015-12-18 08:20:03'),(2142,'Towards advanced goal model analysis with jUCMNav',7163,5468,1,NULL,'2015-12-18 08:20:03'),(2143,'Goal-oriented requirements engineering and enterprise architecture: Two case studies and some lessons learned',7164,5468,1,NULL,'2015-12-18 08:20:03'),(2144,'Requirements trade-offs analysis in the absence of quantitative measures: A heuristic method',7165,5590,1,NULL,'2015-12-18 08:20:03'),(2145,'A method for eliciting goals for business process models based on non-functional requirements catalogues',7166,5394,1,NULL,'2015-12-18 08:20:03'),(2146,'An approach for e-service design using enterprise models',7167,5394,1,NULL,'2015-12-18 08:20:03'),(2147,'Linking goal-oriented requirements and model-driven development',7168,5378,1,NULL,'2015-12-18 08:20:03'),(2148,'Towards a pattern-based framework for goal-driven business process modeling',7169,5707,1,NULL,'2015-12-18 08:20:03'),(2149,'Practical challenges for methods transforming i* goal models into business process models',7170,5610,1,NULL,'2015-12-18 08:20:03'),(2150,'Requirements engineering for multi-channel services: The SEB method and its application to a multi-channel bank',7171,5627,1,NULL,'2015-12-18 08:20:03'),(2151,'Eliciting goals for business process models with non-functional requirements catalogues',7172,5444,1,NULL,'2015-12-18 08:20:03'),(2152,'Automatically generating requirements from i* models: Experiences with a complex airport operations system',7173,5463,1,NULL,'2015-12-18 08:20:03'),(2153,'Extending argumentation to goal-oriented requirements engineering',7174,5463,1,NULL,'2015-12-18 08:20:03'),(2154,'A goal-oriented approach for the generation and evaluation of alternative architectures',7175,5463,1,NULL,'2015-12-18 08:20:03'),(2155,'Analysis of early aspects in requirements goal models: A concept-driven approach',7176,5701,1,NULL,'2015-12-18 08:20:03'),(2156,'On the symbiosis of aspect-oriented requirements and architectural descriptions',7177,5463,1,NULL,'2015-12-18 08:20:03'),(2157,'On the adequacy of i* models for representing and analyzing software architectures',7178,5463,1,NULL,'2015-12-18 08:20:03'),(2158,'Integrating visual goal models into the Rational Unified Process',7179,5694,1,NULL,'2015-12-18 08:20:03'),(2159,'A goal deliberation strategy for BDI agent systems',7180,5461,1,NULL,'2015-12-18 08:20:03'),(2160,'On the lightweight use of goal-oriented models for software package selection',7181,5451,1,NULL,'2015-12-18 08:20:03'),(2161,'What has requirements research ever done for us?',7182,5334,1,NULL,'2015-12-18 08:20:03'),(2162,'Modeling multi-agent systems with ANote',7183,5727,1,NULL,'2015-12-18 08:20:03'),(2163,'Flexible real-time mobile robotic architecture based on behavioural models',7184,5298,1,NULL,'2015-12-18 08:20:03'),(2164,'Engineering requirements for autonomy features',7185,5691,1,NULL,'2015-12-18 08:20:03'),(2165,'Concern-oriented software design',7186,5469,1,NULL,'2015-12-18 08:20:03'),(2166,'An agent-based requirements monitoring framework for internetware',7187,5410,1,NULL,'2015-12-18 08:20:03'),(2167,'Autonomy requirements engineering',7188,5569,1,NULL,'2015-12-18 08:20:03'),(2168,'A service composition framework based on goal-oriented requirements engineering, model checking, and qualitative preference analysis',7189,5468,1,NULL,'2015-12-18 08:20:03'),(2169,'Understanding socially oriented roles and goals through motivational modelling',7190,5430,1,NULL,'2015-12-18 08:20:03'),(2170,'A modeling language to support early lifecycle requirements modeling for systems engineering',7191,5183,1,NULL,'2015-12-18 08:20:03'),(2171,'On modelling evolution of trust in organisations towards mediating collaboration',7192,5728,1,NULL,'2015-12-18 08:20:03'),(2172,'Gocc: A configuration compiler for self-adaptive systems using goal-oriented requirements description',7193,5541,1,NULL,'2015-12-18 08:20:03'),(2173,'Cybernetics as the science of decision making',7194,5441,1,NULL,'2015-12-18 08:20:03'),(2174,'Business process compliance tracking using key performance indicators',7195,5446,1,NULL,'2015-12-18 08:20:03'),(2175,'Reasoning with optional and preferred requirements',7196,5719,1,NULL,'2015-12-18 08:20:03'),(2176,'Semantic requirements engineering',7197,5378,1,NULL,'2015-12-18 08:20:03'),(2177,'Understanding the scope of uncertainty in dynamically adaptive systems',7198,5710,1,NULL,'2015-12-18 08:20:03'),(2178,'A requirements elicitation framework and tool for sourcing business-IT aligned e-services',7199,5589,1,NULL,'2015-12-18 08:20:03'),(2179,'Modeling and detecting semantic-based interactions in aspect-oriented scenarios',7200,5628,1,NULL,'2015-12-18 08:20:03'),(2180,'Offshore-outsourced software development risk management model',7201,5314,1,NULL,'2015-12-18 08:20:03'),(2181,'Towards augmenting requirements models with preferences',7202,5235,1,NULL,'2015-12-18 08:20:03'),(2182,'Supporting requirements elicitation through goal/scenario coupling',7203,5465,1,NULL,'2015-12-18 08:20:03'),(2183,'Requirements evolution and what (research) to do about it',7204,5444,1,NULL,'2015-12-18 08:20:03'),(2184,'Model checking process with goal oriented requirements analysis',7205,5692,1,NULL,'2015-12-18 08:20:03'),(2185,'Goal-oriented conceptual database design',7206,5484,1,NULL,'2015-12-18 08:20:03'),(2186,'Tracing and validating goal aspects',7207,5484,1,NULL,'2015-12-18 08:20:03'),(2187,'Visualizing aspect-oriented goal models with AoGRL',7208,5197,1,NULL,'2015-12-18 08:20:03'),(2188,'FBCM: Strategy modeling method for the validation of software requirements',7209,5429,1,NULL,'2015-12-18 08:20:03'),(2189,'Discovering aspects in requirements with repertory grid',7210,5537,1,NULL,'2015-12-18 08:20:03'),(2190,'Goal-oriented analysis of regulations',7211,5249,1,NULL,'2015-12-18 08:20:03'),(2191,'Applying personal construct theory to requirements elicitation [Aplicaci�n de la teor�a de constructos personales a la elicitaci�n de requisitos]',7212,5331,1,NULL,'2015-12-18 08:20:03'),(2192,'URN: Towards a new standard for the visual description of requirements',7213,5452,1,NULL,'2015-12-18 08:20:03'),(2193,'User-interface modelling - adding usability to use cases',7214,5388,1,NULL,'2015-12-18 08:20:03'),(2194,'Capturing design dynamics - the CONCORD approach',7215,5528,1,NULL,'2015-12-18 08:20:03'),(2195,'Adding semantic modules to improve goal-oriented analysis of data warehouses using I-star',7216,5432,1,NULL,'2015-12-18 08:20:03'),(2196,'From requirements to statecharts via design refinement',7217,5593,1,NULL,'2015-12-18 08:20:03'),(2197,'Semantic data warehouse design: From ETL to deployment � la Carte',7218,5469,1,NULL,'2015-12-18 08:20:03'),(2198,'Comparing the comprehensibility of requirements models expressed in Use Case and Tropos: Results from a family of experiments',7219,5362,1,NULL,'2015-12-18 08:20:03'),(2199,'A goal-oriented simulation approach for obtaining good private cloud-based system architectures',7220,5431,1,NULL,'2015-12-18 08:20:03'),(2200,'Using the goal-oriented pattern family framework for modelling outcome-based regulations',7221,5179,1,NULL,'2015-12-18 08:20:03'),(2201,'Model-driven development for requirements engineering: The case of goal-oriented approaches',7222,5493,1,NULL,'2015-12-18 08:20:03'),(2202,'Modelling security requirements in socio-technical systems with STS-Tool',7223,5254,1,NULL,'2015-12-18 08:20:03'),(2203,'Enterprise architecture for the adaptive enterprise - A vision paper',7224,5447,1,NULL,'2015-12-18 08:20:03'),(2204,'Run-time resolution of uncertainty',7225,5564,1,NULL,'2015-12-18 08:20:03'),(2205,'GO-SEM: A goal-oriented method for service engineering',7226,5389,1,NULL,'2015-12-18 08:20:03'),(2206,'Towards a framework for offshore outsource software development risk management model',7227,5426,1,NULL,'2015-12-18 08:20:03'),(2207,'Automating analysis of qualitative preferences in goal-oriented requirements engineering',7228,5171,1,NULL,'2015-12-18 08:20:03'),(2208,'Capturing contextual variability in i; models',7229,5253,1,NULL,'2015-12-18 08:20:03'),(2209,'Compliance management with measurement frameworks',7230,5173,1,NULL,'2015-12-18 08:20:03'),(2210,'An automatic reasoning mechanism for NFR goal models',7231,5506,1,NULL,'2015-12-18 08:20:03'),(2211,'Goal-driven adaptation of service-based systems from runtime monitoring data',7232,5526,1,NULL,'2015-12-18 08:20:03'),(2212,'Rule-based context-aware adaptation using a goal-oriented ontology',7233,5398,1,NULL,'2015-12-18 08:20:03'),(2213,'Requirements evolution drives software evolution',7234,5408,1,NULL,'2015-12-18 08:20:03'),(2214,'Goal-based behavioral customization of information systems',7235,5467,1,NULL,'2015-12-18 08:20:03'),(2215,'An MDA approach and Qvt transformations for the Integrated development of goal-oriented data warehouses and data marts',7236,5417,1,NULL,'2015-12-18 08:20:03'),(2216,'Using business goals to inform software architecture',7237,5562,1,NULL,'2015-12-18 08:20:03'),(2217,'A Goal-oriented approach for variability in BPMN',7238,5140,1,NULL,'2015-12-18 08:20:03'),(2218,'Towards services paradigm: Principles and models: A goal-oriented approach to improve services practice',7239,5167,1,NULL,'2015-12-18 08:20:03'),(2219,'An empirical study of requirements model understanding: Use Case vs. Tropos models',7240,5589,1,NULL,'2015-12-18 08:20:03'),(2220,'A model transformation method in service-oriented domain modeling',7241,5596,1,NULL,'2015-12-18 08:20:03'),(2221,'Embodying organisations in multi-agentwork environments',7242,5488,1,NULL,'2015-12-18 08:20:03'),(2222,'Model and tool to clarify intentions and strategies in learning scenarios design',7243,5465,1,NULL,'2015-12-18 08:20:03'),(2223,'On modeling interactions of early aspects with goals',7244,5559,1,NULL,'2015-12-18 08:20:03'),(2224,'Towards a framework for law-compliant software requirements',7245,5161,1,NULL,'2015-12-18 08:20:03'),(2225,'Requirements modeling based on domain knowledge reusing',7246,5409,1,NULL,'2015-12-18 08:20:03'),(2226,'Architecture-driven requirements engineering',7247,5444,1,NULL,'2015-12-18 08:20:03'),(2227,'Goal-driven development of a patient surveillance application for improving patient safety',7248,5444,1,NULL,'2015-12-18 08:20:03'),(2228,'Requirements engineering for COTS-based software systems',7249,5587,1,NULL,'2015-12-18 08:20:03'),(2229,'Supporting requirements model evolution throughout the system life-cycle',7250,5552,1,NULL,'2015-12-18 08:20:03'),(2230,'Enhancing NetLogo to simulate BDI communicating agents',7251,5464,1,NULL,'2015-12-18 08:20:03'),(2231,'Goal-oriented, B-based formal derivation of security design specifications from security requirements',7252,5233,1,NULL,'2015-12-18 08:20:03'),(2232,'Analysis and verification of time requirements applied to the Web Services composition',7253,5462,1,NULL,'2015-12-18 08:20:03'),(2233,'Applying a goal-oriented method for hazard analysis: A case study',7254,5513,1,NULL,'2015-12-18 08:20:03'),(2234,'Security threat modeling and analysis: A goal-oriented approach',7255,5546,1,NULL,'2015-12-18 08:20:03'),(2235,'Variability in goal-oriented domain requirements',7256,5685,1,NULL,'2015-12-18 08:20:03'),(2236,'Representing NFRs and FRs: A goal-oriented and use case driven approach',7257,5716,1,NULL,'2015-12-18 08:20:03'),(2237,'Goal-oriented or scenario-based requirements engineering technique - What should a practitioner select?',7258,5246,1,NULL,'2015-12-18 08:20:03'),(2238,'Un feature interactions among web services',7259,5404,1,NULL,'2015-12-18 08:20:03'),(2239,'Early verification and validation of mission critical systems',7260,5292,1,NULL,'2015-12-18 08:20:03'),(2240,'Modeling business strategy in E-business systems requirements engineering',7261,5453,1,NULL,'2015-12-18 08:20:03'),(2241,'Goal-oriented requirements engineering: A case study in E-government',7262,5682,1,NULL,'2015-12-18 08:20:03'),(2242,'Designing web-based systems in social context: A goal and scenario based approach',7263,5684,1,NULL,'2015-12-18 08:20:03'),(2243,'Interactive goal model analysis for early requirements engineering',7264,5632,1,NULL,'2015-12-18 08:20:03'),(2244,'Optimizing Functional and Quality Requirements According to Stakeholders\' Goals',7265,5625,1,NULL,'2015-12-18 08:20:03'),(2245,'Goal oriented adaptivity in the IRGNM for parameter identification in PDEs: I. reduced formulation',7266,5405,1,NULL,'2015-12-18 08:20:03'),(2246,'Ontology and goal model in designing BDI multi-agent systems',7267,5255,1,NULL,'2015-12-18 08:20:03'),(2247,'Comparing goal-oriented approaches to model requirements for CSCW',7268,5295,1,NULL,'2015-12-18 08:20:03'),(2248,'A probabilistic framework for goal-oriented risk analysis',7269,5177,1,NULL,'2015-12-18 08:20:03'),(2249,'Requirements-driven qualitative adaptation',7270,5468,1,NULL,'2015-12-18 08:20:03'),(2250,'An integration framework for multi-perspective business process modeling',7271,5495,1,NULL,'2015-12-18 08:20:03'),(2251,'Automatically RELAXing a goal model to cope with uncertainty',7272,5468,1,NULL,'2015-12-18 08:20:03'),(2252,'Exploring the impact of software requirements on system-wide goals: A method using satisfaction arguments and i* goal modelling',7273,5630,1,NULL,'2015-12-18 08:20:03'),(2253,'Rule-based context-aware adaptation: A goal-oriented approach',7274,5398,1,NULL,'2015-12-18 08:20:03'),(2254,'Engineering and verifying requirements for programmable self-assembling nanomachines',7275,5542,1,NULL,'2015-12-18 08:20:03'),(2255,'Generating obstacle conditions for requirements completeness',7276,5542,1,NULL,'2015-12-18 08:20:03'),(2256,'Towards a requirements modeling language for self-adaptive systems',7277,5468,1,NULL,'2015-12-18 08:20:03'),(2257,'A CASE tool to support automated modelling and analysis of security requirements, based on secure tropos',7278,5447,1,NULL,'2015-12-18 08:20:03'),(2258,'Towards requirements and architecture co-evolution',7279,5447,1,NULL,'2015-12-18 08:20:03'),(2259,'r?: Automated reasoning tool for non-functional requirement goal models',7280,5564,1,NULL,'2015-12-18 08:20:03'),(2260,'Identifying commonalities in web content management system engineering',7281,5403,1,NULL,'2015-12-18 08:20:03'),(2261,'Generating high-level event-B system models from KAOS requirements models',7282,5223,1,NULL,'2015-12-18 08:20:03'),(2262,'GRL modeling and analysis with jUCMNav',7283,5253,1,NULL,'2015-12-18 08:20:03'),(2263,'A goal-oriented approach for optimizing non-functional requirements in web applications',7284,5467,1,NULL,'2015-12-18 08:20:03'),(2264,'Measuring complexity and completeness of KAOS goal models',7285,5486,1,NULL,'2015-12-18 08:20:03'),(2265,'Analysing social computing requirements with small group theory',7286,5169,1,NULL,'2015-12-18 08:20:03'),(2266,'Qualitative and quantitative representing and reasoning for goals satisfiability',7287,5637,1,NULL,'2015-12-18 08:20:03'),(2267,'MDGore: Towards model-driven and Goal-Oriented Requirements Engineering',7288,5562,1,NULL,'2015-12-18 08:20:03'),(2268,'A SysML extension for goal-driven requirements engineering [Une extension SysML pour l\'ingénierie des exigences dirigée par les buts]',7289,5672,1,NULL,'2015-12-18 08:20:03'),(2269,'Emergence: A new source of failures in complex systems',7290,5503,1,NULL,'2015-12-18 08:20:03'),(2270,'Globally adaptive data prefetching mechanism for mobile network applications',7291,5636,1,NULL,'2015-12-18 08:20:03'),(2271,'An MDE modeling framework for measurable goal-oriented requirements',7292,5397,1,NULL,'2015-12-18 08:20:03'),(2272,'A tool for attributed goal-oriented requirements analysis',7293,5235,1,NULL,'2015-12-18 08:20:03'),(2273,'Requirements engineering in the development of multi-agent systems: A systematic review',7294,5465,1,NULL,'2015-12-18 08:20:03'),(2274,'Modeling, analyzing and weaving legal interpretations in goal-oriented requirements engineering',7295,5160,1,NULL,'2015-12-18 08:20:03'),(2275,'Mining and analysing security goal models in health information systems',7296,5702,1,NULL,'2015-12-18 08:20:03'),(2276,'Towards goal-driven self optimisation of service based applications',7297,5464,1,NULL,'2015-12-18 08:20:03'),(2277,'ISiS: An intention-oriented model to help teachers in learning scenarios design',7298,5464,1,NULL,'2015-12-18 08:20:03'),(2278,'Putting business into business process models',7299,5695,1,NULL,'2015-12-18 08:20:03'),(2279,'Biasing behavioral activation with intent for an entertainment robot',7300,5377,1,NULL,'2015-12-18 08:20:03'),(2280,'A Rewriting Logic Framework for Soft Constraints',7301,5291,1,NULL,'2015-12-18 08:20:03'),(2281,'Incorporating goal analysis in database design: A case study from biological data management',7302,5609,1,NULL,'2015-12-18 08:20:03'),(2282,'From requirements models to formal specifications in B',7303,5249,1,NULL,'2015-12-18 08:20:03'),(2283,'A requirement engineering approach for designing XML-view driven, XML document warehouses',7304,5680,1,NULL,'2015-12-18 08:20:03'),(2284,'The GOPCSD Tool: An Integrated Development Environment for Process Control Requirements and Design',7305,5688,1,NULL,'2015-12-18 08:20:03'),(2285,'Combining goal-oriented analysis and use case analysis',7306,5349,1,NULL,'2015-12-18 08:20:03'),(2286,'Trade-off analysis between security policies for Java mobile codes and requirements for Java application',7307,5606,1,NULL,'2015-12-18 08:20:03'),(2287,'Integrating RE methods to support use case based requirements specification',7308,5606,1,NULL,'2015-12-18 08:20:03'),(2288,'A knowledge-based COTS-aware requirements engineering approach',7309,5210,1,NULL,'2015-12-18 08:20:03'),(2289,'Challenges in COTS decision-making: A goal-driven requirements engineering perspective',7310,5210,1,NULL,'2015-12-18 08:20:03'),(2290,'GADGET: goal-oriented application design guidance for modular visualization environments',7311,5613,1,NULL,'2015-12-18 08:20:03'),(2291,'A framework for requirements analysis using automated reasoning',7312,5456,1,NULL,'2015-12-18 08:20:03'),(2292,'A language for multi-perspective goal modelling: Challenges, requirements and solutions',7313,5279,1,NULL,'2015-12-18 08:20:03'),(2293,'Refinement Tree and Its Patterns: A Graphical Approach for Event-B Modeling',7314,5267,1,NULL,'2015-12-18 08:20:03'),(2294,'AutoRELAX: Automatically RELAXing a goal model to address uncertainty',7315,5294,1,NULL,'2015-12-18 08:20:03'),(2295,'Dealing with security requirements for socio-technical systems: A holistic approach',7316,5470,1,NULL,'2015-12-18 08:20:03'),(2296,'Requirements models for design- and runtime: A position paper',7317,5320,1,NULL,'2015-12-18 08:20:03'),(2297,'A framework for combining problem frames and goal models to support context analysis during requirements engineering',7318,5469,1,NULL,'2015-12-18 08:20:03'),(2298,'Towards a comprehensive Meta-Model for KAOS',7319,5185,1,NULL,'2015-12-18 08:20:03'),(2299,'Lessons learned for collaborative clinical content development',7320,5231,1,NULL,'2015-12-18 08:20:03'),(2300,'Modeling the alignment between business and IS/IT: A requirements engineering perspective',7321,5592,1,NULL,'2015-12-18 08:20:03'),(2301,'An empirical study on project-specific traceability strategies',7322,5182,1,NULL,'2015-12-18 08:20:03'),(2302,'Change impact analysis of indirect goal relations: Comparison of NFR and TROPOS approaches based on industrial case study',7323,5178,1,NULL,'2015-12-18 08:20:03'),(2303,'Drafting and modeling of regulations: Is it being done backwards?',7324,5180,1,NULL,'2015-12-18 08:20:03'),(2304,'Requirements analysis for a product family of DNA nanodevices',7325,5177,1,NULL,'2015-12-18 08:20:03'),(2305,'Towards dynamic evolution of self-Adaptive systems based on dynamic updating of control loops',7326,5384,1,NULL,'2015-12-18 08:20:03'),(2306,'Goal models as run-time entities in context-aware systems',7327,5577,1,NULL,'2015-12-18 08:20:03'),(2307,'STS-tool: Using commitments to specify socio-technical security requirements',7328,5468,1,NULL,'2015-12-18 08:20:03'),(2308,'Requirements-driven root cause analysis using markov logic networks',7329,5468,1,NULL,'2015-12-18 08:20:03'),(2309,'Uncertainty modeling of self-adaptive software requirement',7330,5385,1,NULL,'2015-12-18 08:20:03'),(2310,'WebREd: A model-driven tool for web requirements specification and optimization',7331,5468,1,NULL,'2015-12-18 08:20:03'),(2311,'A requirements-based approach for the design of adaptive systems',7332,5542,1,NULL,'2015-12-18 08:20:03'),(2312,'Goal-oriented approach to creating class diagrams with OCL constraints',7333,5591,1,NULL,'2015-12-18 08:20:03'),(2313,'Dealing with NFRs for smart-phone applications: A goal-oriented approach',7334,5660,1,NULL,'2015-12-18 08:20:03'),(2314,'Formal goal-oriented development of resilient MAS in Event-B',7335,5468,1,NULL,'2015-12-18 08:20:03'),(2315,'From requirements to implementation of ad-hoc social Web applications: An empirical pattern-based approach',7336,5353,1,NULL,'2015-12-18 08:20:03'),(2316,'Towards a more semantically transparent i*visual syntax',7337,5468,1,NULL,'2015-12-18 08:20:03'),(2317,'Using requirements engineering in an automatic security policy derivation process',7338,5468,1,NULL,'2015-12-18 08:20:03'),(2318,'Capturing process knowledge for multi-channel information systems: A case study',7339,5392,1,NULL,'2015-12-18 08:20:03'),(2319,'Linking strategic innovation to requirements: A look into blue ocean strategy',7340,5254,1,NULL,'2015-12-18 08:20:03'),(2320,'On the joint use of i* with other modelling frameworks: A vision paper',7341,5564,1,NULL,'2015-12-18 08:20:03'),(2321,'A goal oriented approach to identify and configure feature models for software product lines',7342,5142,1,NULL,'2015-12-18 08:20:03'),(2322,'Intentional models based on measurement theory',7343,5253,1,NULL,'2015-12-18 08:20:03'),(2323,'Eight deadly sins of GRL',7344,5253,1,NULL,'2015-12-18 08:20:03'),(2324,'An automatic requirements negotiation approach for business services',7345,5508,1,NULL,'2015-12-18 08:20:03'),(2325,'Requirements comprehension: A controlled experiment on conceptual modeling methods',7346,5486,1,NULL,'2015-12-18 08:20:03'),(2326,'Towards a unified goal-oriented language',7347,5526,1,NULL,'2015-12-18 08:20:03'),(2327,'A formal method for finite relation model based on symbolic logic',7348,5176,1,NULL,'2015-12-18 08:20:03'),(2328,'Using activity theory to develop requirements analysis framework for Collaborative Working Environments',7349,5563,1,NULL,'2015-12-18 08:20:03'),(2329,'Impact analysis of goal-oriented requirements in web engineering',7350,5467,1,NULL,'2015-12-18 08:20:03'),(2330,'Towards a CMMI-compliant goal-oriented software process through model-driven development',7351,5446,1,NULL,'2015-12-18 08:20:03'),(2331,'The quest for know-how, know-why, know-what and know-who: Using KAOS for enterprise modelling',7352,5446,1,NULL,'2015-12-18 08:20:03'),(2332,'A goal-oriented requirements engineering method for business processes',7353,5446,1,NULL,'2015-12-18 08:20:03'),(2333,'A tool to promote prolonged engagement in art therapy: Design and development from arts therapist requirements',7354,5237,1,NULL,'2015-12-18 08:20:03'),(2334,'Visualizing stakeholder concerns with anchored map',7355,5168,1,NULL,'2015-12-18 08:20:03'),(2335,'Goal-oriented requirements modelling for running systems',7356,5164,1,NULL,'2015-12-18 08:20:03'),(2336,'Elicitation of goals in requirements engineering using agile methods',7357,5525,1,NULL,'2015-12-18 08:20:03'),(2337,'Ahab\'s leg: Exploring the issues of communicating semi-formal requirements to the final users',7358,5466,1,NULL,'2015-12-18 08:20:03'),(2338,'A framework for iterative, interactive analysis of agent-goal models in early requirements engineering',7359,5252,1,NULL,'2015-12-18 08:20:03'),(2339,'Leveraging goal models and performance indicators to assess health care information systems',7360,5507,1,NULL,'2015-12-18 08:20:03'),(2340,'On temporally annotating goal models',7361,5252,1,NULL,'2015-12-18 08:20:03'),(2341,'Finding optimal energy-saving operations in Home Network System based on effects between appliances and environment',7362,5205,1,NULL,'2015-12-18 08:20:03'),(2342,'Use of personal values in requirements engineering - A research preview',7363,5466,1,NULL,'2015-12-18 08:20:03'),(2343,'A goal-driven approach for service request modeling',7364,5397,1,NULL,'2015-12-18 08:20:03'),(2344,'Modeling and analysis of laws using BPR and goal-oriented framework',7365,5201,1,NULL,'2015-12-18 08:20:03'),(2345,'Towards validation of requirements models',7366,5466,1,NULL,'2015-12-18 08:20:03'),(2346,'Formal analysis and design for engineering security automated derivation of formal software security specifications from goal-oriented security requirements',7367,5352,1,NULL,'2015-12-18 08:20:03'),(2347,'Towards a unified business strategy language: A meta-model of strategy maps',7368,5445,1,NULL,'2015-12-18 08:20:03'),(2348,'Interactive goal model analysis applied - Systematic procedures versus ad hoc analysis',7369,5445,1,NULL,'2015-12-18 08:20:03'),(2349,'Aspects across software life cycle: A goal-driven approach',7370,5465,1,NULL,'2015-12-18 08:20:03'),(2350,'A unification of the essence of goal-oriented requirements engineering',7371,5202,1,NULL,'2015-12-18 08:20:03'),(2351,'A UML profile for goal-oriented modeling',7372,5465,1,NULL,'2015-12-18 08:20:03'),(2352,'Forensic system verification',7373,5610,1,NULL,'2015-12-18 08:20:03'),(2353,'Towards a classification of requirements relationships',7374,5570,1,NULL,'2015-12-18 08:20:03'),(2354,'Reviewing the use of requirements engineering techniques in the development of multi-agent systems',7375,5465,1,NULL,'2015-12-18 08:20:03'),(2355,'Adapting the i* framework for software product lines',7376,5465,1,NULL,'2015-12-18 08:20:03'),(2356,'AspectKAOS: Integrating early-aspects into KAOS',7377,5551,1,NULL,'2015-12-18 08:20:03'),(2357,'Scenario-based requirements elicitation in a pain-teletreatment application',7378,5322,1,NULL,'2015-12-18 08:20:03'),(2358,'Towards a domain specific language for a goal-oriented approach based on KAOS',7379,5558,1,NULL,'2015-12-18 08:20:03'),(2359,'Designs can talk: A case of feedback for design evolution in assistive technology',7380,5444,1,NULL,'2015-12-18 08:20:03'),(2360,'A legal perspective on business: Modeling the impact of law',7381,5444,1,NULL,'2015-12-18 08:20:03'),(2361,'Extended Kaos to support variability for goal oriented requirements reuse',7382,5250,1,NULL,'2015-12-18 08:20:03'),(2362,'Goal-driven alignment of services and business requirements',7383,5159,1,NULL,'2015-12-18 08:20:03'),(2363,'Managing the alignment between business and software services requirements from a capability model perspective',7384,5464,1,NULL,'2015-12-18 08:20:03'),(2364,'A case study in eliciting scalability requirements',7385,5552,1,NULL,'2015-12-18 08:20:03'),(2365,'Modelling security properties in a Grid-based operating system with anti-goals',7386,5233,1,NULL,'2015-12-18 08:20:03'),(2366,'Proposing a high-level requirements mapping framework for testing implementation compatibility in e-government projects',7387,5597,1,NULL,'2015-12-18 08:20:03'),(2367,'Testing time goal-driven requirements with Model Checking Techniques',7388,5620,1,NULL,'2015-12-18 08:20:03'),(2368,'Molecular defense mechanisms of Barretts metaplasia estimated by an integrative genomics [Modellbasierte Anforderungsanalyse mit AutoRAID]',7389,5355,1,NULL,'2015-12-18 08:20:03'),(2369,'Managing terminological interference in goal models with Repertory Grid',7390,5609,1,NULL,'2015-12-18 08:20:03'),(2370,'Incorporating goal analysis in database design: A case study from biological data management',7391,5642,1,NULL,'2015-12-18 08:20:03'),(2371,'Intelligence and flexibility of learning and knowledge testing environments',7392,5668,1,NULL,'2015-12-18 08:20:03'),(2372,'On goal-oriented COTS taxonomies construction',7393,5451,1,NULL,'2015-12-18 08:20:03'),(2373,'Goal-oriented requirements analysis for process control systems design',7394,5485,1,NULL,'2015-12-18 08:20:03'),(2374,'Goal-oriented idea generation method for requirements elicitation',7395,5606,1,NULL,'2015-12-18 08:20:03'),(2375,'Building formal requirements models for reliable software',7396,5459,1,NULL,'2015-12-18 08:20:03'),(2376,'Dynamic concept model learns optimal policies',7397,5328,1,NULL,'2015-12-18 08:20:03'),(2377,'Software process modelling and metrics: a CASE study',7398,5357,1,NULL,'2015-12-18 08:20:03'),(2378,'From requirements engineering to green requirements engineering',7399,5310,1,NULL,'2015-12-18 08:20:03'),(2379,'Capturing consumer preferences as requirements for software product lines',7400,5633,1,NULL,'2015-12-18 08:20:03'),(2380,'Requirements engineering for the design of conceptual modeling languages',7401,5232,1,NULL,'2015-12-18 08:20:03'),(2381,'Goal-oriented modeling and verification of feature-oriented product lines',7402,5648,1,NULL,'2015-12-18 08:20:03'),(2382,'Uncertainty handling in goal-driven self-optimization - Limiting the negative effect on adaptation',7403,5432,1,NULL,'2015-12-18 08:20:03'),(2383,'Non-functional requirements as qualities, with a spice of ontology',7404,5191,1,NULL,'2015-12-18 08:20:03'),(2384,'Goal-oriented space-time adaptivity for transient dynamics using a modal description of the adjoint solution',7405,5271,1,NULL,'2015-12-18 08:20:03'),(2385,'A distributed agent-based decision support for cloud brokering',7406,5639,1,NULL,'2015-12-18 08:20:03'),(2386,'Using AI to model quality attribute tradeoffs',7407,5189,1,NULL,'2015-12-18 08:20:03'),(2387,'MASG: Advanced misuse case analysis model with assets and security goals',7408,5420,1,NULL,'2015-12-18 08:20:03'),(2388,'Identifying modularity improvement opportunities in goal-oriented requirements models',7409,5470,1,NULL,'2015-12-18 08:20:03'),(2389,'Legal Goal-Oriented Requirement Language (Legal GRL) for modeling regulations',7410,5203,1,NULL,'2015-12-18 08:20:03'),(2390,'A CSCW Requirements Engineering CASE Tool: Development and usability evaluation',7411,5363,1,NULL,'2015-12-18 08:20:03'),(2391,'Transformation approach from KAOS goal models to BPMN models using refinement patterns',7412,5593,1,NULL,'2015-12-18 08:20:03'),(2392,'Goal modeling for sustainability: The case of time',7413,5192,1,NULL,'2015-12-18 08:20:03'),(2393,'Goal-oriented compliance with multiple regulations',7414,5191,1,NULL,'2015-12-18 08:20:03'),(2394,'Understandability of goal-oriented requirements engineering concepts for enterprise architects',7415,5470,1,NULL,'2015-12-18 08:20:03'),(2395,'Implementation decision making for internetware driven by quality requirements',7416,5640,1,NULL,'2015-12-18 08:20:03'),(2396,'Goal oriented adaptivity in the IRGNM for parameter identification in PDEs: II. all-at-once formulations',7417,5405,1,NULL,'2015-12-18 08:20:03'),(2397,'Integrating security patterns with security requirements analysis using contextual goal models',7418,5449,1,NULL,'2015-12-18 08:20:03'),(2398,'Supporting early decision-making in the presence of uncertainty',7419,5191,1,NULL,'2015-12-18 08:20:03'),(2399,'Specifying and reasoning over socio-technical security requirements with STS-tool',7420,5469,1,NULL,'2015-12-18 08:20:03'),(2400,'Towards services discovery based on service goal extraction and recommendation',7421,5515,1,NULL,'2015-12-18 08:20:03'),(2401,'A probabilistic framework for task-oriented grasp stability assessment',7422,5517,1,NULL,'2015-12-18 08:20:03'),(2402,'Composing goal and scenario models with the aspect-oriented user requirements notation based on syntax and semantics',7423,5236,1,NULL,'2015-12-18 08:20:03'),(2403,'Implementing personalized energy visualization service in home network system',7424,5647,1,NULL,'2015-12-18 08:20:03'),(2404,'Combining goal-oriented and problem-oriented requirements engineering methods',7425,5469,1,NULL,'2015-12-18 08:20:03'),(2405,'Variability evolution and erosion in industrial product lines - A case study',7426,5216,1,NULL,'2015-12-18 08:20:03'),(2406,'A framework to evaluate complexity and completeness of KAOS goal models',7427,5469,1,NULL,'2015-12-18 08:20:03'),(2407,'An approach for e-Service design using enterprise models',7428,5307,1,NULL,'2015-12-18 08:20:03'),(2408,'Enhancing goal-oriented security requirements analysis using common criteria-based knowledge',7429,5402,1,NULL,'2015-12-18 08:20:03'),(2409,'AspectQuery: A method for identification of crosscutting concerns in the requirement phase',7430,5348,1,NULL,'2015-12-18 08:20:03'),(2410,'GRL model validation: A statistical approach',7431,5469,1,NULL,'2015-12-18 08:20:03'),(2411,'An approach to specify and analyze goal model families',7432,5469,1,NULL,'2015-12-18 08:20:03'),(2412,'A fuzzy based approach for requirements prioritization in goal oriented requirements elicitation process',7433,5616,1,NULL,'2015-12-18 08:20:03'),(2413,'Transforming regulations into performance models in the context of reasoning for outcome-based compliance',7434,5187,1,NULL,'2015-12-18 08:20:03'),(2414,'Tracing the interdependencies between architecture and organization in goal-oriented extensible models',7435,5498,1,NULL,'2015-12-18 08:20:03'),(2415,'Regulation-based dimensional modeling for regulatory intelligence',7436,5187,1,NULL,'2015-12-18 08:20:03'),(2416,'Qualitative vs. quantitative contribution labels in goal models: Setting an experimental agenda',7437,5255,1,NULL,'2015-12-18 08:20:03'),(2417,'Ensuring consistency among business goals and business process models',7438,5520,1,NULL,'2015-12-18 08:20:03'),(2418,'Non-functional requirements revisited',7439,5255,1,NULL,'2015-12-18 08:20:03'),(2419,'Practical applications of i* in industry: The state of the art',7440,5182,1,NULL,'2015-12-18 08:20:03'),(2420,'STS-Tool: Specifying and reasoning over socio-technical security requirements',7441,5255,1,NULL,'2015-12-18 08:20:03'),(2421,'A goal model elaboration for localizing changes in software evolution',7442,5182,1,NULL,'2015-12-18 08:20:03'),(2422,'Intentional fragments: Bridging the gap between organizational and intentional levels in business processes',7443,5468,1,NULL,'2015-12-18 08:20:03'),(2423,'A decision-making ontology for analytical requirements elicitation',7444,5274,1,NULL,'2015-12-18 08:20:03'),(2424,'On the use of goal-oriented methodology for designing agriculture services in developing countries',7445,5615,1,NULL,'2015-12-18 08:20:03'),(2425,'Designing semantic game worlds',7446,5200,1,NULL,'2015-12-18 08:20:03'),(2426,'Towards model-driven game engineering for serious educational games: Tailored use cases for game requirements',7447,5545,1,NULL,'2015-12-18 08:20:03'),(2427,'Where did the requirements come from? A retrospective case study',7448,5468,1,NULL,'2015-12-18 08:20:03'),(2428,'An ontological pivot model to interoperate heterogeneous user requirements',7449,5468,1,NULL,'2015-12-18 08:20:03'),(2429,'Capturing and aligning assurance requirements for business services systems',7450,5468,1,NULL,'2015-12-18 08:20:03'),(2430,'An integrated framework for system/software requirements development aligning with business motivations',7451,5496,1,NULL,'2015-12-18 08:20:03'),(2431,'Dealing with dependencies among functional and non-functional requirements for impact analysis in web engineering',7452,5468,1,NULL,'2015-12-18 08:20:03'),(2432,'Impact analysis on an attributed goal graph',7453,5351,1,NULL,'2015-12-18 08:20:03'),(2433,'From intentions to code: Exploring the life of user goals in two web-based systems',7454,5353,1,NULL,'2015-12-18 08:20:03'),(2434,'Using RELAX, SysML and KAOS for ambient systems requirements modeling',7455,5480,1,NULL,'2015-12-18 08:20:03'),(2435,'Optimizing monitoring requirements in self-adaptive systems',7456,5447,1,NULL,'2015-12-18 08:20:03'),(2436,'Towards the strategic analysis of agile practices',7457,5253,1,NULL,'2015-12-18 08:20:03'),(2437,'Measuring architectural adaptability in i models',7458,5141,1,NULL,'2015-12-18 08:20:03'),(2438,'Towards a declarative, constraint-oriented semantics with a generic evaluation algorithm for GRL',7459,5253,1,NULL,'2015-12-18 08:20:03'),(2439,'Goals and scenarios for requirements engineering of software product lines',7460,5253,1,NULL,'2015-12-18 08:20:03'),(2440,'The mysteries of goal decomposition',7461,5253,1,NULL,'2015-12-18 08:20:03'),(2441,'Goal oriented requirements engineering-A review',7462,5621,1,NULL,'2015-12-18 08:20:03'),(2442,'A modularization proposal for goal-oriented analysis of data warehouses using I-star',7463,5467,1,NULL,'2015-12-18 08:20:03'),(2443,'An evaluation of the goal-oriented approaches for modelling strategic alignment concept',7464,5529,1,NULL,'2015-12-18 08:20:03'),(2444,'Towards anticipating requirements changes through studies of the future',7465,5529,1,NULL,'2015-12-18 08:20:03'),(2445,'Data warehouse design with goal-oriented requirements language',7466,5226,1,NULL,'2015-12-18 08:20:03'),(2446,'Matching user requirements with query formulations in intentional service oriented computing',7467,5526,1,NULL,'2015-12-18 08:20:03'),(2447,'Characterizing the implementation of software non-functional requirements from probabilistic perspective',7468,5526,1,NULL,'2015-12-18 08:20:03'),(2448,'Automatic derivation of utility functions for monitoring software requirements',7469,5467,1,NULL,'2015-12-18 08:20:03'),(2449,'Interactive social TV on service oriented environments: Challenges and enablers',7470,5492,1,NULL,'2015-12-18 08:20:03'),(2450,'Bridging enterprise architecture requirements to archimate',7471,5659,1,NULL,'2015-12-18 08:20:03'),(2451,'IMPULSE: A design framework for multi-agent systems based on model transformation',7472,5590,1,NULL,'2015-12-18 08:20:03'),(2452,'The aspect-oriented user requirements notation: Aspects, goals, and scenarios',7473,5547,1,NULL,'2015-12-18 08:20:03'),(2453,'Goal-ontology approach for modeling and designing ETL processes',7474,5479,1,NULL,'2015-12-18 08:20:03'),(2454,'Run-time monitoring of system performance: A goal-oriented and system architecture simulation approach',7475,5164,1,NULL,'2015-12-18 08:20:03'),(2455,'The assessment of knowledge requirements in a network of goal oriented organization',7476,5288,1,NULL,'2015-12-18 08:20:03'),(2456,'Collecting quality requirements using quality models and goals',7477,5507,1,NULL,'2015-12-18 08:20:03'),(2457,'Using i* meta modeling for verifying i* models',7478,5252,1,NULL,'2015-12-18 08:20:03'),(2458,'Goal-based domain modeling as a basis for cross-disciplinary systems engineering',7479,5379,1,NULL,'2015-12-18 08:20:03'),(2459,'Using goals to model strategy map for business IT alignment',7480,5252,1,NULL,'2015-12-18 08:20:03'),(2460,'Extended KAOS method to model variability in requirements',7481,5263,1,NULL,'2015-12-18 08:20:03'),(2461,'Situational evaluation of method fragments: An evidence-based goal-oriented approach',7482,5466,1,NULL,'2015-12-18 08:20:03'),(2462,'On the use of the Goal-Oriented paradigm for system design and law compliance reasoning',7483,5252,1,NULL,'2015-12-18 08:20:03'),(2463,'Multifaceted classification of websites for goal oriented requirement engineering',7484,5263,1,NULL,'2015-12-18 08:20:03'),(2464,'Policy-enabled goal-oriented requirements engineering for semantic business process management',7485,5397,1,NULL,'2015-12-18 08:20:03'),(2465,'Goal-based self-contextualization',7486,5251,1,NULL,'2015-12-18 08:20:03'),(2466,'Semantic warehousing of diverse biomedical information',7487,5465,1,NULL,'2015-12-18 08:20:03'),(2467,'A domain specific language for the I* framework',7488,5317,1,NULL,'2015-12-18 08:20:03'),(2468,'Requirements modelling and evaluation for digital preservation: A COTS selection method based on controlled experimentation',7489,5588,1,NULL,'2015-12-18 08:20:03'),(2469,'Towards a framework for improving goal-oriented requirement models quality',7490,5548,1,NULL,'2015-12-18 08:20:03'),(2470,'Aligning goal-oriented requirements engineering and model-driven development',7491,5317,1,NULL,'2015-12-18 08:20:03'),(2471,'Agile development: Issues and avenues requiring a substantial enhancement of the business perspective in large projects',7492,5213,1,NULL,'2015-12-18 08:20:03'),(2472,'Embodied organisations in MAS environments',7493,5465,1,NULL,'2015-12-18 08:20:03'),(2473,'Modeling explicit and implicit service request for intelligent interface design',7494,5614,1,NULL,'2015-12-18 08:20:03'),(2474,'Dealing with complexity using conceptual models based on tropos',7495,5465,1,NULL,'2015-12-18 08:20:03'),(2475,'Stakeho der appropriate requirement development approach',7496,5163,1,NULL,'2015-12-18 08:20:03'),(2476,'Modeling method of enterprise goals based on meta-models and multiple views',7497,5670,1,NULL,'2015-12-18 08:20:03'),(2477,'Operational semantics of goal models in adaptive agents',7498,5618,1,NULL,'2015-12-18 08:20:03'),(2478,'Goal-directed modeling of self-adaptive software architecture',7499,5444,1,NULL,'2015-12-18 08:20:03'),(2479,'GAOOLE: A gaia design of agent-based online collaborative learning environment',7500,5206,1,NULL,'2015-12-18 08:20:03'),(2480,'Problem frames and business strategy modelling',7501,5538,1,NULL,'2015-12-18 08:20:03'),(2481,'Integrated model-driven development of goal-oriented data warehouses and data marts',7502,5464,1,NULL,'2015-12-18 08:20:03'),(2482,'Software controlling: Quality-related project controlling [Software controlling]',7503,5356,1,NULL,'2015-12-18 08:20:03'),(2483,'Evaluation of agent oriented requirements engineering frameworks',7504,5527,1,NULL,'2015-12-18 08:20:03'),(2484,'Improving the understand ability of i* models',7505,5316,1,NULL,'2015-12-18 08:20:03'),(2485,'Towards engineering purposeful systems: A requirements engineering perspective',7506,5464,1,NULL,'2015-12-18 08:20:03'),(2486,'RED-transaction and goal-model based analysis of layered security of physical spaces',7507,5523,1,NULL,'2015-12-18 08:20:03'),(2487,'Data prefetching driven by user preference and global coordination for mobile environments',7508,5504,1,NULL,'2015-12-18 08:20:03'),(2488,'Function-based reasoning for goal-oriented image segmentation',7509,5464,1,NULL,'2015-12-18 08:20:03'),(2489,'Requirement analysis method based on three-dimensional classification approach of goal modeling',7510,5669,1,NULL,'2015-12-18 08:20:03'),(2490,'Attributed goal-oriented analysis method for selecting alternatives of software requirements',7511,5347,1,NULL,'2015-12-18 08:20:03'),(2491,'Goal reasoning with context record types',7512,5463,1,NULL,'2015-12-18 08:20:03'),(2492,'I2MAP: An incremental and iterative modeling and analysis process',7513,5463,1,NULL,'2015-12-18 08:20:03'),(2493,'Security requirements for civil aviation with UML and goal orientation',7514,5463,1,NULL,'2015-12-18 08:20:03'),(2494,'Goal-oriented development of BDI agents: The PRACTIONIST approach',7515,5487,1,NULL,'2015-12-18 08:20:03'),(2495,'Leveraging conceptual models of trust in automated systems to promote \'appropriate trust\' in autonomic systems',7516,5332,1,NULL,'2015-12-18 08:20:03'),(2496,'An agile technique for agent based goal refinement to elicit soft goals in goal oriented requirements engineering',7517,5550,1,NULL,'2015-12-18 08:20:03'),(2497,'A controlled experiment to investigate the effect of \'process patterns\' on the quality of requirement analysis',7518,5152,1,NULL,'2015-12-18 08:20:03'),(2498,'Reasoning about goals in BDI agents: The PRACTIONIST framework',7519,5249,1,NULL,'2015-12-18 08:20:03'),(2499,'A goal-oriented approach for safety requirements specification',7520,5619,1,NULL,'2015-12-18 08:20:03'),(2500,'Justifying goal models',7521,5609,1,NULL,'2015-12-18 08:20:03'),(2501,'Eliciting non-functional requirements interactions using the Personal Construct Theory',7522,5609,1,NULL,'2015-12-18 08:20:03'),(2502,'Toward component non-functional interoperability analysis: A UML-based and goal-oriented approach',7523,5554,1,NULL,'2015-12-18 08:20:03'),(2503,'Goal-oriented modeling of requirements engineering for Dynamically Adaptive Systems',7524,5609,1,NULL,'2015-12-18 08:20:03'),(2504,'REDEPEND: Extending i* modelling into requirements processes',7525,5609,1,NULL,'2015-12-18 08:20:03'),(2505,'Performance measurement',7526,5663,1,NULL,'2015-12-18 08:20:03'),(2506,'Shaping requirements for institutional web applications: Experience from an industrial project',7527,5608,1,NULL,'2015-12-18 08:20:03'),(2507,'Frameworks for model-driven software architecture',7528,5451,1,NULL,'2015-12-18 08:20:03'),(2508,'A systematic approach to express IS evolution requirements using gap modelling and similarity modelling techniques',7529,5453,1,NULL,'2015-12-18 08:20:03'),(2509,'A method to develop feasible requirements for java mobile code application',7530,5349,1,NULL,'2015-12-18 08:20:03'),(2510,'Reasoning with goals to engineer requirements',7531,5315,1,NULL,'2015-12-18 08:20:03'),(2511,'Goal-oriented requirements specification for digital libraries',7532,5460,1,NULL,'2015-12-18 08:20:03'),(2512,'Requirements engineering-applying theory to reality',7533,5605,1,NULL,'2015-12-18 08:20:03'),(2513,'Addressing performance requirements using a goal and scenario-oriented approach',7534,5460,1,NULL,'2015-12-18 08:20:03'),(2514,'A fast, certified and \"tuning free\" two-field reduced basis method for the metamodelling of affinely-parametrised elasticity problems',7535,5275,1,NULL,'2015-12-18 08:20:03'),(2515,'A taxonomy of software’s non-functional requirements',7536,5229,1,NULL,'2015-12-18 08:20:03'),(2516,'Design knowledge representation to support personalised additive manufacturing',7537,5662,1,NULL,'2015-12-18 08:20:03'),(2517,'Metrics for measuring complexity and completeness for social goal models',7538,5369,1,NULL,'2015-12-18 08:20:03'),(2518,'GoBIS: An integrated framework to analyse the goal and business process perspectives in information systems',7539,5369,1,NULL,'2015-12-18 08:20:03'),(2519,'Modelling Fine-Grained Access Control Policies in Grids',7540,5419,1,NULL,'2015-12-18 08:20:03'),(2520,'Capturing autonomy features for unmanned spacecraft with ARE, the autonomy requirements engineering approach',7541,5376,1,NULL,'2015-12-18 08:20:03'),(2521,'Mining Software Logs for Goal-Driven Root Cause Analysis',7542,5661,1,NULL,'2015-12-18 08:20:03'),(2522,'Engineering requirements for adaptive systems',7543,5635,1,NULL,'2015-12-18 08:20:03'),(2523,'Ontology-based automated support for goal–use case model analysis',7544,5655,1,NULL,'2015-12-18 08:20:03'),(2524,'Rationalism with a dose of empiricism: Combining goal reasoning and case-based reasoning for self-adaptive software systems',7545,5633,1,NULL,'2015-12-18 08:20:03'),(2525,'Automating trade-off analysis of security requirements',7546,5635,1,NULL,'2015-12-18 08:20:03'),(2526,'Using GORE in data warehouse: A systematic mapping study',7547,5330,1,NULL,'2015-12-18 08:20:03'),(2527,'An empirical approach toward the resolution of conflicts in goal-oriented models',7548,5651,1,NULL,'2015-12-18 08:20:03'),(2528,'A questionnaire-based survey methodology for systematically validating goal-oriented models',7549,5635,1,NULL,'2015-12-18 08:20:03'),(2529,'Using goal models downstream: A systematic roadmap and literature review',7550,5393,1,NULL,'2015-12-18 08:20:03'),(2530,'On the learnability of i∗: Experiences from a new teacher',7551,5257,1,NULL,'2015-12-18 08:20:03'),(2531,'A goal-oriented approach for representing and using design patterns',7552,5433,1,NULL,'2015-12-18 08:20:03'),(2532,'Requirements-driven self-optimization of composite services using feedback control',7553,5338,1,NULL,'2015-12-18 08:20:03'),(2533,'A goal-based approach for automated specification of Information Quality policies',7554,5533,1,NULL,'2015-12-18 08:20:03'),(2534,'Dealing with information quality requirements',7555,5450,1,NULL,'2015-12-18 08:20:03'),(2535,'Using intentional fragments to bridge the gap between organizational and intentional levels',7556,5364,1,NULL,'2015-12-18 08:20:03'),(2536,'Mapping and usage of know-how contributions',7557,5450,1,NULL,'2015-12-18 08:20:03'),(2537,'A software project risk analysis tool using software development goal modeling approach',7558,5228,1,NULL,'2015-12-18 08:20:03'),(2538,'On the behavior of context-sensitive systems',7559,5260,1,NULL,'2015-12-18 08:20:03'),(2539,'Quality-based bottom-up design of reference architecture applied to Healthcare Integrated Information Systems',7560,5533,1,NULL,'2015-12-18 08:20:03'),(2540,'Handling regulatory goal model families as software product lines',7561,5471,1,NULL,'2015-12-18 08:20:03'),(2541,'Formalization of the i∗ mapping rules for class diagram',7562,5257,1,NULL,'2015-12-18 08:20:03'),(2542,'A textual syntax with tool support for the goal-oriented requirement language',7563,5257,1,NULL,'2015-12-18 08:20:03'),(2543,'Combining models, diagrams and tables for efficient requirements engineering: Lessons learned from the industry',7564,5224,1,NULL,'2015-12-18 08:20:03'),(2544,'Towards intelligence engineering in agent-based systems',7565,5381,1,NULL,'2015-12-18 08:20:03'),(2545,'Creativity and conceptual modeling for requirements engineering',7566,5257,1,NULL,'2015-12-18 08:20:03'),(2546,'Specifying guidelines to transform i∗ model into user stories: An overview',7567,5257,1,NULL,'2015-12-18 08:20:03'),(2547,'Observational studies of new i∗ users: Challenges and recommendations',7568,5257,1,NULL,'2015-12-18 08:20:03'),(2548,'Model-based generation of a requirements monitor',7569,5257,1,NULL,'2015-12-18 08:20:03'),(2549,'Goal modeling education with GRL: Experience report',7570,5257,1,NULL,'2015-12-18 08:20:03'),(2550,'Designing adaptive systems',7571,5257,1,NULL,'2015-12-18 08:20:03'),(2551,'Modeling the monitoring and adaptation of context-sensitive systems',7572,5257,1,NULL,'2015-12-18 08:20:03'),(2552,'Understanding human goal setting as a means for supporting goal oriented requirements engineering',7573,5268,1,NULL,'2015-12-18 08:20:03'),(2553,'Synergy between Activity Theory and goal/scenario modeling for requirements elicitation, analysis, and evolution',7574,5364,1,NULL,'2015-12-18 08:20:03'),(2554,'Partial selection of agile software requirements',7575,5401,1,NULL,'2015-12-18 08:20:03'),(2555,'Using i∗ for transformational creativity in requirements engineering',7576,5257,1,NULL,'2015-12-18 08:20:03'),(2556,'A controlled experiment to evaluate the understandability of KAOS and i∗ for modeling Teleo-Reactive systems',7577,5433,1,NULL,'2015-12-18 08:20:03'),(2557,'A complete approach for CIM modelling and model formalising',7578,5364,1,NULL,'2015-12-18 08:20:03'),(2558,'Implementing GPI, a language for organizational alignment',7579,5257,1,NULL,'2015-12-18 08:20:03'),(2559,'In the quantitative automata zoo',7580,5641,1,NULL,'2015-12-18 08:20:03'),(2560,'Modeling and reasoning about information quality requirements in business processes',7581,5450,1,NULL,'2015-12-18 08:20:03'),(2561,'Modeling and verification of Functional and Non-Functional Requirements of ambient Self-Adaptive Systems',7582,5433,1,NULL,'2015-12-18 08:20:03'),(2562,'GRL for representing the sustainability reference model',7583,5257,1,NULL,'2015-12-18 08:20:03'),(2563,'From unknown to known impacts of organizational changes on Socio-technical Systems',7584,5257,1,NULL,'2015-12-18 08:20:03'),(2564,'Supporting creative RE with i∗',7585,5257,1,NULL,'2015-12-18 08:20:03'),(2565,'A holistic approach to security attack modeling and analysis',7586,5257,1,NULL,'2015-12-18 08:20:03'),(2566,'Making Means-End-Maps workable for recommending teaching methods',7587,5257,1,NULL,'2015-12-18 08:20:03'),(2567,'Children designing playful interactivity; Theories of play and childhood coming into the game design space',7588,5283,1,NULL,'2015-12-18 08:20:03'),(2568,'Using obstacles for systematically modeling, analysing, and mitigating risks in cloud adoption',7589,5261,1,NULL,'2015-12-18 08:20:03'),(2569,'NLP-KAOS for systems goal elicitation: Smart metering system case study',7590,5343,1,NULL,'2015-12-18 08:20:03'),(2570,'A dynamically reconfigurable system for closed-loop measurements of network traffic',7591,5336,1,NULL,'2015-12-18 08:20:03'),(2571,'Automated completeness check in KAOS',7592,5470,1,NULL,'2015-12-18 08:20:03'),(2572,'A holistic approach to feature modeling for product line requirements engineering',7593,5632,1,NULL,'2015-12-18 08:20:03'),(2573,'Social team characteristics and architectural decisions: A goal-oriented approach',7594,5256,1,NULL,'2015-12-18 08:20:03'),(2574,'A prototype tool for modeling and analyzing security requirements from a holistic viewpoint',7595,5256,1,NULL,'2015-12-18 08:20:03'),(2575,'Goal-oriented requirements for ACDT algorithms',7596,5454,1,NULL,'2015-12-18 08:20:03'),(2576,'Goals and compliance in Nòmos 3',7597,5256,1,NULL,'2015-12-18 08:20:03'),(2577,'Creating quantitative goal models: Governmental experience',7598,5470,1,NULL,'2015-12-18 08:20:03'),(2578,'From intentions to decisions: Understanding stakeholders\' objectives in Software Product Line configuration',7599,5617,1,NULL,'2015-12-18 08:20:03'),(2579,'A solution proposal for complex web application modeling with the i-star framework',7600,5470,1,NULL,'2015-12-18 08:20:03'),(2580,'A principle-based goal-oriented requirements language (GRL) for Enterprise Architecture',7601,5256,1,NULL,'2015-12-18 08:20:03'),(2581,'An OMG-based meta-framework for alignment of IS/IT architecture with business models',7602,5499,1,NULL,'2015-12-18 08:20:03'),(2582,'Customization of service-oriented domain models using SWRL',7603,5500,1,NULL,'2015-12-18 08:20:03'),(2583,'Modeling the impact of non-functional requirements on functional requirements',7604,5470,1,NULL,'2015-12-18 08:20:03'),(2584,'KPIs and their properties defined with the EXTREME method',7605,5449,1,NULL,'2015-12-18 08:20:03'),(2585,'Understandability of goal concepts by requirements engineering experts',7606,5470,1,NULL,'2015-12-18 08:20:03'),(2586,'A goal-oriented analysis to guide the development of a user feedback ontology',7607,5256,1,NULL,'2015-12-18 08:20:03'),(2587,'Using intentional modeling to discover the user preferences in existing software systems',7608,5256,1,NULL,'2015-12-18 08:20:03'),(2588,'Integrating the goal and business process perspectives in information system analysis',7609,5470,1,NULL,'2015-12-18 08:20:03'),(2589,'Combined goal and feature model reasoning with the User Requirements Notation and jUCMNav',7610,5191,1,NULL,'2015-12-18 08:20:03'),(2590,'GUITAR: An ontology-based automated requirements analysis tool',7611,5191,1,NULL,'2015-12-18 08:20:03'),(2591,'Applying knowledge representation and reasoning to (simple) goal models',7612,5189,1,NULL,'2015-12-18 08:20:03'),(2592,'STS-tool: Security requirements engineering for socio-technical systems',7613,5454,1,NULL,'2015-12-18 08:20:03'),(2593,'Modeling and applying security patterns using contextual goal models',7614,5256,1,NULL,'2015-12-18 08:20:03'),(2594,'Modeling and Specifying Parametric Adaptation Mechanism for Self-Adaptive Systems',7615,5267,1,NULL,'2015-12-18 08:20:03'),(2595,'Taking goal models downstream: A systematic roadmap',7616,5532,1,NULL,'2015-12-18 08:20:03'),(2596,'Threats management throughout the software service life-cycle',7617,5293,1,NULL,'2015-12-18 08:20:03'),(2597,'Context transformations for goal models',7618,5192,1,NULL,'2015-12-18 08:20:03'),(2598,'Measurement of actor external dependencies in GRL models',7619,5256,1,NULL,'2015-12-18 08:20:03'),(2599,'Modelling and analysing contextual failures for dependability requirements',7620,5208,1,NULL,'2015-12-18 08:20:03'),(2600,'Analyzing engineering contributions using a specialized concept map',7621,5256,1,NULL,'2015-12-18 08:20:03'),(2601,'Systematic elaboration of compliance requirements using compliance debt and portfolio theory',7622,5470,1,NULL,'2015-12-18 08:20:03'),(2602,'Information systems for the governance of compliant service systems',7623,5470,1,NULL,'2015-12-18 08:20:03'),(2603,'Modeling the requirements for big data application using goal oriented approach',7624,5543,1,NULL,'2015-12-18 08:20:03'),(2604,'Stakeholder identification method in goal oriented requirements elicitation process',7625,5193,1,NULL,'2015-12-18 08:20:03'),(2605,'Towards a framework for context-aware mobile information systems',7626,5481,1,NULL,'2015-12-18 08:20:03'),(2606,'A novel goal oriented concept for situation representation for ADAS and automated driving',7627,5188,1,NULL,'2015-12-18 08:20:03'),(2607,'Integrating exception handling in goal models',7628,5191,1,NULL,'2015-12-18 08:20:03'),(2608,'Quality measures for ETL processes',7629,5470,1,NULL,'2015-12-18 08:20:03'),(2609,'Goal-oriented monitoring adaptation: Methodology and patterns',7630,5470,1,NULL,'2015-12-18 08:20:03'),(2610,'Validation of user intentions in process orchestration and choreography',7631,5368,1,NULL,'2015-12-18 08:20:03'),(2611,'A Study on the OR Decomposition of Goal-Oriented Analysis Using GSN',7632,5267,1,NULL,'2015-12-18 08:20:03'),(2612,'Creative strategic scenarios for preparation to requirements evolution',7633,5191,1,NULL,'2015-12-18 08:20:03'),(2613,'An IT-driven business model design methodology and its evaluation',7634,5190,1,NULL,'2015-12-18 08:20:03'),(2614,'Making a decision about importance analysis and prioritization of use cases through comparison the analytic hierarchy process (AHP) with use case point (UCP) technique',7635,5400,1,NULL,'2015-12-18 08:20:03'),(2615,'From needs to services: Delivering personalized water assurance services in Urban Africa',7636,5470,1,NULL,'2015-12-18 08:20:03'),(2616,'Cloud adoption: Prioritizing obstacles and obstacles resolution tactics using AHP',7637,5593,1,NULL,'2015-12-18 08:20:03'),(2617,'Automated extraction and visualization of quality concerns from requirements specifications',7638,5191,1,NULL,'2015-12-18 08:20:03'),(2618,'Task specification and reasoning in dynamically altered contexts',7639,5470,1,NULL,'2015-12-18 08:20:03'),(2619,'Exploring alternative designs for sociotechnical systems',7640,5532,1,NULL,'2015-12-18 08:20:03'),(2620,'A new proposal for the integration of key performance indicators to requirements elicitation process originating from organization goals',7641,5543,1,NULL,'2015-12-18 08:20:03'),(2621,'Evaluating modeling languages: An example from the requirements domain',7642,5470,1,NULL,'2015-12-18 08:20:03'),(2622,'CSRML4BI: A goal-oriented requirements approach for collaborative business intelligence',7643,5470,1,NULL,'2015-12-18 08:20:03'),(2623,'Combined propagation-based reasoning with goal and feature models',7644,5192,1,NULL,'2015-12-18 08:20:03'),(2624,'Goal-driven composition of business process models',7645,5470,1,NULL,'2015-12-18 08:20:03'),(2625,'Security requirements engineering with STS-tool',7646,5454,1,NULL,'2015-12-18 08:20:03'),(2626,'Supporting sustainability decisions in large organisations',7647,5325,1,NULL,'2015-12-18 08:20:03'),(2627,'A case study in Stakeholder-oriented goal-modeling framework',7648,5611,1,NULL,'2015-12-18 08:20:03'),(2628,'Automated requirements analysis for a molecular watchdog timer',7649,5234,1,NULL,'2015-12-18 08:20:03'),(2629,'Using goal net to model user stories in agile software development',7650,5194,1,NULL,'2015-12-18 08:20:03'),(2630,'A method to risk analysis in requirement engineering through optimized goal selection tropos goal layer',7651,5436,1,NULL,'2015-12-18 08:20:03'),(2631,'Linguistic consistency of goal models',7652,5449,1,NULL,'2015-12-18 08:20:03'),(2632,'Strategy-guided requirements development and validation',7653,5194,1,NULL,'2015-12-18 08:20:03'),(2633,'Towards actionable business intelligence: can system dynamics help?',7654,5449,1,NULL,'2015-12-18 08:20:03'),(2634,'Exploring domain requirements and technology solutions: A goal modeling approach',7655,5256,1,NULL,'2015-12-18 08:20:03'),(2635,'Requirements-driven deployment: Customizing the requirements model for the host environment',7656,5650,1,NULL,'2015-12-18 08:20:03'),(2636,'A goal-oriented requirements engineering approach for the ambient assisted living domain',7657,5217,1,NULL,'2015-12-18 08:20:03'),(2637,'The experience of using ERi*c in a Telecom Corporation',7658,5256,1,NULL,'2015-12-18 08:20:03'),(2638,'GoalDAG – Archimate integration',7659,5262,1,NULL,'2015-12-18 08:20:03'),(2639,'Goal-Oriented requirements analysis using goal accumulation RDF graph',7660,5319,1,NULL,'2015-12-18 08:20:03'),(2640,'A framework for a business intelligence-enabled adaptive enterprise architecture',7661,5470,1,NULL,'2015-12-18 08:20:03'),(2641,'A modeling method to develop goal-oriented adaptive agents in modeling and simulation for smart grids',7662,5199,1,NULL,'2015-12-18 08:20:03'),(2642,'42 variability bugs in the Linux kernel: A qualitative analysis',7663,5234,1,NULL,'2015-12-18 08:20:03'),(2643,'Mastering concept exploration in large industrial research projects',7664,5256,1,NULL,'2015-12-18 08:20:03'),(2644,'Bridging users\' values and requirements to architecture',7665,5186,1,NULL,'2015-12-18 08:20:03'),(2645,'Analyzing the use of an enterprise model as a stakeholder requirements model: An experiment',7666,5259,1,NULL,'2015-12-18 08:20:03'),(2646,'Goal-oriented requirements analysis and an extended design pattern using scala for artificial intelligence programming contests',7667,5184,1,NULL,'2015-12-18 08:20:03'),(2647,'From GMoDS models to object-oriented specifications in Event-B',7668,5181,1,NULL,'2015-12-18 08:20:03'),(2648,'Goal oriented techniques and methods: Goal refinement and levels of abstraction',7669,5567,1,NULL,'2015-12-18 08:20:03'),(2649,'Modeling and reasoning with decision-theoretic goals',7670,5469,1,NULL,'2015-12-18 08:20:03'),(2650,'Goal-based business service composition',7671,5643,1,NULL,'2015-12-18 08:20:03'),(2651,'Representing and elaborating quality requirements: The QRA approach',7672,5469,1,NULL,'2015-12-18 08:20:03'),(2652,'Efficient, unified, and intelligent user requirement collection and analysis in global enterprises',7673,5216,1,NULL,'2015-12-18 08:20:03'),(2653,'Requirements-driven software service evolution',7674,5469,1,NULL,'2015-12-18 08:20:03'),(2654,'A business goals centric method for automatic DW design from UML models',7675,5324,1,NULL,'2015-12-18 08:20:03'),(2655,'A case study on the construction of application ontologies',7676,5566,1,NULL,'2015-12-18 08:20:03'),(2656,'Reasoning about dynamic aspectual requirements',7677,5236,1,NULL,'2015-12-18 08:20:03'),(2657,'Aspect-oriented goal modeling and composition with AOV-graph',7678,5236,1,NULL,'2015-12-18 08:20:03'),(2658,'Generating goal-oriented models from creative requirements using model driven engineering',7679,5185,1,NULL,'2015-12-18 08:20:03'),(2659,'Requirements for a modeling language to specify and match business process improvement patterns',7680,5185,1,NULL,'2015-12-18 08:20:03'),(2660,'Verification of requirements extraction and prioritization based on goal oriented use case approach by using use case points',7681,5399,1,NULL,'2015-12-18 08:20:03'),(2661,'Runtime goal models: Keynote',7682,5531,1,NULL,'2015-12-18 08:20:03'),(2662,'Using goals and customizable services to improve adaptability of process-based service compositions',7683,5531,1,NULL,'2015-12-18 08:20:03'),(2663,'Goal formalization and classification for requirements engineering, fifteen years later',7684,5531,1,NULL,'2015-12-18 08:20:03'),(2664,'An overview of a SysML extension for goal-oriented NFR modelling: Poster paper',7685,5531,1,NULL,'2015-12-18 08:20:03'),(2665,'Multilevel interaction model for hierarchical tasks in information visualization',7686,5216,1,NULL,'2015-12-18 08:20:03'),(2666,'Goal-oriented conceptual modeling and consistency checking for C4ISR system effectiveness analysis',7687,5671,1,NULL,'2015-12-18 08:20:03'),(2667,'Autonomy requirements engineering: A case study on the BepiColombo mission',7688,5216,1,NULL,'2015-12-18 08:20:03'),(2668,'Towards an ontological interpretation on the i*modeling language extended with security concepts: A bunge-wand-weber model perspective',7689,5469,1,NULL,'2015-12-18 08:20:03'),(2669,'Modelling situation awareness information and system requirements for the mission using goal-oriented task analysis approach',7690,5652,1,NULL,'2015-12-18 08:20:03'),(2670,'Support for intention driven cloud government entitlement services',7691,5382,1,NULL,'2015-12-18 08:20:03'),(2671,'An efficient goal oriented risk analysis in requirement engineering',7692,5568,1,NULL,'2015-12-18 08:20:03'),(2672,'Security requirements engineering for socio-technical systems',7693,5469,1,NULL,'2015-12-18 08:20:03'),(2673,'A method for eliciting goals for business process models based on non-functional requirements catalogues',7694,5307,1,NULL,'2015-12-18 08:20:03'),(2674,'Analyzing the use of an enterprise model as a stakeholder requirements model: An experiment',7695,5230,1,NULL,'2015-12-18 08:20:03'),(2675,'Requirements engineering meets physiotherapy: An experience with motion-based games',7696,5469,1,NULL,'2015-12-18 08:20:03'),(2676,'Navigation approaches for mobile robots - past, present and possible future advances [Navigationsverfahren für mobile roboter - Ein blick in vergangenheit, gegenwart und zukunft]',7697,5239,1,NULL,'2015-12-18 08:20:03'),(2677,'Objective evaluation of software architectures in driver assistance systems: Methods-quality model-metrics',7698,5277,1,NULL,'2015-12-18 08:20:03'),(2678,'Using i* to capture consumer preferences as requirements for software product lines',7699,5255,1,NULL,'2015-12-18 08:20:03'),(2679,'Analysing user feedback and finding experts: Can goal-orientation help?',7700,5255,1,NULL,'2015-12-18 08:20:03'),(2680,'Towards unification of requirements engineering approaches using semantics-based process',7701,5312,1,NULL,'2015-12-18 08:20:03'),(2681,'Uncertainty in goal and law modeling and analysis',7702,5255,1,NULL,'2015-12-18 08:20:03'),(2682,'Hierarchies for embodied action perception',7703,5270,1,NULL,'2015-12-18 08:20:03'),(2683,'Improved GRL modeling and analysis with jUCMNav 5',7704,5255,1,NULL,'2015-12-18 08:20:03'),(2684,'Efficient search for web browsing recipes',7705,5516,1,NULL,'2015-12-18 08:20:03'),(2685,'Goal-oriented security requirements analysis for a system used in several different activities',7706,5448,1,NULL,'2015-12-18 08:20:03'),(2686,'Legal requirements analysis and modeling with the measured compliance profile for the goal-oriented requirement language',7707,5187,1,NULL,'2015-12-18 08:20:03'),(2687,'Ubiquitous, pervasive and mobile computing: A reusable-models-based non-functional catalogue',7708,5255,1,NULL,'2015-12-18 08:20:03'),(2688,'Using tranformation rules to align requirements and archictectural models',7709,5497,1,NULL,'2015-12-18 08:20:03'),(2689,'Modeling car crash management with KAOS',7710,5183,1,NULL,'2015-12-18 08:20:03'),(2690,'Ontology and goal model in designing BDI multi-agent systems',7711,5255,1,NULL,'2015-12-18 08:20:03'),(2691,'Goals and scenarios to software product lines: The GS2SPL approach',7712,5255,1,NULL,'2015-12-18 08:20:03'),(2692,'Model contextual variability for agents using goals and commitments',7713,5255,1,NULL,'2015-12-18 08:20:03'),(2693,'On the use of goal models and business process models for elicitation of system requirements',7714,5448,1,NULL,'2015-12-18 08:20:03'),(2694,'Capturing and representing values for requirements of Personal Health Records',7715,5255,1,NULL,'2015-12-18 08:20:03'),(2695,'Towards a goal-oriented taxonomy for crowdsourcing initiatives',7716,5571,1,NULL,'2015-12-18 08:20:03'),(2696,'Design and evaluation of a mobilebased cultivation planning application for empowering Sri Lankan farmers',7717,5571,1,NULL,'2015-12-18 08:20:03'),(2697,'Kaos4SOA - Extending KAOS models with temporal and logical dependencies',7718,5255,1,NULL,'2015-12-18 08:20:03'),(2698,'The unified requirements modeling language: Shifting the focus to early requirements elicitation',7719,5183,1,NULL,'2015-12-18 08:20:03'),(2699,'A quantitative approach using goal-oriented requirements engineering methodology and analytic hierarchy process in selecting the best alternative',7720,5227,1,NULL,'2015-12-18 08:20:03'),(2700,'Using i* to represent OSS ecosystems for risk assessment',7721,5255,1,NULL,'2015-12-18 08:20:03'),(2701,'Towards a semantic alignment of the ArchiMate Motivation Extension and the Goal-Question-Metric approach',7722,5255,1,NULL,'2015-12-18 08:20:03'),(2702,'A bi-directional mapping between i∗ and BPMN models in the context of business process management',7723,5255,1,NULL,'2015-12-18 08:20:03'),(2703,'Analyzing early requirements of cyber-physical systems through structure and goal modeling',7724,5511,1,NULL,'2015-12-18 08:20:03'),(2704,'SecuriTAS: A tool for engineering adaptive security',7725,5581,1,NULL,'2015-12-18 08:20:03'),(2705,'Context-based requirement modeling for self-adaptive service software',7726,5413,1,NULL,'2015-12-18 08:20:03'),(2706,'Architecture for convegence mobile cooperation service using components integration',7727,5468,1,NULL,'2015-12-18 08:20:03'),(2707,'One approach to take into account goals in non-functional abstract Event-B specification [Une approche pour la prise en compte des buts non fonctionnels dans les spécifications abstraites Event-B]',7728,5374,1,NULL,'2015-12-18 08:20:03'),(2708,'Goal-oriented robustness analysis',7729,5309,1,NULL,'2015-12-18 08:20:03'),(2709,'Concurrent view modeling for software risk management at early development stage',7730,5599,1,NULL,'2015-12-18 08:20:03'),(2710,'Modelling situation awareness information and system requirements for the mission using Goal-Oriented task analysis approach',7731,5645,1,NULL,'2015-12-18 08:20:03'),(2711,'Goal driven approach to model interaction between viewpoints of a multi-view KDD process',7732,5383,1,NULL,'2015-12-18 08:20:03'),(2712,'Addressing OWL ontology for goal consistency checking',7733,5215,1,NULL,'2015-12-18 08:20:03'),(2713,'Model-driven organisational reengineering A framework to support organisational improvement',7734,5198,1,NULL,'2015-12-18 08:20:03'),(2714,'Semantic based customer-goal mapping technique: The organizational perspective',7735,5615,1,NULL,'2015-12-18 08:20:03'),(2715,'Goal-based requirements elicitation for service reuse in cloud computing',7736,5656,1,NULL,'2015-12-18 08:20:03'),(2716,'Using goal modeling to improve the instructional system design process',7737,5598,1,NULL,'2015-12-18 08:20:03'),(2717,'Mobile application development using component features and inheritance',7738,5265,1,NULL,'2015-12-18 08:20:03'),(2718,'Model-based framework for integrated evolution of business and IT changes: Integrated evolution of business and IT changes',7739,5323,1,NULL,'2015-12-18 08:20:03'),(2719,'Towards a theoretical foundation for the harmonization of linked data',7740,5468,1,NULL,'2015-12-18 08:20:03'),(2720,'Preface to the Fourth International Workshop on Requirements, Intentions, and Goals in Conceptual Modeling (RIGiM 2012)',7741,5468,1,NULL,'2015-12-18 08:20:03'),(2721,'An algorithm for detecting conflict between contribution and validity on customers\' needs',7742,5278,1,NULL,'2015-12-18 08:20:03'),(2722,'Validation of user intentions in process models',7743,5468,1,NULL,'2015-12-18 08:20:03'),(2723,'Collaborative modelling of reflection to inform the development and evaluation of work-based learning technologies',7744,5215,1,NULL,'2015-12-18 08:20:03'),(2724,'DGECS: Description generator for evolved circuits synthesis',7745,5565,1,NULL,'2015-12-18 08:20:03'),(2725,'The i* framework: The way ahead',7746,5530,1,NULL,'2015-12-18 08:20:03'),(2726,'An integration platform for it-for-green: Integrating energy awareness in daily business decisions and business systems',7747,5646,1,NULL,'2015-12-18 08:20:03'),(2727,'Designing semantic game worlds',7748,5200,1,NULL,'2015-12-18 08:20:03'),(2728,'Service discovery and recommendation in rough hierarchical granular space',7749,5225,1,NULL,'2015-12-18 08:20:03'),(2729,'Summary of the second international workshop on models and evolution',7750,5468,1,NULL,'2015-12-18 08:20:03'),(2730,'Design and evaluation of the goal-oriented design knowledge library framework',7751,5215,1,NULL,'2015-12-18 08:20:03'),(2731,'Modeling rationale over time to support product line evolution planning',7752,5215,1,NULL,'2015-12-18 08:20:03'),(2732,'Role of safety and product integrity',7753,5480,1,NULL,'2015-12-18 08:20:03'),(2733,'Revisiting goal-oriented requirements engineering with a regulation view',7754,5447,1,NULL,'2015-12-18 08:20:03'),(2734,'Goal flow diagram (GFD) - A model to derive use cases and a means for the elicitation and tracing of stakeholder goals',7755,5575,1,NULL,'2015-12-18 08:20:03'),(2735,'Modeling and analyzing agents\' collective options in collaborative decision making situations using the constrained rationality framework',7756,5285,1,NULL,'2015-12-18 08:20:03'),(2736,'An extension of i; to model CSCW requirements applied to a collaborative conference review system',7757,5253,1,NULL,'2015-12-18 08:20:03'),(2737,'Regulation, the invisible part of the goal oriented requirements engineering iceberg',7758,5245,1,NULL,'2015-12-18 08:20:03'),(2738,'Bridging user-centered design and requirements engineering with GRL and persona cases',7759,5253,1,NULL,'2015-12-18 08:20:03'),(2739,'SecTro: A CASE tool for modelling security in requirements engineering using Secure Tropos',7760,5253,1,NULL,'2015-12-18 08:20:03'),(2740,'A goal-oriented representation of service-oriented software design principles',7761,5474,1,NULL,'2015-12-18 08:20:03'),(2741,'An approach to generate tools for i* languages',7762,5501,1,NULL,'2015-12-18 08:20:03'),(2742,'Managing security requirements: Towards better alignment between information systems and business',7763,5476,1,NULL,'2015-12-18 08:20:03'),(2743,'The quest for know-how, know-why, know-what and know-who: Using KAOS for enterprise modelling',7764,5253,1,NULL,'2015-12-18 08:20:03'),(2744,'Issues and challenges in coupling tropos with user-centred design',7765,5253,1,NULL,'2015-12-18 08:20:03'),(2745,'Agile: Automatic generation of i* languages',7766,5141,1,NULL,'2015-12-18 08:20:03'),(2746,'To comply software and IT system development with related laws',7767,5253,1,NULL,'2015-12-18 08:20:03'),(2747,'Towards adaptive systems through requirements@runtime?',7768,5253,1,NULL,'2015-12-18 08:20:03'),(2748,'Improving the component discovery process by leveraging automatic sensitive analysis',7769,5505,1,NULL,'2015-12-18 08:20:03'),(2749,'A goal oriented approach to identify and configure feature models for software product lines',7770,5141,1,NULL,'2015-12-18 08:20:03'),(2750,'Modeling knowledge for user-centric energy cost analysis of industrial automation systems',7771,5170,1,NULL,'2015-12-18 08:20:03'),(2751,'A decision making ontology building process for analytical requirements elicitation',7772,5478,1,NULL,'2015-12-18 08:20:03'),(2752,'A framework based on OWL-S for healthcare information provision',7773,5174,1,NULL,'2015-12-18 08:20:03'),(2753,'Modeling business strategy: A meta-model of strategy maps and balanced scorecards',7774,5529,1,NULL,'2015-12-18 08:20:03'),(2754,'Establishing information system compliance: An argumentation-based framework',7775,5529,1,NULL,'2015-12-18 08:20:03'),(2755,'Adapting goal oriented approaches in requirement engineering of Inter-Organizational Information System',7776,5529,1,NULL,'2015-12-18 08:20:03'),(2756,'Agile process management in an industrial R & D department',7777,5264,1,NULL,'2015-12-18 08:20:03'),(2757,'GOREWEB framework for Goal Oriented Requirements Engineering of Web Applications',7778,5264,1,NULL,'2015-12-18 08:20:03'),(2758,'From requirements to architecture for software product lines',7779,5509,1,NULL,'2015-12-18 08:20:03'),(2759,'GoPoMoSA: A goal-oriented process modeling and simulation advisor',7780,5541,1,NULL,'2015-12-18 08:20:03'),(2760,'Visualizing stakeholder concerns with anchored map',7781,5467,1,NULL,'2015-12-18 08:20:03'),(2761,'Requirement analysis for data warehouses based on the tropos',7782,5172,1,NULL,'2015-12-18 08:20:03'),(2762,'Models and evolution - ME2010',7783,5467,1,NULL,'2015-12-18 08:20:03'),(2763,'Requirements engineering process improvement: An industrial case study',7784,5467,1,NULL,'2015-12-18 08:20:03'),(2764,'Computing with enhanced test suite reduction heuristic',7785,5264,1,NULL,'2015-12-18 08:20:03'),(2765,'Evolution of goal-driven pattern families for business process modeling',7786,5446,1,NULL,'2015-12-18 08:20:03'),(2766,'VAMEE: A value aware method for evaluating inclusive e-government initiatives',7787,5446,1,NULL,'2015-12-18 08:20:03'),(2767,'A Runtime evaluation methodology and framework for autonomic systems',7788,5175,1,NULL,'2015-12-18 08:20:03'),(2768,'Towards an approach for stakeholder-oriented elicitation and identification of concerns in EA',7789,5446,1,NULL,'2015-12-18 08:20:03'),(2769,'From goal models to three-layer web-based systems: An exploratory study',7790,5165,1,NULL,'2015-12-18 08:20:03'),(2770,'Exploring the tension between user\'s and main stakeholder\'s goals: The role of client scenarios',7791,5165,1,NULL,'2015-12-18 08:20:03'),(2771,'Analyzing interoperability requirements for adaptive service-based applications: A goal-oriented approach',7792,5525,1,NULL,'2015-12-18 08:20:03'),(2772,'Definition and uses of the i* Metamodel',7793,5252,1,NULL,'2015-12-18 08:20:03'),(2773,'Intentional perspectives on information systems engineering',7794,5378,1,NULL,'2015-12-18 08:20:03'),(2774,'Workflow analysis as tool for development of medical devices, a white paper',7795,5665,1,NULL,'2015-12-18 08:20:03'),(2775,'A bit of \"persona\", a bit of \"goal\", a bit of \"process\" ... a recipe for analyzing user intensive software systems',7796,5252,1,NULL,'2015-12-18 08:20:03'),(2776,'From i* To OO-Method: Problems and solutions',7797,5252,1,NULL,'2015-12-18 08:20:03'),(2777,'From i models to service oriented architecture models',7798,5574,1,NULL,'2015-12-18 08:20:03'),(2778,'Viewpoints and goals: Towards an integrated approach',7799,5258,1,NULL,'2015-12-18 08:20:03'),(2779,'Evaluation of the goal-oriented requirements engineering method KAOS',7800,5145,1,NULL,'2015-12-18 08:20:03'),(2780,'Corporatizing open source software innovation in the plone community',7801,5145,1,NULL,'2015-12-18 08:20:03'),(2781,'The design and realization of three-dimensional visual stimulator for brain-computer interface',7802,5313,1,NULL,'2015-12-18 08:20:03'),(2782,'G2SPL: A goal-oriented requirement engineering process for software product lines [G2SPL: Um processo de engenharia de requisitos orientada a objetivos para linhas de produtos de software]',7803,5140,1,NULL,'2015-12-18 08:20:03'),(2783,'A goal-driven self-adaptive software system framework based on agent',7804,5412,1,NULL,'2015-12-18 08:20:03'),(2784,'The evolution of tropos: Contexts, commitments and adaptivity',7805,5252,1,NULL,'2015-12-18 08:20:03'),(2785,'Service discovery and recommendation in rough hierarchical granular computing',7806,5489,1,NULL,'2015-12-18 08:20:03'),(2786,'Actor decomposition rules based on goal dependency',7807,5579,1,NULL,'2015-12-18 08:20:03'),(2787,'Towards a framework for business process compliance',7808,5518,1,NULL,'2015-12-18 08:20:03'),(2788,'Goal-oriented security threat mitigation patterns',7809,5214,1,NULL,'2015-12-18 08:20:03'),(2789,'Beyond requirements: An approach to integrate i* and model-driven development',7810,5258,1,NULL,'2015-12-18 08:20:03'),(2790,'A goal-oriented requirements engineering method for business processes',7811,5252,1,NULL,'2015-12-18 08:20:03'),(2791,'Assessing project effort in requirements engineering: A report on design research in progress',7812,5466,1,NULL,'2015-12-18 08:20:03'),(2792,'KAOS-β: A goal-oriented process model for EIS',7813,5578,1,NULL,'2015-12-18 08:20:03'),(2793,'Conversations in context: A Twitter case for social media systems design',7814,5214,1,NULL,'2015-12-18 08:20:03'),(2794,'An adaptive architecture of the networked software',7815,5166,1,NULL,'2015-12-18 08:20:03'),(2795,'ERP software requirement elicitation with reference models',7816,5196,1,NULL,'2015-12-18 08:20:03'),(2796,'Goal oriented requirement analysis for teleteaching system',7817,5406,1,NULL,'2015-12-18 08:20:03'),(2797,'A UML based deployment and management modeling for cooperative and distributed applications',7818,5658,1,NULL,'2015-12-18 08:20:03'),(2798,'Improving traceability between KAOS requirements models and B specifications',7819,5466,1,NULL,'2015-12-18 08:20:03'),(2799,'Goal-oriented software security engineering: The electronic smart card case study',7820,5482,1,NULL,'2015-12-18 08:20:03'),(2800,'Goal sketching and the business case',7821,5202,1,NULL,'2015-12-18 08:20:03'),(2801,'User goal-oriented requirements elicitation to improve acceptance and use: A case study on document management',7822,5440,1,NULL,'2015-12-18 08:20:03'),(2802,'Semantic-based aspect interaction detection with goal models (position paper)',7823,5302,1,NULL,'2015-12-18 08:20:03'),(2803,'Stakeholder oriented analysis for information intensive applications a case study research-in-progress',7824,5318,1,NULL,'2015-12-18 08:20:03'),(2804,'Identifying vulnerabilities and critical requirements using criminal court proceedings',7825,5588,1,NULL,'2015-12-18 08:20:03'),(2805,'A case-based service request interpretation approach for digital homes',7826,5284,1,NULL,'2015-12-18 08:20:03'),(2806,'Comparing GORE frameworks: I-star and KAOS',7827,5548,1,NULL,'2015-12-18 08:20:03'),(2807,'On the restriction of conceptual modeling - Outlining an approach to enable business driven SOA',7828,5143,1,NULL,'2015-12-18 08:20:03'),(2808,'Towards requirements elicitation in service-oriented business networks using value and goal modelling',7829,5322,1,NULL,'2015-12-18 08:20:03'),(2809,'Early phase requirements assessment of a teletreatment trial',7830,5588,1,NULL,'2015-12-18 08:20:03'),(2810,'Monitoring and diagnosing malicious attacks with autonomic software',7831,5465,1,NULL,'2015-12-18 08:20:03'),(2811,'The explore of the law role in software requirements engineering',7832,5407,1,NULL,'2015-12-18 08:20:03'),(2812,'Towards a unified framework for contextual variability in requirements',7833,5162,1,NULL,'2015-12-18 08:20:03'),(2813,'From early requirements to late requirements modeling for a data warehouse',7834,5473,1,NULL,'2015-12-18 08:20:03'),(2814,'Towards merging goal models of networked software',7835,5570,1,NULL,'2015-12-18 08:20:03'),(2815,'ELICERE: A process for defining dependability goals for critical computer systems',7836,5149,1,NULL,'2015-12-18 08:20:03'),(2816,'Language modeling and dialog management for address recognition',7837,5594,1,NULL,'2015-12-18 08:20:03'),(2817,'Collaborative social modeling for designing a patient wellness tracking system in a nurse-managed health care center',7838,5573,1,NULL,'2015-12-18 08:20:03'),(2818,'A requirements-driven and aspect-oriented approach for evolution of web services composition',7839,5557,1,NULL,'2015-12-18 08:20:03'),(2819,'Heterogeneous pointcut expressions',7840,5559,1,NULL,'2015-12-18 08:20:03'),(2820,'Supporting variability in goal-based requirements',7841,5558,1,NULL,'2015-12-18 08:20:03'),(2821,'Modeling tasks temporal relations based on transferability closure',7842,5670,1,NULL,'2015-12-18 08:20:03'),(2822,'New business process model in web service environment',7843,5411,1,NULL,'2015-12-18 08:20:03'),(2823,'Actor relationship analysis for the i* framework',7844,5444,1,NULL,'2015-12-18 08:20:03'),(2824,'Designing UML diagrams using goal-based concepts',7845,5150,1,NULL,'2015-12-18 08:20:03'),(2825,'Software self-reconfiguration: A BDI-based approach',7846,5618,1,NULL,'2015-12-18 08:20:03'),(2826,'Non-monotonic modelling from initial requirements',7847,5538,1,NULL,'2015-12-18 08:20:03'),(2827,'Goal-Oriented Requirements Communication in New Product Development',7848,5155,1,NULL,'2015-12-18 08:20:03'),(2828,'Multi-agent abstractions and organizations and the i* framework',7849,5250,1,NULL,'2015-12-18 08:20:03'),(2829,'Modeling software product lines with AoURN',7850,5212,1,NULL,'2015-12-18 08:20:03'),(2830,'Megore: Multimedia enhanced goal-oriented requirement elicitation experience in China',7851,5156,1,NULL,'2015-12-18 08:20:03'),(2831,'Using EEML for combined goal and process oriented modeling: A case study',7852,5250,1,NULL,'2015-12-18 08:20:03'),(2832,'AGFL - Agent goals from lexicon - Eliciting multi-agent systems intentionality',7853,5250,1,NULL,'2015-12-18 08:20:03'),(2833,'ASREF: An adaptive service requirements elicitation framework based on goal-oriented modelling',7854,5472,1,NULL,'2015-12-18 08:20:03'),(2834,'Goal Models as architectural knowledge',7855,5538,1,NULL,'2015-12-18 08:20:03'),(2835,'Requirements engineering education for professional engineers',7856,5308,1,NULL,'2015-12-18 08:20:03'),(2836,'A UML profile for modelling measurable requirements',7857,5464,1,NULL,'2015-12-18 08:20:03'),(2837,'Goal-oriented authoring approach and design of learning systems',7858,5464,1,NULL,'2015-12-18 08:20:03'),(2838,'Using common criteria as reusable knowledge in security requirements elicitation',7859,5250,1,NULL,'2015-12-18 08:20:03'),(2839,'A goal method for conceptual data warehouse design',7860,5316,1,NULL,'2015-12-18 08:20:03'),(2840,'Requirements engineering for distributed development using software agents',7861,5464,1,NULL,'2015-12-18 08:20:03'),(2841,'A goal-oriented authoring approach to design, share and reuse learning scenarios',7862,5250,1,NULL,'2015-12-18 08:20:03'),(2842,'A process for goal oriented requirement engineering',7863,5600,1,NULL,'2015-12-18 08:20:03'),(2843,'Modeling and reasoning intentional changes and their effects in social-technical systems with a goal-oriented approach',7864,5157,1,NULL,'2015-12-18 08:20:03'),(2844,'Perspective on information requirement determination practices in Kuwait: Familiarity, usage and perceived value',7865,5209,1,NULL,'2015-12-18 08:20:03'),(2845,'Telos: representing knowledge about control systems?',7866,5153,1,NULL,'2015-12-18 08:20:03'),(2846,'Towards goal-oriented development of self-adaptive systems',7867,5538,1,NULL,'2015-12-18 08:20:03'),(2847,'Analyze the requirement of product rendering software based on goal-oriented design method',7868,5207,1,NULL,'2015-12-18 08:20:03'),(2848,'Improving the syntax and semantics of goal modelling languages',7869,5250,1,NULL,'2015-12-18 08:20:03'),(2849,'Indirect control path analysis and goal coverage strategies for elaborating system safety goals in composite systems',7870,5549,1,NULL,'2015-12-18 08:20:03'),(2850,'Software agents oriented approach to warehouse management systems design',7871,5147,1,NULL,'2015-12-18 08:20:03'),(2851,'Goal oriented edge detection',7872,5154,1,NULL,'2015-12-18 08:20:03'),(2852,'Formal derivation of security design specifications from security requirements',7873,5286,1,NULL,'2015-12-18 08:20:03'),(2853,'Goal oriented edge detection [Amaca yönelik ayrit saptama]',7874,5158,1,NULL,'2015-12-18 08:20:03'),(2854,'Using variants in KAOS goal modelling',7875,5316,1,NULL,'2015-12-18 08:20:03'),(2855,'Case for enriching developer\'s toolkit with goal oriented requirement methodologies',7876,5247,1,NULL,'2015-12-18 08:20:03'),(2856,'Supporting evolving multi-agent systems with a system evolution directory',7877,5595,1,NULL,'2015-12-18 08:20:03'),(2857,'Deriving non-zeno behavior models from goal models using ILP',7878,5464,1,NULL,'2015-12-18 08:20:03'),(2858,'Goal-oriented requirements analysis for clarifying the meaning and value of information technology',7879,5475,1,NULL,'2015-12-18 08:20:03'),(2859,'Refining goal models by evaluating system behaviour',7880,5464,1,NULL,'2015-12-18 08:20:03'),(2860,'Towards controllable requirements engineering processes based on cybernetics',7881,5522,1,NULL,'2015-12-18 08:20:03'),(2861,'Social modeling for system security',7882,5522,1,NULL,'2015-12-18 08:20:03'),(2862,'An ontology for requirements',7883,5463,1,NULL,'2015-12-18 08:20:03'),(2863,'How the \"what\" becomes the \"how\"',7884,5657,1,NULL,'2015-12-18 08:20:03'),(2864,'Applying requirements monitoring for autonomic computing in a combat management system',7885,5244,1,NULL,'2015-12-18 08:20:03'),(2865,'A visualization technique for agent based goal refinement to elicit soft goals in goal oriented requirements engineering',7886,5197,1,NULL,'2015-12-18 08:20:03'),(2866,'Data quality by design - A goal-oriented approach: Research in progress',7887,5555,1,NULL,'2015-12-18 08:20:03'),(2867,'Driving system development process from strategic goals to requirements specification',7888,5146,1,NULL,'2015-12-18 08:20:03'),(2868,'A meta-model for requirements variability analysis: Application to tool generation and model composition',7889,5321,1,NULL,'2015-12-18 08:20:03'),(2869,'Visualizing the analysis of dynamically adaptive systems using i* and DSLs',7890,5197,1,NULL,'2015-12-18 08:20:03'),(2870,'Towards bridging the gap between goal-oriented requirements engineering and compositional architecture development',7891,5514,1,NULL,'2015-12-18 08:20:03'),(2871,'A cognitive psychology approach for balancing elicitation goals',7892,5576,1,NULL,'2015-12-18 08:20:03'),(2872,'Using antimodels to define agents\' strategy',7893,5463,1,NULL,'2015-12-18 08:20:03'),(2873,'Goal-aligned requirements generation',7894,5463,1,NULL,'2015-12-18 08:20:03'),(2874,'From a goal-oriented methodology to a BDI agent language: The case of Tropos and alan',7895,5463,1,NULL,'2015-12-18 08:20:03'),(2875,'Experimental evaluation of a lightweight method for augmenting requirements analysis',7896,5477,1,NULL,'2015-12-18 08:20:03'),(2876,'Goal-oriented automatic test case generators for mc/dc compliancy',7897,5321,1,NULL,'2015-12-18 08:20:03'),(2877,'Representing requirement relationships',7898,5303,1,NULL,'2015-12-18 08:20:03'),(2878,'General or universal traceability along the supply chain [Durchgängige Rückverfolgbarkeit Entlang der Supply-Chain]',7899,5673,1,NULL,'2015-12-18 08:20:03'),(2879,'GOREMOCH: A distributed goal-oriented policy refinement environment',7900,5335,1,NULL,'2015-12-18 08:20:03'),(2880,'Ontological analysis of KAOS using separation of reference',7901,5249,1,NULL,'2015-12-18 08:20:03'),(2881,'Process support for agile Requirements Modeling and maintenance of E-projects',7902,5238,1,NULL,'2015-12-18 08:20:03'),(2882,'Integrating goals and problem frames in requirements analysis',7903,5609,1,NULL,'2015-12-18 08:20:03'),(2883,'Inferring operational requirements from scenarios and goal models using inductive learning',7904,5537,1,NULL,'2015-12-18 08:20:03'),(2884,'A report on the Eighth ACM International Workshop on Data Warehousing and OLAP (DOLAP\'05)',7905,5644,1,NULL,'2015-12-18 08:20:03'),(2885,'Goal-oriented requirements engineering, part II',7906,5609,1,NULL,'2015-12-18 08:20:03'),(2886,'GOMOSCE: Scenario-driven goal modelling for complex systems',7907,5624,1,NULL,'2015-12-18 08:20:03'),(2887,'Software architecture generation on UML',7908,5462,1,NULL,'2015-12-18 08:20:03'),(2888,'Goal-oriented design of domain control panels',7909,5462,1,NULL,'2015-12-18 08:20:03'),(2889,'Systematic construction of goal-oriented COTS taxonomies',7910,5249,1,NULL,'2015-12-18 08:20:03'),(2890,'Requirements variability models: Meta-model based transformations',7911,5211,1,NULL,'2015-12-18 08:20:03'),(2891,'The use case specification of actions in the goal oriented knowledge based learning environment',7912,5151,1,NULL,'2015-12-18 08:20:03'),(2892,'Quantifying the evolution of goals in requirements engineering: A study on the quality assurance review assistant tool',7913,5144,1,NULL,'2015-12-18 08:20:03'),(2893,'Staffing for software inspections - An empirical study',7914,5601,1,NULL,'2015-12-18 08:20:03'),(2894,'Opportunity tree framework design for quality and delivery of software product',7915,5461,1,NULL,'2015-12-18 08:20:03'),(2895,'Multi-perspective requirements engineering for networked business systems: A framework for pattern composition',7916,5666,1,NULL,'2015-12-18 08:20:03'),(2896,'Agent/goal orientation versus object orientation for requirements engineering: A practical evaluation using an exemplar',7917,5666,1,NULL,'2015-12-18 08:20:03'),(2897,'A template-based analysis of GRL',7918,5248,1,NULL,'2015-12-18 08:20:03'),(2898,'A goal-oriented metamodel to specify the requirements of a domain [Un métamodéle orienté buts pour spécifier les besoins d\'un domaine]',7919,5373,1,NULL,'2015-12-18 08:20:03'),(2899,'Involving End Users in Requirements Elicitation and Goal-Oriented Analysis',7920,5311,1,NULL,'2015-12-18 08:20:03'),(2900,'An agent and goal-oriented approach for virtual enterprise modelling: A case study',7921,5442,1,NULL,'2015-12-18 08:20:03'),(2901,'A context-aware user-adaptive supporting system for goal-oriented requirements elicitation process',7922,5315,1,NULL,'2015-12-18 08:20:03'),(2902,'Requirements engineering repositories: Formal support for informal teamwork methods',7923,5457,1,NULL,'2015-12-18 08:20:03'),(2903,'Modeling command entities',7924,5354,1,NULL,'2015-12-18 08:20:03'),(2904,'Analysis for reuse and maintenance: A program for experimentation',7925,5282,1,NULL,'2015-12-18 08:20:03'),(2905,'Towards adaptive scheduling of tasks in transactional workflows',7926,5667,1,NULL,'2015-12-18 08:20:03'),(2906,'Adaptation and robustness in control systems',7927,5414,1,NULL,'2015-12-18 08:20:03'),(2907,'Operator as a purposive system: A new approach to human factors',7928,5612,1,NULL,'2015-12-18 08:20:03');

--
